{"id":454,"date":"2020-12-06T15:54:57","date_gmt":"2020-12-06T14:54:57","guid":{"rendered":"https:\/\/www.uhrenankauf365.de\/uhr-verkaufen\/?page_id=454"},"modified":"2024-08-04T11:35:47","modified_gmt":"2024-08-04T09:35:47","slug":"ankauf-rolex-oyster-perpetual-day-date","status":"publish","type":"page","link":"https:\/\/www.uhrenankauf365.de\/uhr-verkaufen\/ankauf-rolex-oyster-perpetual-day-date\/","title":{"rendered":"Ankauf Rolex Oyster Perpetual Day-Date &#8211; jetzt verkaufen!"},"content":{"rendered":"\n<p id=\"u26142-5\">Die Rolex Oyster Perpetual Day-Date ist eine Uhr mit relativ langer Historie, daher gibt es viele verschiedene Modelle und Ausf\u00fchrungen \u2013 aktuell und Vintage. Die Luxusuhr mit Wochentags- und Datumsanzeige ist sehr beliebt, so dass auch viele Prominente den Chronometer in der \u00d6ffentlichkeit tragen und trugen.<\/p>\n\n\n\n<p id=\"u26142-10\">Was haben Horst Tappert alias Stephan Derrick, Franklin D. Roosevelt, John F. Kennedy und Papst Johannes Paul II. und der hanseatische Vollkaufmann gemeinsam? Sie alle trugen eine Rolex Day-Date aus massivem Gold. Wenn Sie eine solche Uhr verkaufen m\u00f6chten, kontaktieren Sie uns gerne \u00fcber das <a href=\"https:\/\/www.uhrenankauf365.de\/uhr-verkaufen\/ankaufsformular\/\">Ankaufsformular Uhren<\/a>.<\/p>\n\n\n\n<p>Bereits seit 1956 wird die Rolex Oyster Perpetual Day-Date produziert. Das erste Modell, die goldfarbene \/ goldene 18k &#8211; 750er Gold Day-Date, war mit einem Pr\u00e4sident-Band und mit dem legend\u00e4ren Knickblatt versehen. Diese Bl\u00e4tter mit einer vertieften Minuterie wurden bis in die 1970er Jahre verwendet. Aufgrund des verwendeten Pr\u00e4sidentbands geht diese Uhr auch als \u201e<strong>Rolex President<\/strong>\u201c in die Geschichte ein, speziell in den USA.<\/p>\n\n\n<div class=\"wp-bootstrap-blocks-row row\">\n\t\n\n<div class=\"col-12 col-md-6\">\n\t\t\t\n\n<p>A propos USA: Es geht der Mythos um, dass Marilyn Monroe, die eine Aff\u00e4re mit dem Pr\u00e4sidenten John F. Kennedy gehabt hat, ihrem Geliebten eine Oyster Perpetual Day-Date mit der Gravur \u201eJack \/ with love as always \/ Marilyn \/ May 29th 1962\u201c geschenkt hat. Da dieser jedoch auf seinen Ruf achten musste, konnte er das Geschenk zwar annehmen aber nicht behalten, so dass ein Angestellter die Uhr erhielt. 2005 wurde sie f\u00fcr 120.000 USD versteigert, obwohl es sich nur um einen Mythos handelt und der Wahrheitsgehalt dieser Geschichte nicht bekannt ist.<\/p>\n\n\t<\/div>\n\n\n\n<div class=\"col-12 col-md-6\">\n\t\t\t\n\n<figure class=\"wp-block-image size-large\"><img loading=\"lazy\" decoding=\"async\" width=\"600\" height=\"290\" src=\"https:\/\/www.uhrenankauf365.de\/uhr-verkaufen\/wp-content\/uploads\/2020\/12\/rolex_day_date_platin.jpg\" alt=\"ROLEX DAY-DATE &quot;Baguette&quot; Chronometer in 950 Platin\" class=\"wp-image-455\" srcset=\"https:\/\/www.uhrenankauf365.de\/uhr-verkaufen\/wp-content\/uploads\/2020\/12\/rolex_day_date_platin.jpg 600w, https:\/\/www.uhrenankauf365.de\/uhr-verkaufen\/wp-content\/uploads\/2020\/12\/rolex_day_date_platin-300x145.jpg 300w\" sizes=\"auto, (max-width: 600px) 100vw, 600px\" \/><figcaption>ROLEX DAY-DATE &#8222;Baguette&#8220; Chronometer in 950 Platin<\/figcaption><\/figure>\n\n\t<\/div>\n\n<\/div>\n\n\n\n<p>Von 1988 bis 2015 verbaute Rolex den Kaliber 3155-Antrieb mit 48 Stunden Gangreserve, 31 Rubinen, Sto\u00dfsicherung und den typischen rot eloxierten Reduktionsr\u00e4dern.<\/p>\n\n\n\n<p>W\u00e4hrend Armbanduhren bis dato eher ohne oder mit stark begrenzter Kalenderfunktion versehen waren, pr\u00e4sentierte Rolex 1945 mit der Oyster Date ein revolution\u00e4res Modell, das den Wochentag zus\u00e4tzlich zu Uhrzeit und Datum zeigen konnte. Auch die Tatsache, dass bereits seit 1931 die meisten Rolex-Modelle mit einer Automatik ausgestattet waren und der Handaufzug somit entfiel, d\u00fcrfte mit daf\u00fcr verantwortlich sein, dass die Oyster Date ein sehr beliebtes und h\u00e4ufig gekauftes Modell wurde.<\/p>\n\n\n<div class=\"wp-bootstrap-blocks-row row\">\n\t\n\n<div class=\"col-12 col-md-6\">\n\t\t\t\n\n<figure class=\"wp-block-image size-large\"><img loading=\"lazy\" decoding=\"async\" width=\"440\" height=\"500\" src=\"https:\/\/www.uhrenankauf365.de\/uhr-verkaufen\/wp-content\/uploads\/2020\/12\/rolex_day_date_gelbgold.jpg\" alt=\"ROLEX DAY-DATE Chronometer in 18k Gelbgold | Referenz 18238\" class=\"wp-image-458\" srcset=\"https:\/\/www.uhrenankauf365.de\/uhr-verkaufen\/wp-content\/uploads\/2020\/12\/rolex_day_date_gelbgold.jpg 440w, https:\/\/www.uhrenankauf365.de\/uhr-verkaufen\/wp-content\/uploads\/2020\/12\/rolex_day_date_gelbgold-264x300.jpg 264w\" sizes=\"auto, (max-width: 440px) 100vw, 440px\" \/><figcaption>ROLEX DAY-DATE Chronometer in 18k Gelbgold | Referenz 18238<\/figcaption><\/figure>\n\n\t<\/div>\n\n\n\n<div class=\"col-12 col-md-6\">\n\t\t\t\n\n<p>Einziger Wehrmutstropfen: Die Geh\u00e4use sind nur schwer wasserdicht zu bekommen, da die integrierten Korrekturdr\u00fccker eine gro\u00dfe Herausforderung f\u00fcr die Beibehaltung des Oyster-Standards sind. Mitte der F\u00fcnfziger Jahre findet Rolex jedoch eine L\u00f6sung daf\u00fcr und stellt die Day Date mit ausgeschriebenem Wochentag (in mehreren Sprachen verf\u00fcgbar), Datum und Automatikwerk in einem wasserdichten Oyster-Geh\u00e4use vor. Dieses Modell wird in tridor gold (gelb- rot- und wei\u00dfgold) und Platin gefertigt und verkauft.<\/p>\n\n\n\n<p>Es wurden \u00fcbrigens nur 6 Prototypen der Day-Date-Uhren in Stahl gefertigt.<\/p>\n\n\n\n<p>Auch heute noch bleibt Rolex dem Ursprungsmodell mit der Oyster Perpetual Day-Date treu. Der ausgeschriebene Wochentag befindet sich in einer der 26 insgesamt verf\u00fcgbaren Sprachen auf der 12-Uhr-Position, wie das Bild der goldgelben Day-Date zeigt. Wie auch bei den Date-Modellen ist das Datum bis drei Uhr dargestellt, dessen Ablesbarkeit durch die Rolex-typische Zykloplupe verbessert wird.<\/p>\n\n\t<\/div>\n\n<\/div>\n\n\n\n<div class=\"container p-4 uak_heller_hintergrund\">\n<div class=\"row mb-4\">\n<div class=\"col-12 col-md-6 text-center\">\n<i class=\"uak365icon fas fa-file-alt\"><\/i><br>\n<div class=\"ankaufschritte_title\">Formular ausf\u00fcllen<\/div>\n<small>Das <a href=\"https:\/\/www.uhrenankauf365.de\/uhr-verkaufen\/ankaufsformular\/\" title=\"Ankaufsformular Uhren\">Ankaufsformular<\/a> erfasst alle wichtigen Angaben zur Armbanduhr, die Sie verkaufen m\u00f6chten und erleichtert die Ermittlung eines fairen Ankaufspreises.<\/small>\n<\/div>\n<div class=\"col-12 col-md-6 text-center\">\n<i class=\"uak365icon far fa-handshake\"><\/i><br>\n<div class=\"ankaufschritte_title\">Angebot erhalten<\/div>\n<small>Wir unterbreiten Ihnen nach Erhalt der Informationen zur Uhr ein Angebot zum Ankauf. Offene Fragen kl\u00e4ren wir vorab.<\/small>\n<\/div>\n<\/div>\n\n\n<div class=\"row\">\n<div class=\"col-12 col-md-6 text-center\">\n<i class=\"uak365icon fas fa-truck-loading\"><\/i><br>\n<div class=\"ankaufschritte_title\">Uhr wird abgeholt<\/div>\n<small>Ein auf Werttransporte spezialisiertes Unternehmen holt die Uhr bei Ihnen ab. Mehr dazu erfahren Sie <a href=\"https:\/\/www.uhrenankauf365.de\/uhr-verkaufen\/ankauf-faq\/\">hier<\/a>.<\/small>\n<\/div>\n<div class=\"col-12 col-md-6 text-center\">\n<i class=\"uak365icon fas fa-euro-sign\"><\/i><br>\n<div class=\"ankaufschritte_title\">Geld erhalten<\/div>\n<small>Nach Pr\u00fcfung der Armbanduhr zahlen wir den vereinbarten Ankaufspreis zuverl\u00e4ssig und schnell auf Ihr Konto aus.\n<\/small>\n<\/div>\n<\/div>\n\n<\/div>\n\n\n<div class=\"wp-bootstrap-blocks-row row mt-4\">\n\t\n\n<div class=\"col-12 col-md-6\">\n\t\t\t\n\n<h3 class=\"wp-block-heading\" id=\"u26192-2\">Vorsicht bei gebrauchten Uhren<\/h3>\n\n\n\n<p id=\"u26192-4\">Die Preise f\u00fcr gebrauchte Rolex-Uhren sind stark abh\u00e4ngig vom Zustand des Geh\u00e4uses, des Armbands und dem Umstand, ob das Original-Zertifikat und die Original-Box im Lieferumfang sind. Nicht fachgerecht aufbereitete Uhren aus Massivgold k\u00f6nnen durch Schleifen und Polieren sowohl Kontur als auch wertvolles Material verloren haben. Uhren, die zur Steigerung des Luxus-Charakters nachtr\u00e4glich von Goldschmieden mit Diamanten verziert wurden, werden von Rolex nicht f\u00fcr den Service angenommen. Das sollte man wissen, wenn man sich f\u00fcr den Kauf einer gebrauchten, nachtr\u00e4glich veredelten Rolex entscheidet.<\/p>\n\n\t<\/div>\n\n\n\n<div class=\"col-12 col-md-6\">\n\t\t\t\n\n<h3 class=\"wp-block-heading\" id=\"u26195-2\">In die Jahre gekommene Goldb\u00e4nder<\/h3>\n\n\n\n<p id=\"u26195-4\">Die massiven Goldb\u00e4nder bzw. deren einzelne Glieder werden mit der Zeit etwas lockerer. Sie bekommen \u201eSpiel\u201c bzw. \u201eStretch\u201c. Der Abstand zwischen den einzelnen Gliedern wird gr\u00f6\u00dfer, das Band wird lockerer. Der Austausch eines kompletten Bands ist direkt bei Rolex m\u00f6glich, allerdings recht teuer. Eine Alternative hierzu stellen Goldschmiede dar, die einzelne Glieder aufarbeiten und dem Band somit wieder mehr Stabilit\u00e4t geben k\u00f6nnen. Unempfindlicher sind im Vergleich zu den Goldb\u00e4ndern jene aus Platin \u2013 was sich nat\u00fcrlich auch im Preis bemerkbar macht.<\/p>\n\n\t<\/div>\n\n<\/div>\n\n\n\n<h3 class=\"wp-block-heading\" id=\"u26235-2\">Die Entwicklung der Rolex Day-Date<\/h3>\n\n\n\n<p id=\"u26235-4\">Wie auch andere Rolex-Modelle wurde die Oyster Perpetual Day-Date mehrfach modifiziert und mit neuer Technik ausgestattet. Schon ein Jahr nach der offiziellen Vorstellung der Uhr wurde das Kaliber 1055 als Automatikwerk eingef\u00fchrt, das erstmals die Feinregulierung \u00fcber die (bis heute noch verwendeten) Microstella-Schrauben auf dem Unruhereif realisierte. Rolex f\u00fchrte hiermit auch den Schriftzug \u201eSuperlative Chronometer Officially Certified\u201c ein, um die Technik von au\u00dfen erkennbar zu machen. Viel entwickelt wurde auch am Schaltmechanismus f\u00fcr Tag\/Datum. W\u00e4hrend es beim zuerst eingesetzten Kaliber 1030 (Referenz 6511) noch zu Einbr\u00fcchen der Gangwerte rund um den Datumswechsel kam, besserte Rolex mit dem dann verbauten Kaliber 1055 (erstmalig in Referenz 6611 eingesetzt) nach und eliminierte die Probleme.<\/p>\n\n\n\n<p id=\"u26235-7\">Ab 1972 war es m\u00f6glich, die Day-Date mit dem Sekundenstopp noch genauer einzustellen. Ende der 70er Jahre wurde die Datumschnellschaltung (\u201eQuick Set\u201c) eingef\u00fchrt, die bis heute noch verwendet wird. Die Oyster Perpetual Day-Date konnte mit dieser Technik wesentlich bequemer eingestellt werden.<\/p>\n\n\n\n<p id=\"u26235-10\">Im Vergleich zum Innenleben ver\u00e4nderte sich am Geh\u00e4use relativ wenig. Im Laufe der Jahre wurde die Uhr etwas flacher, der Gesamteindruck blieb aber gleich. Erst 2000 stellte Rolex die Oyster Perpetual Day-Date mit glatter \/ polierter \/ bombierter L\u00fcnette vor. Vorher war diese den Platinmodellen sowie Plexi \/ vierstelligen Day-Dates in den 70er- und 80er-Jahren und Ausf\u00fchrungen mit Jubilee- und Oysterband vorbehalten, nun gab es die Day-Date auch im neuen Design.<\/p>\n\n\n\n<p id=\"u26235-13\">Die sp\u00e4ter erschienene Day-Date II war etwas gr\u00f6\u00dfer im Durchmesser, n\u00e4mlich 41 Millimeter statt der bisherigen Gr\u00f6\u00dfe von 36 Millimeter.<\/p>\n\n\n\n<figure class=\"wp-block-image size-large\"><img loading=\"lazy\" decoding=\"async\" width=\"1024\" height=\"315\" src=\"https:\/\/www.uhrenankauf365.de\/uhr-verkaufen\/wp-content\/uploads\/2020\/12\/rolex_day_date_ii_set-1024x315.jpg\" alt=\"Rolex DATE-JUST II mit 41mm Durchmesser\" class=\"wp-image-465\" srcset=\"https:\/\/www.uhrenankauf365.de\/uhr-verkaufen\/wp-content\/uploads\/2020\/12\/rolex_day_date_ii_set-1024x315.jpg 1024w, https:\/\/www.uhrenankauf365.de\/uhr-verkaufen\/wp-content\/uploads\/2020\/12\/rolex_day_date_ii_set-300x92.jpg 300w, https:\/\/www.uhrenankauf365.de\/uhr-verkaufen\/wp-content\/uploads\/2020\/12\/rolex_day_date_ii_set-768x236.jpg 768w, https:\/\/www.uhrenankauf365.de\/uhr-verkaufen\/wp-content\/uploads\/2020\/12\/rolex_day_date_ii_set.jpg 1400w\" sizes=\"auto, (max-width: 1024px) 100vw, 1024px\" \/><figcaption>Rolex DATE-JUST II mit 41mm Durchmesser<\/figcaption><\/figure>\n\n\n\n<h3 class=\"mt-4 wp-block-heading\" id=\"u26215-3\">Seltene Modelle &#8211; \u00e4u\u00dferst beliebt im <strong><a href=\"https:\/\/www.uhrenankauf365.de\/uhr-verkaufen\/rolex\/\">Rolex Ankauf<\/a><\/strong><\/h3>\n\n\n\n<p id=\"u26215-5\">Besonders selten und begehrt unter Sammlern und Uhrenliebhabern sind die Modelle mit Edelstein-, Wurzelholzzifferblatt, Holz, Metall, Stein, Perlmutt, Meteorit, Koralle und seltenen Diamantbl\u00e4ttern. In den 80er Jahren stellte Rolex die Variante mit Walnuss-Wurzelholz her &#8211; perfekt passend zu den Luxusfahrzeugen von Rolls Royce, die innen mit dem gleichen Holz verkleidet waren.<\/p>\n\n\n\n<p id=\"u26215-7\">\u00c4u\u00dferst selten sind au\u00dferdem die Rolex Day-Dates mit Quarzwerken, denn wegen der geringen Nachfrage stellte Rolex die Produktion 2002 ein.<\/p>\n\n\n\n<h3 class=\"mt-4 wp-block-heading\" id=\"u26248-2\">Neuigkeiten auf der Baselworld 2015<\/h3>\n\n\n\n<p id=\"u26248-7\">Rolex stellte im Jahr 2015 auf der Uhren- und Schmuck-Messe Baselworld das Kaliber 3255 vor. Gesch\u00fctzt durch 14 Patente stellt dieses in der Manufaktur hergestellte Automatikwerk einen technisch stark \u00fcberarbeiteten Bestandteil der Uhr dar. Rolex hatte es geschafft, durch eine mehr als 90-prozentige \u00dcberarbeitung des Uhrwerks die Gangreserve nun auf ca. 70 Stunden zu optimieren. Dies bei einer Genauigkeit, die doppelt so hoch ist wie von der COSC (<a href=\"https:\/\/de.wikipedia.org\/wiki\/Contr%C3%B4le_officiel_suisse_des_chronom%C3%A8tres\" target=\"_blank\" rel=\"noreferrer noopener\">Contr\u00f4le officiel suisse des chronom\u00e8ters<\/a>) vorgegeben. Erstmals kommt das neue Werk mit der neuen \u201eChronogy\u201c-Hemmung in der Day-Date 40 zum Einsatz.<\/p>\n\n\n<div class=\"wp-bootstrap-blocks-row row mt-4\">\n\t\n\n<div class=\"col-12 col-md-6\">\n\t\t\t\n\n<h3 class=\"wp-block-heading\" id=\"u26305-2\">Neue Designs<\/h3>\n\n\n\n<p id=\"u26305-4\">2016 erschien die Rolex Day-Date mit einer Kombination aus gr\u00fcnem Zifferblatt der Oyster Perpetual Day-Date mit r\u00f6mischen Ziffern und 40 Millimeter Geh\u00e4use aus Everosegold. Drei Jahre sp\u00e4ter lanciert der Hersteller neue Varianten des Zifferblatts f\u00fcr die Day-Date 36. Zu den aktuellen Day-Date-Modellen z\u00e4hlt auch die Gelbgoldversion mit gr\u00fcnem Ombr\u00e9-Zifferblatt, die Rolex mit Diamanten f\u00fcr die Stundenindexe ausstattet.<\/p>\n\n\n\n<p><a href=\"https:\/\/www.uhrenankauf365.de\/uhr-verkaufen\/rolex\/\" class=\"btn btn-block btn-primary btn-lg\">Jetzt Rolex verkaufen!<\/a><\/p>\n\n\t<\/div>\n\n\n\n<div class=\"col-12 col-md-6\">\n\t\t\t\n\n<div class=\"uak_heller_hintergrund p-4\">\n<strong>Day-Date-Referenzen<\/strong><br>\n1803, 1804, 1806, 1807, 6511, 6611, 18026, 18028, 18029, 18038, 18039, 18046, 18049, 18078, 18079, 18206, 18208, 18238, 18239, 18248, 18249, 18296, 18308, 18338, 18346, 18348, 18349, 18366, 18368, 18378, 18388, 18389, 18946, 18948, 18956, 18958, 118205, 118206, 118208, 118209, 118235, 118238, 118239, 118296, 118338, 118339, 118346, 118348, 118366, 118388, 118389, 118398, 118399, 228235\n<br><br>\n<strong>Day-Date II-Referenzen<\/strong><br>\n218206, 218235, 218238, 218239, 218348, 218349, 218398, 218399\n<\/div>\n\n\n\n<p><\/p>\n\n\t<\/div>\n\n<\/div>\n\n\n\n<p><\/p>\n","protected":false},"excerpt":{"rendered":"<p>Die Rolex Oyster Perpetual Day-Date ist eine Uhr mit relativ langer Historie, daher gibt es viele verschiedene Modelle und Ausf\u00fchrungen \u2013 aktuell und Vintage. Die Luxusuhr mit Wochentags- und Datumsanzeige ist sehr beliebt, so dass auch viele Prominente den Chronometer in der \u00d6ffentlichkeit tragen und trugen. Was haben Horst Tappert alias Stephan Derrick, Franklin D. [&hellip;]<\/p>\n","protected":false},"author":1,"featured_media":0,"parent":0,"menu_order":0,"comment_status":"closed","ping_status":"closed","template":"","meta":{"footnotes":""},"class_list":["post-454","page","type-page","status-publish","hentry"],"yoast_head":"<!-- This site is optimized with the Yoast SEO plugin v27.3 - https:\/\/yoast.com\/product\/yoast-seo-wordpress\/ -->\n<title>Wir kaufen Rolex Day-Date Uhren! Fair, schnell und seri\u00f6s.<\/title>\n<meta name=\"description\" content=\"Ankauf von Rolex-Uhren, z. B. das Day-Date-Modell in Vintage und modern. Jetzt das Ankaufsformular ausf\u00fcllen und Ihre Rolex verkaufen!\" \/>\n<meta name=\"robots\" content=\"index, follow, max-snippet:-1, max-image-preview:large, max-video-preview:-1\" \/>\n<link rel=\"canonical\" href=\"https:\/\/www.uhrenankauf365.de\/uhr-verkaufen\/ankauf-rolex-oyster-perpetual-day-date\/\" \/>\n<meta property=\"og:locale\" content=\"de_DE\" \/>\n<meta property=\"og:type\" content=\"article\" \/>\n<meta property=\"og:title\" content=\"Wir kaufen Rolex Day-Date Uhren! Fair, schnell und seri\u00f6s.\" \/>\n<meta property=\"og:description\" content=\"Ankauf von Rolex-Uhren, z. B. das Day-Date-Modell in Vintage und modern. Jetzt das Ankaufsformular ausf\u00fcllen und Ihre Rolex verkaufen!\" \/>\n<meta property=\"og:url\" content=\"https:\/\/www.uhrenankauf365.de\/uhr-verkaufen\/ankauf-rolex-oyster-perpetual-day-date\/\" \/>\n<meta property=\"og:site_name\" content=\"Uhrenankauf 365\" \/>\n<meta property=\"article:modified_time\" content=\"2024-08-04T09:35:47+00:00\" \/>\n<meta property=\"og:image\" content=\"https:\/\/www.uhrenankauf365.de\/uhr-verkaufen\/wp-content\/uploads\/2020\/12\/rolex_day_date_platin.jpg\" \/>\n<meta name=\"twitter:card\" content=\"summary_large_image\" \/>\n<meta name=\"twitter:label1\" content=\"Gesch\u00e4tzte Lesezeit\" \/>\n\t<meta name=\"twitter:data1\" content=\"15\u00a0Minuten\" \/>\n<script type=\"application\/ld+json\" class=\"yoast-schema-graph\">{\"@context\":\"https:\\\/\\\/schema.org\",\"@graph\":[{\"@type\":\"WebPage\",\"@id\":\"https:\\\/\\\/www.uhrenankauf365.de\\\/uhr-verkaufen\\\/ankauf-rolex-oyster-perpetual-day-date\\\/\",\"url\":\"https:\\\/\\\/www.uhrenankauf365.de\\\/uhr-verkaufen\\\/ankauf-rolex-oyster-perpetual-day-date\\\/\",\"name\":\"Wir kaufen Rolex Day-Date Uhren! Fair, schnell und seri\u00f6s.\",\"isPartOf\":{\"@id\":\"https:\\\/\\\/www.uhrenankauf365.de\\\/uhr-verkaufen\\\/#website\"},\"primaryImageOfPage\":{\"@id\":\"https:\\\/\\\/www.uhrenankauf365.de\\\/uhr-verkaufen\\\/ankauf-rolex-oyster-perpetual-day-date\\\/#primaryimage\"},\"image\":{\"@id\":\"https:\\\/\\\/www.uhrenankauf365.de\\\/uhr-verkaufen\\\/ankauf-rolex-oyster-perpetual-day-date\\\/#primaryimage\"},\"thumbnailUrl\":\"https:\\\/\\\/www.uhrenankauf365.de\\\/uhr-verkaufen\\\/wp-content\\\/uploads\\\/2020\\\/12\\\/rolex_day_date_platin.jpg\",\"datePublished\":\"2020-12-06T14:54:57+00:00\",\"dateModified\":\"2024-08-04T09:35:47+00:00\",\"description\":\"Ankauf von Rolex-Uhren, z. B. das Day-Date-Modell in Vintage und modern. Jetzt das Ankaufsformular ausf\u00fcllen und Ihre Rolex verkaufen!\",\"breadcrumb\":{\"@id\":\"https:\\\/\\\/www.uhrenankauf365.de\\\/uhr-verkaufen\\\/ankauf-rolex-oyster-perpetual-day-date\\\/#breadcrumb\"},\"inLanguage\":\"de\",\"potentialAction\":[{\"@type\":\"ReadAction\",\"target\":[\"https:\\\/\\\/www.uhrenankauf365.de\\\/uhr-verkaufen\\\/ankauf-rolex-oyster-perpetual-day-date\\\/\"]}]},{\"@type\":\"ImageObject\",\"inLanguage\":\"de\",\"@id\":\"https:\\\/\\\/www.uhrenankauf365.de\\\/uhr-verkaufen\\\/ankauf-rolex-oyster-perpetual-day-date\\\/#primaryimage\",\"url\":\"https:\\\/\\\/www.uhrenankauf365.de\\\/uhr-verkaufen\\\/wp-content\\\/uploads\\\/2020\\\/12\\\/rolex_day_date_platin.jpg\",\"contentUrl\":\"https:\\\/\\\/www.uhrenankauf365.de\\\/uhr-verkaufen\\\/wp-content\\\/uploads\\\/2020\\\/12\\\/rolex_day_date_platin.jpg\",\"width\":600,\"height\":290},{\"@type\":\"BreadcrumbList\",\"@id\":\"https:\\\/\\\/www.uhrenankauf365.de\\\/uhr-verkaufen\\\/ankauf-rolex-oyster-perpetual-day-date\\\/#breadcrumb\",\"itemListElement\":[{\"@type\":\"ListItem\",\"position\":1,\"name\":\"Startseite\",\"item\":\"https:\\\/\\\/www.uhrenankauf365.de\\\/uhr-verkaufen\\\/\"},{\"@type\":\"ListItem\",\"position\":2,\"name\":\"Ankauf Rolex Oyster Perpetual Day-Date &#8211; jetzt verkaufen!\"}]},{\"@type\":\"WebSite\",\"@id\":\"https:\\\/\\\/www.uhrenankauf365.de\\\/uhr-verkaufen\\\/#website\",\"url\":\"https:\\\/\\\/www.uhrenankauf365.de\\\/uhr-verkaufen\\\/\",\"name\":\"Uhrenankauf 365\",\"description\":\"Jetzt Ihre Luxusuhr verkaufen!\",\"publisher\":{\"@id\":\"https:\\\/\\\/www.uhrenankauf365.de\\\/uhr-verkaufen\\\/#organization\"},\"potentialAction\":[{\"@type\":\"SearchAction\",\"target\":{\"@type\":\"EntryPoint\",\"urlTemplate\":\"https:\\\/\\\/www.uhrenankauf365.de\\\/uhr-verkaufen\\\/?s={search_term_string}\"},\"query-input\":{\"@type\":\"PropertyValueSpecification\",\"valueRequired\":true,\"valueName\":\"search_term_string\"}}],\"inLanguage\":\"de\"},{\"@type\":\"Organization\",\"@id\":\"https:\\\/\\\/www.uhrenankauf365.de\\\/uhr-verkaufen\\\/#organization\",\"name\":\"uhrenankauf365.de, Anke Michels\",\"url\":\"https:\\\/\\\/www.uhrenankauf365.de\\\/uhr-verkaufen\\\/\",\"logo\":{\"@type\":\"ImageObject\",\"inLanguage\":\"de\",\"@id\":\"https:\\\/\\\/www.uhrenankauf365.de\\\/uhr-verkaufen\\\/#\\\/schema\\\/logo\\\/image\\\/\",\"url\":\"https:\\\/\\\/www.uhrenankauf365.de\\\/uhr-verkaufen\\\/wp-content\\\/uploads\\\/2020\\\/11\\\/logo_uhrenankauf.png\",\"contentUrl\":\"https:\\\/\\\/www.uhrenankauf365.de\\\/uhr-verkaufen\\\/wp-content\\\/uploads\\\/2020\\\/11\\\/logo_uhrenankauf.png\",\"width\":98,\"height\":100,\"caption\":\"uhrenankauf365.de, Anke Michels\"},\"image\":{\"@id\":\"https:\\\/\\\/www.uhrenankauf365.de\\\/uhr-verkaufen\\\/#\\\/schema\\\/logo\\\/image\\\/\"}}]}<\/script>\n<!-- \/ Yoast SEO plugin. -->","yoast_head_json":{"title":"Wir kaufen Rolex Day-Date Uhren! Fair, schnell und seri\u00f6s.","description":"Ankauf von Rolex-Uhren, z. B. das Day-Date-Modell in Vintage und modern. Jetzt das Ankaufsformular ausf\u00fcllen und Ihre Rolex verkaufen!","robots":{"index":"index","follow":"follow","max-snippet":"max-snippet:-1","max-image-preview":"max-image-preview:large","max-video-preview":"max-video-preview:-1"},"canonical":"https:\/\/www.uhrenankauf365.de\/uhr-verkaufen\/ankauf-rolex-oyster-perpetual-day-date\/","og_locale":"de_DE","og_type":"article","og_title":"Wir kaufen Rolex Day-Date Uhren! Fair, schnell und seri\u00f6s.","og_description":"Ankauf von Rolex-Uhren, z. B. das Day-Date-Modell in Vintage und modern. Jetzt das Ankaufsformular ausf\u00fcllen und Ihre Rolex verkaufen!","og_url":"https:\/\/www.uhrenankauf365.de\/uhr-verkaufen\/ankauf-rolex-oyster-perpetual-day-date\/","og_site_name":"Uhrenankauf 365","article_modified_time":"2024-08-04T09:35:47+00:00","og_image":[{"url":"https:\/\/www.uhrenankauf365.de\/uhr-verkaufen\/wp-content\/uploads\/2020\/12\/rolex_day_date_platin.jpg","type":"","width":"","height":""}],"twitter_card":"summary_large_image","twitter_misc":{"Gesch\u00e4tzte Lesezeit":"15\u00a0Minuten"},"schema":{"@context":"https:\/\/schema.org","@graph":[{"@type":"WebPage","@id":"https:\/\/www.uhrenankauf365.de\/uhr-verkaufen\/ankauf-rolex-oyster-perpetual-day-date\/","url":"https:\/\/www.uhrenankauf365.de\/uhr-verkaufen\/ankauf-rolex-oyster-perpetual-day-date\/","name":"Wir kaufen Rolex Day-Date Uhren! Fair, schnell und seri\u00f6s.","isPartOf":{"@id":"https:\/\/www.uhrenankauf365.de\/uhr-verkaufen\/#website"},"primaryImageOfPage":{"@id":"https:\/\/www.uhrenankauf365.de\/uhr-verkaufen\/ankauf-rolex-oyster-perpetual-day-date\/#primaryimage"},"image":{"@id":"https:\/\/www.uhrenankauf365.de\/uhr-verkaufen\/ankauf-rolex-oyster-perpetual-day-date\/#primaryimage"},"thumbnailUrl":"https:\/\/www.uhrenankauf365.de\/uhr-verkaufen\/wp-content\/uploads\/2020\/12\/rolex_day_date_platin.jpg","datePublished":"2020-12-06T14:54:57+00:00","dateModified":"2024-08-04T09:35:47+00:00","description":"Ankauf von Rolex-Uhren, z. B. das Day-Date-Modell in Vintage und modern. Jetzt das Ankaufsformular ausf\u00fcllen und Ihre Rolex verkaufen!","breadcrumb":{"@id":"https:\/\/www.uhrenankauf365.de\/uhr-verkaufen\/ankauf-rolex-oyster-perpetual-day-date\/#breadcrumb"},"inLanguage":"de","potentialAction":[{"@type":"ReadAction","target":["https:\/\/www.uhrenankauf365.de\/uhr-verkaufen\/ankauf-rolex-oyster-perpetual-day-date\/"]}]},{"@type":"ImageObject","inLanguage":"de","@id":"https:\/\/www.uhrenankauf365.de\/uhr-verkaufen\/ankauf-rolex-oyster-perpetual-day-date\/#primaryimage","url":"https:\/\/www.uhrenankauf365.de\/uhr-verkaufen\/wp-content\/uploads\/2020\/12\/rolex_day_date_platin.jpg","contentUrl":"https:\/\/www.uhrenankauf365.de\/uhr-verkaufen\/wp-content\/uploads\/2020\/12\/rolex_day_date_platin.jpg","width":600,"height":290},{"@type":"BreadcrumbList","@id":"https:\/\/www.uhrenankauf365.de\/uhr-verkaufen\/ankauf-rolex-oyster-perpetual-day-date\/#breadcrumb","itemListElement":[{"@type":"ListItem","position":1,"name":"Startseite","item":"https:\/\/www.uhrenankauf365.de\/uhr-verkaufen\/"},{"@type":"ListItem","position":2,"name":"Ankauf Rolex Oyster Perpetual Day-Date &#8211; jetzt verkaufen!"}]},{"@type":"WebSite","@id":"https:\/\/www.uhrenankauf365.de\/uhr-verkaufen\/#website","url":"https:\/\/www.uhrenankauf365.de\/uhr-verkaufen\/","name":"Uhrenankauf 365","description":"Jetzt Ihre Luxusuhr verkaufen!","publisher":{"@id":"https:\/\/www.uhrenankauf365.de\/uhr-verkaufen\/#organization"},"potentialAction":[{"@type":"SearchAction","target":{"@type":"EntryPoint","urlTemplate":"https:\/\/www.uhrenankauf365.de\/uhr-verkaufen\/?s={search_term_string}"},"query-input":{"@type":"PropertyValueSpecification","valueRequired":true,"valueName":"search_term_string"}}],"inLanguage":"de"},{"@type":"Organization","@id":"https:\/\/www.uhrenankauf365.de\/uhr-verkaufen\/#organization","name":"uhrenankauf365.de, Anke Michels","url":"https:\/\/www.uhrenankauf365.de\/uhr-verkaufen\/","logo":{"@type":"ImageObject","inLanguage":"de","@id":"https:\/\/www.uhrenankauf365.de\/uhr-verkaufen\/#\/schema\/logo\/image\/","url":"https:\/\/www.uhrenankauf365.de\/uhr-verkaufen\/wp-content\/uploads\/2020\/11\/logo_uhrenankauf.png","contentUrl":"https:\/\/www.uhrenankauf365.de\/uhr-verkaufen\/wp-content\/uploads\/2020\/11\/logo_uhrenankauf.png","width":98,"height":100,"caption":"uhrenankauf365.de, Anke Michels"},"image":{"@id":"https:\/\/www.uhrenankauf365.de\/uhr-verkaufen\/#\/schema\/logo\/image\/"}}]}},"_links":{"self":[{"href":"https:\/\/www.uhrenankauf365.de\/uhr-verkaufen\/wp-json\/wp\/v2\/pages\/454","targetHints":{"allow":["GET"]}}],"collection":[{"href":"https:\/\/www.uhrenankauf365.de\/uhr-verkaufen\/wp-json\/wp\/v2\/pages"}],"about":[{"href":"https:\/\/www.uhrenankauf365.de\/uhr-verkaufen\/wp-json\/wp\/v2\/types\/page"}],"author":[{"embeddable":true,"href":"https:\/\/www.uhrenankauf365.de\/uhr-verkaufen\/wp-json\/wp\/v2\/users\/1"}],"replies":[{"embeddable":true,"href":"https:\/\/www.uhrenankauf365.de\/uhr-verkaufen\/wp-json\/wp\/v2\/comments?post=454"}],"version-history":[{"count":20,"href":"https:\/\/www.uhrenankauf365.de\/uhr-verkaufen\/wp-json\/wp\/v2\/pages\/454\/revisions"}],"predecessor-version":[{"id":479,"href":"https:\/\/www.uhrenankauf365.de\/uhr-verkaufen\/wp-json\/wp\/v2\/pages\/454\/revisions\/479"}],"wp:attachment":[{"href":"https:\/\/www.uhrenankauf365.de\/uhr-verkaufen\/wp-json\/wp\/v2\/media?parent=454"}],"curies":[{"name":"wp","href":"https:\/\/api.w.org\/{rel}","templated":true}]}}