{"id":427,"date":"2020-12-06T15:12:44","date_gmt":"2020-12-06T14:12:44","guid":{"rendered":"https:\/\/www.uhrenankauf365.de\/uhr-verkaufen\/?page_id=427"},"modified":"2024-08-04T11:17:21","modified_gmt":"2024-08-04T09:17:21","slug":"rolex","status":"publish","type":"page","link":"https:\/\/www.uhrenankauf365.de\/uhr-verkaufen\/rolex\/","title":{"rendered":"Ankauf Rolex &#8211; hier direkt online Ihre Rolex verkaufen!"},"content":{"rendered":"<div class=\"wp-bootstrap-blocks-row row\">\n\t\n\n<div class=\"col-12 col-md-6\">\n\t\t\t\n\n<h2 class=\"wp-block-heading\" id=\"u1361-2\">Sie m\u00f6chten Ihre <strong>Rolex verkaufen<\/strong>?<\/h2>\n\n\n\n<p id=\"u1816-15\">Im Ankauf Rolex bei uns sind Sie richtig. Eine der bekanntesten Luxusuhren-Marken ist Rolex. \u00dcber das <a href=\"https:\/\/www.uhrenankauf365.de\/uhr-verkaufen\/ankaufsformular\/\">Formular &#8222;Uhrenankauf&#8220;<\/a> k\u00f6nnen Sie uns Ihre gebrauchte Rolex-Uhr verkaufen bzw. zum Verkauf anbieten, so dass wir gemeinsamen einen fairen Kaufpreis ermitteln k\u00f6nnen. Dabei bieten wir Top-Preise und eine schnelle, zuverl\u00e4ssige Auszahlung in bar oder per \u00dcberweisung.<\/p>\n\n\n\n<p id=\"u1816-27\">Seit ihrer offiziellen Eintragung im Jahre 1908 steht die Marke f\u00fcr einen gehobenen Lebensstandard und &#8222;Luxus am Handgelenk&#8220;, wenngleich andere Hersteller wie <a href=\"https:\/\/www.uhrenankauf365.de\/uhr-verkaufen\/patek_philippe\/\">Patek Philippe<\/a>, <a href=\"https:\/\/www.uhrenankauf365.de\/uhr-verkaufen\/audemars_piguet\/\">Audemars Piguet<\/a> und <a href=\"https:\/\/www.uhrenankauf365.de\/uhr-verkaufen\/a_lange_und_soehne\/\">A. Lange &amp; S\u00f6hne<\/a> unter Uhren-Fans und -Sammlern noch beliebter sind und h\u00f6here Preise erzielen.<\/p>\n\n\n\n<p id=\"u1816-30\">Rolex war damals der erste Hersteller, der den Markennamen bei immer mehr Modellen direkt auf das Zifferblatt schrieb. Die unverkennbare Krone, das Markenzeichen von Rolex, wurde \u00fcbrigens erst 1940 erg\u00e4nzt und bis Ende der 1950er noch modifiziert, bis sie zum finalen Design kam, das heute noch Anwendung findet.<\/p>\n\n\n\n<p id=\"u1816-33\">Zu den beliebten Modellen von Rolex z\u00e4hlen:<\/p>\n\n\n\n<ul class=\"wp-block-list\" id=\"u1816-51\">\n<li><a title=\"Rolex Daytona Ankauf\" href=\"https:\/\/www.uhrenankauf365.de\/uhr-verkaufen\/rolex-daytona-ankauf\/\">Daytona<\/a><\/li>\n\n\n\n<li><a title=\"Rolex Submariner Ankauf\" href=\"https:\/\/www.uhrenankauf365.de\/uhr-verkaufen\/rolex-submariner-ankauf\/\">Submariner<\/a> (das Bild zeigt das Modell 16610 LV, auch bekannt als &#8222;Frog&#8220; oder &#8222;Kermit&#8220;)<\/li>\n\n\n\n<li><a href=\"https:\/\/www.uhrenankauf365.de\/uhr-verkaufen\/rolex-sea-dweller\/\" title=\"Rolex Sea Dweller Ankauf\">Sea Dweller<\/a><\/li>\n\n\n\n<li>GMT Master<\/li>\n\n\n\n<li>Explorer<\/li>\n\n\n\n<li>Date Just<\/li>\n\n\n\n<li><a title=\"Rolex Day Date Ankauf\" href=\"https:\/\/www.uhrenankauf365.de\/uhr-verkaufen\/ankauf-rolex-oyster-perpetual-day-date\/\">Day Date<\/a><\/li>\n\n\n\n<li>Milgauss<\/li>\n\n\n\n<li>Vintage<\/li>\n<\/ul>\n\n\n\n<p id=\"u1816-59\"><\/p>\n\n\t<\/div>\n\n\n\n<div class=\"col-12 col-md-6\">\n\t\t\t\n\n<figure class=\"wp-block-image size-large\"><img loading=\"lazy\" decoding=\"async\" width=\"405\" height=\"600\" src=\"https:\/\/www.uhrenankauf365.de\/uhr-verkaufen\/wp-content\/uploads\/2020\/12\/rolex_ankauf.jpg\" alt=\"Rolex Ankauf - Rolex Kermit im Gras liegend\" class=\"wp-image-428\" srcset=\"https:\/\/www.uhrenankauf365.de\/uhr-verkaufen\/wp-content\/uploads\/2020\/12\/rolex_ankauf.jpg 405w, https:\/\/www.uhrenankauf365.de\/uhr-verkaufen\/wp-content\/uploads\/2020\/12\/rolex_ankauf-203x300.jpg 203w\" sizes=\"auto, (max-width: 405px) 100vw, 405px\" \/><\/figure>\n\n\n\n<p>M\u00f6chten Sie Ihre <strong>Rolex-Uhr verkaufen<\/strong>? Nutzen Sie einfach das <a href=\"https:\/\/www.uhrenankauf365.de\/uhr-verkaufen\/ankaufsformular\/\">Formular &#8222;Uhrenankauf&#8220;<\/a>!<\/p>\n\n\n\n<p>Wir geben Ihnen schnellstm\u00f6glich Bescheid, welche Ankaufsumme realisierbar ist, nachdem Sie uns \u00fcber das Formular die wichtigsten Angaben zu Ihrer Uhr gemacht haben.<\/p>\n\n\t<\/div>\n\n<\/div>\n\n\n<div class=\"wp-bootstrap-blocks-container container mb-5 uak_heller_hintergrund_line_height_normal text-center p-4 mt-4\">\n\t\n\n<h3 class=\"wp-block-heading\" id=\"u1363-2\">Wir kaufen <a href=\"https:\/\/www.nobeluhren-store.de\/hersteller\/rolex\" target=\"_blank\" rel=\"noreferrer noopener\">gebrauchte Rolex-Uhren<\/a>!<\/h3>\n\n\n\n<p id=\"u1363-4\"><strong>Profitieren Sie&nbsp;von unserer jahrzehntelangen Erfahrung im Uhrenhandel!<\/strong><\/p>\n\n\n\n<p><a class=\"btn btn-primary btn-lg\" href=\"https:\/\/www.uhrenankauf365.de\/uhr-verkaufen\/ankaufsformular\/\">Zum Ankaufsformular<\/a><\/p>\n\n<\/div>\n\n\n\n<h3 class=\"wp-block-heading\" id=\"u21901-2\">Rolex als Wertanlage<\/h3>\n\n\n\n<p class=\"mb-4\" id=\"u21901-9\">Die Wertstabilit\u00e4t von Uhren der Marke Rolex ist sehr hoch, so dass sich der Erwerb einer <a href=\"https:\/\/www.nobeluhren-store.de\/hersteller\/rolex\" target=\"_blank\" rel=\"noreferrer noopener\">Rolex-Uhr<\/a> durchaus als Wertanlage lohnt. Je nach Modell kann der Marktwert innerhalb von wenigen Jahren gestiegen sein, so dass Sie beim <strong>Verkauf <\/strong>Ihrer <strong>Rolex <\/strong>Gewinn erzielen k\u00f6nnen. Unter Sammlern sind folgende Modelle sehr beliebt und erzielen je nach Zustand und Zubeh\u00f6r <strong>hohe Auszahlungen im Ankauf<\/strong>:<\/p>\n\n\n\n<div class=\"container p-4 uak_heller_hintergrund\">\n<div class=\"row mb-4\">\n<div class=\"col-12 col-md-6 text-center\">\n<i class=\"uak365icon fas fa-file-alt\"><\/i><br>\n<div class=\"ankaufschritte_title\">Formular ausf\u00fcllen<\/div>\n<small>Das <a href=\"https:\/\/www.uhrenankauf365.de\/uhr-verkaufen\/ankaufsformular\/\" title=\"Ankaufsformular Uhren\">Ankaufsformular<\/a> erfasst alle wichtigen Angaben zur Armbanduhr, die Sie verkaufen m\u00f6chten und erleichtert die Ermittlung eines fairen Ankaufspreises.<\/small>\n<\/div>\n<div class=\"col-12 col-md-6 text-center\">\n<i class=\"uak365icon far fa-handshake\"><\/i><br>\n<div class=\"ankaufschritte_title\">Angebot erhalten<\/div>\n<small>Wir unterbreiten Ihnen nach Erhalt der Informationen zur Uhr ein Angebot zum Ankauf. Offene Fragen kl\u00e4ren wir vorab.<\/small>\n<\/div>\n<\/div>\n\n\n<div class=\"row\">\n<div class=\"col-12 col-md-6 text-center\">\n<i class=\"uak365icon fas fa-truck-loading\"><\/i><br>\n<div class=\"ankaufschritte_title\">Uhr wird abgeholt<\/div>\n<small>Ein auf Werttransporte spezialisiertes Unternehmen holt die Uhr bei Ihnen ab. Mehr dazu erfahren Sie <a href=\"https:\/\/www.uhrenankauf365.de\/uhr-verkaufen\/ankauf-faq\/\">hier<\/a>.<\/small>\n<\/div>\n<div class=\"col-12 col-md-6 text-center\">\n<i class=\"uak365icon fas fa-euro-sign\"><\/i><br>\n<div class=\"ankaufschritte_title\">Geld erhalten<\/div>\n<small>Nach Pr\u00fcfung der Armbanduhr zahlen wir den vereinbarten Ankaufspreis zuverl\u00e4ssig und schnell auf Ihr Konto aus.\n<\/small>\n<\/div>\n<\/div>\n\n<\/div>\n\n\n<div class=\"wp-bootstrap-blocks-row row mt-4\">\n\t\n\n<div class=\"col-12 col-md-6\">\n\t\t\t\n\n<h3 class=\"wp-block-heading\" id=\"u21910-2\">Rolex Submariner 16610 LV (&#8222;Frog&#8220; \/ &#8222;Kermit&#8220;)<\/h3>\n\n\n\n<p id=\"u21910-7\">Die Merkmale der Rolex 16610 LV sind im wesentlichen die gr\u00fcne L\u00fcnette, das schwarze Ziffernblatt, ein dickerer Minutenzeiger und gr\u00f6\u00dfere Indexe. Das Modell wurde 2003 zum 50. Jubil\u00e4um der Modellreihe &#8222;Submariner&#8220; vorgestellt. Das &#8222;LV&#8220; in der Bezeichnung verr\u00e4t, wenn man die Bedeutung kennt, das Wesentliche: &#8222;Lunette Verde&#8220; (italienisch), zu deutsch: Gr\u00fcne L\u00fcnette. 2003 war dies f\u00fcr den sonst eher langsamen Fortschritt der Ver\u00e4nderungen an Uhrenmodellen bekannten Betrieb Rolex ein Novum, quasi eine Revolution.<\/p>\n\n\t<\/div>\n\n\n\n<div class=\"col-12 col-md-6\">\n\t\t\t\n\n<figure class=\"wp-block-image size-large\"><a href=\"https:\/\/www.uhrenankauf365.de\/uhr-verkaufen\/ankaufsformular\/\"><img loading=\"lazy\" decoding=\"async\" width=\"600\" height=\"379\" src=\"https:\/\/www.uhrenankauf365.de\/uhr-verkaufen\/wp-content\/uploads\/2020\/12\/rolex_submariner_16610_lv_kermit_frog_lunette_verde_verkaufen.jpg\" alt=\"Rolex Submariner verkaufen\" class=\"wp-image-439\" title=\"Rolex Ankaufsformular\" srcset=\"https:\/\/www.uhrenankauf365.de\/uhr-verkaufen\/wp-content\/uploads\/2020\/12\/rolex_submariner_16610_lv_kermit_frog_lunette_verde_verkaufen.jpg 600w, https:\/\/www.uhrenankauf365.de\/uhr-verkaufen\/wp-content\/uploads\/2020\/12\/rolex_submariner_16610_lv_kermit_frog_lunette_verde_verkaufen-300x190.jpg 300w\" sizes=\"auto, (max-width: 600px) 100vw, 600px\" \/><\/a><\/figure>\n\n\n\n<p>Selbst der Katalog, in dem Rolex die Submariner 16610 LV vorstellte, stellt heute eine Beliebtheit unter Sammlern dar. Haben Sie einen solchen Katalog im Original in Ihrem Besitz? Auch diesen <a href=\"https:\/\/www.uhrenankauf365.de\/uhr-verkaufen\/ankaufsformular\/\">kaufen wir an<\/a> &#8211; bitte kontaktieren Sie uns!<\/p>\n\n\t<\/div>\n\n<\/div>\n\n\n\n<h3 class=\"wp-block-heading\">Rolex Oyster Perpetual<\/h3>\n\n\n<div class=\"wp-bootstrap-blocks-row row\">\n\t\n\n<div class=\"col-12 col-md-6\">\n\t\t\t\n\n<figure class=\"wp-block-image size-large\"><a href=\"https:\/\/www.uhrenankauf365.de\/uhr-verkaufen\/ankaufsformular\/\"><img loading=\"lazy\" decoding=\"async\" width=\"600\" height=\"379\" src=\"https:\/\/www.uhrenankauf365.de\/uhr-verkaufen\/wp-content\/uploads\/2020\/12\/rolex_oyster_perpetual_verkaufen.jpg\" alt=\"Ankauf Rolex Oyster Perpetual\" class=\"wp-image-444\" srcset=\"https:\/\/www.uhrenankauf365.de\/uhr-verkaufen\/wp-content\/uploads\/2020\/12\/rolex_oyster_perpetual_verkaufen.jpg 600w, https:\/\/www.uhrenankauf365.de\/uhr-verkaufen\/wp-content\/uploads\/2020\/12\/rolex_oyster_perpetual_verkaufen-300x190.jpg 300w\" sizes=\"auto, (max-width: 600px) 100vw, 600px\" \/><\/a><\/figure>\n\n\n\n<p>1931 wurde aus der vorher nur als &#8222;Oyster&#8220; bezeichneten Uhr von Rolex die &#8222;Oyster Perpetual&#8220;, die sich durch das fortan verbaute Automatikwerk auszeichnete. Damals war diese Uhr die erste Armbanduhr, welche bis zu einer Tiefe von 100 Metern wasserdicht war.<\/p>\n\n\t<\/div>\n\n\n\n<div class=\"col-12 col-md-6\">\n\t\t\t\n\n<p id=\"u21933-2\">Das von Rolex patentierte Automatikwerk lief pr\u00e4zise und zuverl\u00e4ssig. Was die Oyster Perpetual, an deren Ankauf wir stets interessiert sind, auszeichnet ist die Vielzahl an Varianten, die Rolex davon herstellte. Von schlicht bis auff\u00e4llig ist f\u00fcr jeden Typ eine passende Variante vorhanden. Diese unterscheiden sich in verschiedenen Punkten:<\/p>\n\n\n\n<ul class=\"wp-block-list\" id=\"u21933-17\">\n<li>Ziffernblattfarbe<\/li>\n\n\n\n<li>Gr\u00f6\u00dfe des Geh\u00e4uses<\/li>\n\n\n\n<li>Indizes (arabisch \/ r\u00f6misch \/ klassisch)<\/li>\n\n\n\n<li>Modelle und Referenzen<\/li>\n<\/ul>\n\n\t<\/div>\n\n<\/div>\n\n\n\n<h2 class=\"wp-block-heading\">Rolex Day-Date verkaufen<\/h2>\n\n\n\n<figure class=\"wp-block-image size-large\"><a href=\"https:\/\/www.uhrenankauf365.de\/uhr-verkaufen\/ankaufsformular\/\"><img loading=\"lazy\" decoding=\"async\" width=\"750\" height=\"473\" src=\"https:\/\/www.uhrenankauf365.de\/uhr-verkaufen\/wp-content\/uploads\/2020\/12\/rolex_day-date_verkaufen.jpg\" alt=\"Rolex Day-Date Ankauf\" class=\"wp-image-449\" srcset=\"https:\/\/www.uhrenankauf365.de\/uhr-verkaufen\/wp-content\/uploads\/2020\/12\/rolex_day-date_verkaufen.jpg 750w, https:\/\/www.uhrenankauf365.de\/uhr-verkaufen\/wp-content\/uploads\/2020\/12\/rolex_day-date_verkaufen-300x189.jpg 300w\" sizes=\"auto, (max-width: 750px) 100vw, 750px\" \/><\/a><\/figure>\n\n\n\n<p id=\"u22989-6\">Das Foto zeigt den Chronometer mit der Referenz 118366 in 950 Platin mit einem Pr\u00e4sidentarmband mit verdeckter Schlie\u00dfe, ebenfalls in 950 Platin.<\/p>\n\n\n\n<p id=\"u22989-8\">Die L\u00fcnette dieser wundersch\u00f6nen Uhr aus dem Hause Rolex wird aufgrund ihres Aussehens auch als &#8222;Baguette&#8220; bezeichnet. Im Originalzustand hat die L\u00fcnette einen Besatz von 24 &#8222;Baguettes&#8220; Diamanten (zus. ca. 3,27ct).<\/p>\n\n\n\n<p id=\"u22989-11\">Typisch f\u00fcr die Day-Date-Serie: Die gro\u00dfe Wochentags- und Datumsanzeige. Unter der Zykloplupe befindet sich der aktuelle Tag des Monats, oben ist der aktuelle Wochentag ausgeschrieben zu lesen &#8211; \u00fcbrigens ist diese Anzeige in 26 verschiedenen Sprachen verf\u00fcgbar!<\/p>\n\n\n\n<p id=\"u22989-20\"><strong>Wir kaufen gebrauchte Rolex Uhren!<\/strong> Wenn Sie Ihre <strong>Rolex verkaufen<\/strong> m\u00f6chten, k\u00f6nnen Sie gerne unser <a href=\"https:\/\/www.uhrenankauf365.de\/uhr-verkaufen\/ankaufsformular\/\">Ankaufsformular<\/a> verwenden. Wir freuen uns auf Ihr Angebot!<\/p>\n\n\n\n<p id=\"u22989-28\"><a href=\"https:\/\/www.uhrenankauf365.de\/uhr-verkaufen\/ankauf-rolex-oyster-perpetual-day-date\/\">Hier<\/a> finden Sie weitere Informationen zum <a href=\"https:\/\/www.uhrenankauf365.de\/uhr-verkaufen\/ankauf-rolex-oyster-perpetual-day-date\/\">Ankauf von Rolex Day-Date-Uhren<\/a> und der Historie der Uhr.<\/p>\n","protected":false},"excerpt":{"rendered":"<p>Rolex als Wertanlage Die Wertstabilit\u00e4t von Uhren der Marke Rolex ist sehr hoch, so dass sich der Erwerb einer Rolex-Uhr durchaus als Wertanlage lohnt. Je nach Modell kann der Marktwert innerhalb von wenigen Jahren gestiegen sein, so dass Sie beim Verkauf Ihrer Rolex Gewinn erzielen k\u00f6nnen. Unter Sammlern sind folgende Modelle sehr beliebt und erzielen [&hellip;]<\/p>\n","protected":false},"author":1,"featured_media":0,"parent":0,"menu_order":0,"comment_status":"closed","ping_status":"closed","template":"","meta":{"footnotes":""},"class_list":["post-427","page","type-page","status-publish","hentry"],"yoast_head":"<!-- This site is optimized with the Yoast SEO plugin v27.4 - https:\/\/yoast.com\/product\/yoast-seo-wordpress\/ -->\n<title>Jetzt im Rolex Ankauf Ihre Uhr verkaufen &amp; Top-Preise erzielen.<\/title>\n<meta name=\"description\" content=\"Jetzt Ihre gebrauchte Rolex verkaufen und von unserer langen Erfahrung im Uhren Ankauf profitieren. Schnelle Auszahlung, faire Preise.\" \/>\n<meta name=\"robots\" content=\"index, follow, max-snippet:-1, max-image-preview:large, max-video-preview:-1\" \/>\n<link rel=\"canonical\" href=\"https:\/\/www.uhrenankauf365.de\/uhr-verkaufen\/rolex\/\" \/>\n<meta property=\"og:locale\" content=\"de_DE\" \/>\n<meta property=\"og:type\" content=\"article\" \/>\n<meta property=\"og:title\" content=\"Jetzt im Rolex Ankauf Ihre Uhr verkaufen &amp; Top-Preise erzielen.\" \/>\n<meta property=\"og:description\" content=\"Jetzt Ihre gebrauchte Rolex verkaufen und von unserer langen Erfahrung im Uhren Ankauf profitieren. Schnelle Auszahlung, faire Preise.\" \/>\n<meta property=\"og:url\" content=\"https:\/\/www.uhrenankauf365.de\/uhr-verkaufen\/rolex\/\" \/>\n<meta property=\"og:site_name\" content=\"Uhrenankauf 365\" \/>\n<meta property=\"article:modified_time\" content=\"2024-08-04T09:17:21+00:00\" \/>\n<meta property=\"og:image\" content=\"https:\/\/www.uhrenankauf365.de\/uhr-verkaufen\/wp-content\/uploads\/2020\/12\/rolex_ankauf.jpg\" \/>\n<meta name=\"twitter:card\" content=\"summary_large_image\" \/>\n<meta name=\"twitter:label1\" content=\"Gesch\u00e4tzte Lesezeit\" \/>\n\t<meta name=\"twitter:data1\" content=\"9\u00a0Minuten\" \/>\n<script type=\"application\/ld+json\" class=\"yoast-schema-graph\">{\"@context\":\"https:\\\/\\\/schema.org\",\"@graph\":[{\"@type\":\"WebPage\",\"@id\":\"https:\\\/\\\/www.uhrenankauf365.de\\\/uhr-verkaufen\\\/rolex\\\/\",\"url\":\"https:\\\/\\\/www.uhrenankauf365.de\\\/uhr-verkaufen\\\/rolex\\\/\",\"name\":\"Jetzt im Rolex Ankauf Ihre Uhr verkaufen & Top-Preise erzielen.\",\"isPartOf\":{\"@id\":\"https:\\\/\\\/www.uhrenankauf365.de\\\/uhr-verkaufen\\\/#website\"},\"primaryImageOfPage\":{\"@id\":\"https:\\\/\\\/www.uhrenankauf365.de\\\/uhr-verkaufen\\\/rolex\\\/#primaryimage\"},\"image\":{\"@id\":\"https:\\\/\\\/www.uhrenankauf365.de\\\/uhr-verkaufen\\\/rolex\\\/#primaryimage\"},\"thumbnailUrl\":\"https:\\\/\\\/www.uhrenankauf365.de\\\/uhr-verkaufen\\\/wp-content\\\/uploads\\\/2020\\\/12\\\/rolex_ankauf.jpg\",\"datePublished\":\"2020-12-06T14:12:44+00:00\",\"dateModified\":\"2024-08-04T09:17:21+00:00\",\"description\":\"Jetzt Ihre gebrauchte Rolex verkaufen und von unserer langen Erfahrung im Uhren Ankauf profitieren. Schnelle Auszahlung, faire Preise.\",\"breadcrumb\":{\"@id\":\"https:\\\/\\\/www.uhrenankauf365.de\\\/uhr-verkaufen\\\/rolex\\\/#breadcrumb\"},\"inLanguage\":\"de\",\"potentialAction\":[{\"@type\":\"ReadAction\",\"target\":[\"https:\\\/\\\/www.uhrenankauf365.de\\\/uhr-verkaufen\\\/rolex\\\/\"]}]},{\"@type\":\"ImageObject\",\"inLanguage\":\"de\",\"@id\":\"https:\\\/\\\/www.uhrenankauf365.de\\\/uhr-verkaufen\\\/rolex\\\/#primaryimage\",\"url\":\"https:\\\/\\\/www.uhrenankauf365.de\\\/uhr-verkaufen\\\/wp-content\\\/uploads\\\/2020\\\/12\\\/rolex_ankauf.jpg\",\"contentUrl\":\"https:\\\/\\\/www.uhrenankauf365.de\\\/uhr-verkaufen\\\/wp-content\\\/uploads\\\/2020\\\/12\\\/rolex_ankauf.jpg\",\"width\":405,\"height\":600},{\"@type\":\"BreadcrumbList\",\"@id\":\"https:\\\/\\\/www.uhrenankauf365.de\\\/uhr-verkaufen\\\/rolex\\\/#breadcrumb\",\"itemListElement\":[{\"@type\":\"ListItem\",\"position\":1,\"name\":\"Startseite\",\"item\":\"https:\\\/\\\/www.uhrenankauf365.de\\\/uhr-verkaufen\\\/\"},{\"@type\":\"ListItem\",\"position\":2,\"name\":\"Ankauf Rolex &#8211; hier direkt online Ihre Rolex verkaufen!\"}]},{\"@type\":\"WebSite\",\"@id\":\"https:\\\/\\\/www.uhrenankauf365.de\\\/uhr-verkaufen\\\/#website\",\"url\":\"https:\\\/\\\/www.uhrenankauf365.de\\\/uhr-verkaufen\\\/\",\"name\":\"Uhrenankauf 365\",\"description\":\"Jetzt Ihre Luxusuhr verkaufen!\",\"publisher\":{\"@id\":\"https:\\\/\\\/www.uhrenankauf365.de\\\/uhr-verkaufen\\\/#organization\"},\"potentialAction\":[{\"@type\":\"SearchAction\",\"target\":{\"@type\":\"EntryPoint\",\"urlTemplate\":\"https:\\\/\\\/www.uhrenankauf365.de\\\/uhr-verkaufen\\\/?s={search_term_string}\"},\"query-input\":{\"@type\":\"PropertyValueSpecification\",\"valueRequired\":true,\"valueName\":\"search_term_string\"}}],\"inLanguage\":\"de\"},{\"@type\":\"Organization\",\"@id\":\"https:\\\/\\\/www.uhrenankauf365.de\\\/uhr-verkaufen\\\/#organization\",\"name\":\"uhrenankauf365.de, Anke Michels\",\"url\":\"https:\\\/\\\/www.uhrenankauf365.de\\\/uhr-verkaufen\\\/\",\"logo\":{\"@type\":\"ImageObject\",\"inLanguage\":\"de\",\"@id\":\"https:\\\/\\\/www.uhrenankauf365.de\\\/uhr-verkaufen\\\/#\\\/schema\\\/logo\\\/image\\\/\",\"url\":\"https:\\\/\\\/www.uhrenankauf365.de\\\/uhr-verkaufen\\\/wp-content\\\/uploads\\\/2020\\\/11\\\/logo_uhrenankauf.png\",\"contentUrl\":\"https:\\\/\\\/www.uhrenankauf365.de\\\/uhr-verkaufen\\\/wp-content\\\/uploads\\\/2020\\\/11\\\/logo_uhrenankauf.png\",\"width\":98,\"height\":100,\"caption\":\"uhrenankauf365.de, Anke Michels\"},\"image\":{\"@id\":\"https:\\\/\\\/www.uhrenankauf365.de\\\/uhr-verkaufen\\\/#\\\/schema\\\/logo\\\/image\\\/\"}}]}<\/script>\n<!-- \/ Yoast SEO plugin. -->","yoast_head_json":{"title":"Jetzt im Rolex Ankauf Ihre Uhr verkaufen & Top-Preise erzielen.","description":"Jetzt Ihre gebrauchte Rolex verkaufen und von unserer langen Erfahrung im Uhren Ankauf profitieren. Schnelle Auszahlung, faire Preise.","robots":{"index":"index","follow":"follow","max-snippet":"max-snippet:-1","max-image-preview":"max-image-preview:large","max-video-preview":"max-video-preview:-1"},"canonical":"https:\/\/www.uhrenankauf365.de\/uhr-verkaufen\/rolex\/","og_locale":"de_DE","og_type":"article","og_title":"Jetzt im Rolex Ankauf Ihre Uhr verkaufen & Top-Preise erzielen.","og_description":"Jetzt Ihre gebrauchte Rolex verkaufen und von unserer langen Erfahrung im Uhren Ankauf profitieren. Schnelle Auszahlung, faire Preise.","og_url":"https:\/\/www.uhrenankauf365.de\/uhr-verkaufen\/rolex\/","og_site_name":"Uhrenankauf 365","article_modified_time":"2024-08-04T09:17:21+00:00","og_image":[{"url":"https:\/\/www.uhrenankauf365.de\/uhr-verkaufen\/wp-content\/uploads\/2020\/12\/rolex_ankauf.jpg","type":"","width":"","height":""}],"twitter_card":"summary_large_image","twitter_misc":{"Gesch\u00e4tzte Lesezeit":"9\u00a0Minuten"},"schema":{"@context":"https:\/\/schema.org","@graph":[{"@type":"WebPage","@id":"https:\/\/www.uhrenankauf365.de\/uhr-verkaufen\/rolex\/","url":"https:\/\/www.uhrenankauf365.de\/uhr-verkaufen\/rolex\/","name":"Jetzt im Rolex Ankauf Ihre Uhr verkaufen & Top-Preise erzielen.","isPartOf":{"@id":"https:\/\/www.uhrenankauf365.de\/uhr-verkaufen\/#website"},"primaryImageOfPage":{"@id":"https:\/\/www.uhrenankauf365.de\/uhr-verkaufen\/rolex\/#primaryimage"},"image":{"@id":"https:\/\/www.uhrenankauf365.de\/uhr-verkaufen\/rolex\/#primaryimage"},"thumbnailUrl":"https:\/\/www.uhrenankauf365.de\/uhr-verkaufen\/wp-content\/uploads\/2020\/12\/rolex_ankauf.jpg","datePublished":"2020-12-06T14:12:44+00:00","dateModified":"2024-08-04T09:17:21+00:00","description":"Jetzt Ihre gebrauchte Rolex verkaufen und von unserer langen Erfahrung im Uhren Ankauf profitieren. Schnelle Auszahlung, faire Preise.","breadcrumb":{"@id":"https:\/\/www.uhrenankauf365.de\/uhr-verkaufen\/rolex\/#breadcrumb"},"inLanguage":"de","potentialAction":[{"@type":"ReadAction","target":["https:\/\/www.uhrenankauf365.de\/uhr-verkaufen\/rolex\/"]}]},{"@type":"ImageObject","inLanguage":"de","@id":"https:\/\/www.uhrenankauf365.de\/uhr-verkaufen\/rolex\/#primaryimage","url":"https:\/\/www.uhrenankauf365.de\/uhr-verkaufen\/wp-content\/uploads\/2020\/12\/rolex_ankauf.jpg","contentUrl":"https:\/\/www.uhrenankauf365.de\/uhr-verkaufen\/wp-content\/uploads\/2020\/12\/rolex_ankauf.jpg","width":405,"height":600},{"@type":"BreadcrumbList","@id":"https:\/\/www.uhrenankauf365.de\/uhr-verkaufen\/rolex\/#breadcrumb","itemListElement":[{"@type":"ListItem","position":1,"name":"Startseite","item":"https:\/\/www.uhrenankauf365.de\/uhr-verkaufen\/"},{"@type":"ListItem","position":2,"name":"Ankauf Rolex &#8211; hier direkt online Ihre Rolex verkaufen!"}]},{"@type":"WebSite","@id":"https:\/\/www.uhrenankauf365.de\/uhr-verkaufen\/#website","url":"https:\/\/www.uhrenankauf365.de\/uhr-verkaufen\/","name":"Uhrenankauf 365","description":"Jetzt Ihre Luxusuhr verkaufen!","publisher":{"@id":"https:\/\/www.uhrenankauf365.de\/uhr-verkaufen\/#organization"},"potentialAction":[{"@type":"SearchAction","target":{"@type":"EntryPoint","urlTemplate":"https:\/\/www.uhrenankauf365.de\/uhr-verkaufen\/?s={search_term_string}"},"query-input":{"@type":"PropertyValueSpecification","valueRequired":true,"valueName":"search_term_string"}}],"inLanguage":"de"},{"@type":"Organization","@id":"https:\/\/www.uhrenankauf365.de\/uhr-verkaufen\/#organization","name":"uhrenankauf365.de, Anke Michels","url":"https:\/\/www.uhrenankauf365.de\/uhr-verkaufen\/","logo":{"@type":"ImageObject","inLanguage":"de","@id":"https:\/\/www.uhrenankauf365.de\/uhr-verkaufen\/#\/schema\/logo\/image\/","url":"https:\/\/www.uhrenankauf365.de\/uhr-verkaufen\/wp-content\/uploads\/2020\/11\/logo_uhrenankauf.png","contentUrl":"https:\/\/www.uhrenankauf365.de\/uhr-verkaufen\/wp-content\/uploads\/2020\/11\/logo_uhrenankauf.png","width":98,"height":100,"caption":"uhrenankauf365.de, Anke Michels"},"image":{"@id":"https:\/\/www.uhrenankauf365.de\/uhr-verkaufen\/#\/schema\/logo\/image\/"}}]}},"_links":{"self":[{"href":"https:\/\/www.uhrenankauf365.de\/uhr-verkaufen\/wp-json\/wp\/v2\/pages\/427","targetHints":{"allow":["GET"]}}],"collection":[{"href":"https:\/\/www.uhrenankauf365.de\/uhr-verkaufen\/wp-json\/wp\/v2\/pages"}],"about":[{"href":"https:\/\/www.uhrenankauf365.de\/uhr-verkaufen\/wp-json\/wp\/v2\/types\/page"}],"author":[{"embeddable":true,"href":"https:\/\/www.uhrenankauf365.de\/uhr-verkaufen\/wp-json\/wp\/v2\/users\/1"}],"replies":[{"embeddable":true,"href":"https:\/\/www.uhrenankauf365.de\/uhr-verkaufen\/wp-json\/wp\/v2\/comments?post=427"}],"version-history":[{"count":32,"href":"https:\/\/www.uhrenankauf365.de\/uhr-verkaufen\/wp-json\/wp\/v2\/pages\/427\/revisions"}],"predecessor-version":[{"id":1889,"href":"https:\/\/www.uhrenankauf365.de\/uhr-verkaufen\/wp-json\/wp\/v2\/pages\/427\/revisions\/1889"}],"wp:attachment":[{"href":"https:\/\/www.uhrenankauf365.de\/uhr-verkaufen\/wp-json\/wp\/v2\/media?parent=427"}],"curies":[{"name":"wp","href":"https:\/\/api.w.org\/{rel}","templated":true}]}}