{"id":2389,"date":"2025-06-12T09:56:26","date_gmt":"2025-06-12T07:56:26","guid":{"rendered":"https:\/\/www.uhrenankauf365.de\/uhr-verkaufen\/?page_id=2389"},"modified":"2025-06-12T11:07:55","modified_gmt":"2025-06-12T09:07:55","slug":"ankauf-piaget-beta-21","status":"publish","type":"page","link":"https:\/\/www.uhrenankauf365.de\/uhr-verkaufen\/ankauf-piaget-beta-21\/","title":{"rendered":"Wir kaufen Ihre Piaget Beta 21"},"content":{"rendered":"\n<p>Sie sind im Besitz einer <strong>Piaget Beta 21<\/strong> und m\u00f6chten diese Luxusuhr verkaufen? Dann nutzen Sie jetzt die M\u00f6glichkeit, das <a href=\"https:\/\/www.uhrenankauf365.de\/uhr-verkaufen\/ankaufsformular\/\">Formular f\u00fcr den Uhrenankauf<\/a> auszuf\u00fcllen, so dass wir Ihnen zeitnah ein Angebot machen k\u00f6nnen.<\/p>\n\n\n<div class=\"wp-bootstrap-blocks-container container mb-5 uak_heller_hintergrund_line_height_normal text-center p-4 mt-4\">\n\t\n\n<h3 class=\"wp-block-heading\" id=\"u1363-2\">Wir kaufen Luxusuhren!<\/h3>\n\n\n\n<p id=\"u1363-4\"><strong>Profitieren Sie&nbsp;von unserer jahrzehntelangen Erfahrung im Uhrenhandel!<\/strong><\/p>\n\n\n\n<p><a class=\"btn btn-primary btn-lg\" href=\"https:\/\/www.uhrenankauf365.de\/uhr-verkaufen\/ankaufsformular\/\">Zum Ankaufsformular<\/a><\/p>\n\n<\/div>\n\n\n\n<hr class=\"wp-block-separator has-alpha-channel-opacity\"\/>\n\n\n\n<div class=\"wp-block-columns is-layout-flex wp-container-core-columns-is-layout-9d6595d7 wp-block-columns-is-layout-flex\">\n<div class=\"wp-block-column is-layout-flow wp-block-column-is-layout-flow\">\n<div class=\"wp-block-group\"><div class=\"wp-block-group__inner-container is-layout-constrained wp-block-group-is-layout-constrained\">\n<h2 class=\"wp-block-heading\">Je seltener, desto wertvoller!<\/h2>\n\n\n\n<p>Die Piaget Beta 21 stellt einen der bedeutendsten Meilensteine in der Geschichte der Schweizer Uhrmacherkunst dar. Als eine der ersten Luxusuhren mit Quarzwerk markierte sie 1969 einen Wendepunkt f\u00fcr die gesamte Branche und demonstrierte eindrucksvoll die Innovationskraft von Piaget. Als Ank\u00e4ufer mit langj\u00e4hriger Erfahrung im Handel mit Luxusuhren seit 1998, erkennen wir den besonderen Wert dieser Zeitmesser und bieten Ihnen eine kompetente, faire Bewertung und einen <a href=\"https:\/\/www.uhrenankauf365.de\/uhr-verkaufen\/uhren-ankauf-365\/\">seri\u00f6sen Ankauf<\/a> Ihrer Piaget Beta 21 an.<\/p>\n\n\n\n<p>Die Beta 21 ist eine Luxusuhr, keine Frage. Und dann gibt es noch Sondermodelle, die diesen Titel sogar noch mehr verdienen. Zum Beispiel <a href=\"https:\/\/www.nobeluhren-store.de\/uhren\/piaget-14105-seltene-beta-21-mit-original-pave-diamant-besatz-41mm-1969-de\" target=\"_blank\" rel=\"noreferrer noopener\">die seltene Piaget Beta 21<\/a> mit der Referenz <strong>14105<\/strong> in 18k Wei\u00dfgold und Pave Diamantzifferblatt mit <strong>Saphir<\/strong>-Indexen auf 3, 6, 9 und 12 Uhr, siehe Foto. Von dieser speziellen Uhr wurden nur sehr wenige produziert, was sie im Ankauf wertvoll macht, da sie bei Sammlern sehr beliebt ist.<\/p>\n\n\n\n<p>\ud83d\udca1Wussten Sie schon? Im Gegensatz zu heutigen Quarzwerken bewegt sich der Sekundenzeiger der Beta 21 nicht springend, sondern in einem sanften, schwingenden Rhythmus \u2013 ein Charakteristikum, das Sammler und Liebhaber klassischer Uhren bis heute begeistert<a href=\"https:\/\/www.uhren-wiki.com\/doku.php?id=beta_21\" target=\"_blank\" rel=\"noreferrer noopener\"><\/a>.<\/p>\n<\/div><\/div>\n<\/div>\n\n\n\n<div class=\"wp-block-column is-layout-flow wp-block-column-is-layout-flow\">\n<figure class=\"wp-block-image size-full\"><img loading=\"lazy\" decoding=\"async\" width=\"600\" height=\"953\" src=\"https:\/\/www.uhrenankauf365.de\/uhr-verkaufen\/wp-content\/uploads\/2025\/06\/ankauf-piaget-beta21.webp\" alt=\"Diamantbesetzte Piaget Beta 21\" class=\"wp-image-2390\" srcset=\"https:\/\/www.uhrenankauf365.de\/uhr-verkaufen\/wp-content\/uploads\/2025\/06\/ankauf-piaget-beta21.webp 600w, https:\/\/www.uhrenankauf365.de\/uhr-verkaufen\/wp-content\/uploads\/2025\/06\/ankauf-piaget-beta21-189x300.webp 189w\" sizes=\"auto, (max-width: 600px) 100vw, 600px\" \/><\/figure>\n<\/div>\n<\/div>\n\n\n\n<h2 class=\"wp-block-heading\">Au\u00dfergew\u00f6hnliche Geh\u00e4use<\/h2>\n\n\n\n<p>Piaget hat die Beta 21 in au\u00dfergew\u00f6hnlichen Geh\u00e4usen aus massivem Gold pr\u00e4sentiert, die durch ihre monumentale Gr\u00f6\u00dfe und das hervorragende Handwerksvolumen auffallen. Die Uhren sind nicht nur technisch beeindruckend, sondern auch in ihrer Gestaltung einzigartig: Die charakteristischen Godrons auf der L\u00fcnette, wie sie bei der <a href=\"https:\/\/www.nobeluhren-store.de\/uhren\/piaget-14101-c-10-sehr-seltene-beta-21-rectangle-a-lancienne-orig-goldband-de\">Piaget 14101<\/a> erstmals verwendet wurden, zeugen von der au\u00dfergew\u00f6hnlichen Goldschmiedekunst der Maison. Die Kombination aus innovativer Technologie und opulenter Materialverarbeitung macht diese Zeitmesser zu begehrten Sammlerst\u00fccken, weshalb Sie im Uhrenankauf eine faire Auszahlung erwarten d\u00fcrfen, die f\u00fcr beide Seiten zufriedenstellend ist.<\/p>\n\n\n\n<div class=\"wp-block-columns is-layout-flex wp-container-core-columns-is-layout-9d6595d7 wp-block-columns-is-layout-flex\">\n<div class=\"wp-block-column is-layout-flow wp-block-column-is-layout-flow\">\n<figure class=\"wp-block-image size-large\"><img loading=\"lazy\" decoding=\"async\" width=\"1024\" height=\"692\" src=\"https:\/\/www.uhrenankauf365.de\/uhr-verkaufen\/wp-content\/uploads\/2025\/06\/piaget_beta_21_edle_luxusuhr_ankauf_foto-1024x692.jpg\" alt=\"Luxusuhr Piaget Beta 21 auf einem Holztisch liegend\" class=\"wp-image-2403\" style=\"aspect-ratio:1;object-fit:cover\" srcset=\"https:\/\/www.uhrenankauf365.de\/uhr-verkaufen\/wp-content\/uploads\/2025\/06\/piaget_beta_21_edle_luxusuhr_ankauf_foto-1024x692.jpg 1024w, https:\/\/www.uhrenankauf365.de\/uhr-verkaufen\/wp-content\/uploads\/2025\/06\/piaget_beta_21_edle_luxusuhr_ankauf_foto-300x203.jpg 300w, https:\/\/www.uhrenankauf365.de\/uhr-verkaufen\/wp-content\/uploads\/2025\/06\/piaget_beta_21_edle_luxusuhr_ankauf_foto-768x519.jpg 768w, https:\/\/www.uhrenankauf365.de\/uhr-verkaufen\/wp-content\/uploads\/2025\/06\/piaget_beta_21_edle_luxusuhr_ankauf_foto-1536x1039.jpg 1536w, https:\/\/www.uhrenankauf365.de\/uhr-verkaufen\/wp-content\/uploads\/2025\/06\/piaget_beta_21_edle_luxusuhr_ankauf_foto-2048x1385.jpg 2048w\" sizes=\"auto, (max-width: 1024px) 100vw, 1024px\" \/><\/figure>\n<\/div>\n\n\n\n<div class=\"wp-block-column is-layout-flow wp-block-column-is-layout-flow\">\n<h2 class=\"wp-block-heading\">Warum ist die Beta 21 im Ankauf so beliebt?<\/h2>\n\n\n\n<p>\u2705 Nur rund 6.000 Beta 21-Uhrwerke wurden produziert, was die Uhren zu echten Rarit\u00e4ten macht<\/p>\n\n\n\n<p>\u2705 Die Beta 21 war eine der ersten Quarzuhren \u00fcberhaupt und steht f\u00fcr den technologischen Aufbruch der Schweizer Uhrenindustrie in die Moderne<\/p>\n\n\n\n<p>\u2705 Die Geh\u00e4use und Armb\u00e4nder wurden in aufwendiger Handarbeit aus massivem Gold gefertigt und sind oft in ungew\u00f6hnlichen, futuristischen Formen gestaltet<\/p>\n\n\n\n<p>\u2705 Aufgrund ihrer begrenzten St\u00fcckzahl, ihrer technischen Bedeutung und ihres exklusiven Designs erzielen Piaget Beta 21-Uhren auf dem Markt f\u00fcr Luxusuhren regelm\u00e4\u00dfig hohe Preise und sind bei Sammlern \u00e4u\u00dferst gefragt.<\/p>\n\n\n<div class=\"wp-bootstrap-blocks-button\">\n\t<a\n\t\thref=\"https:\/\/www.uhrenankauf365.de\/uhr-verkaufen\/ankaufsformular\/\"\n\t\t\t\t\t\tclass=\"btn btn-secondary\"\n\t>\n\t\tPreis jetzt erfahren\t<\/a>\n<\/div>\n<\/div>\n<\/div>\n\n\n\n<h2 class=\"wp-block-heading\">Verkaufen Sie ein ganzes Set?<\/h2>\n\n\n\n<div class=\"wp-block-columns is-layout-flex wp-container-core-columns-is-layout-9d6595d7 wp-block-columns-is-layout-flex\">\n<div class=\"wp-block-column is-layout-flow wp-block-column-is-layout-flow\">\n<p>Wenn Sie Ihre Uhr im ganzen Set inklusive Box, Zertifikat und Zubeh\u00f6r verkaufen, ist die Wahrscheinlichkeit gro\u00df, dass Sie einen h\u00f6heren Preis bei der Auszahlung auf Ihr Bankkonto erzielen k\u00f6nnen.<\/p>\n\n\n\n<p>Auch Nachweise \u00fcber durchgef\u00fchrte Wartungen an der Uhr, zum Beispiel in Form einer Rechnung, sollten Sie unbedingt beilegen. Diese sind f\u00fcr die Einsch\u00e4tzung des Wertes Ihrer Beta 21 nicht unwichtig.<\/p>\n\n\n\n<p>Wir freuen uns auf Ihr Angebot!<\/p>\n\n\n<div class=\"wp-bootstrap-blocks-button\">\n\t<a\n\t\thref=\"https:\/\/www.uhrenankauf365.de\/uhr-verkaufen\/ankaufsformular\/\"\n\t\t\t\t\t\tclass=\"btn btn-primary\"\n\t>\n\t\tAnkaufsformular ausf\u00fcllen &gt;\t<\/a>\n<\/div>\n<\/div>\n\n\n\n<div class=\"wp-block-column is-layout-flow wp-block-column-is-layout-flow\">\n<figure class=\"wp-block-image size-large\"><img loading=\"lazy\" decoding=\"async\" width=\"1024\" height=\"708\" src=\"https:\/\/www.uhrenankauf365.de\/uhr-verkaufen\/wp-content\/uploads\/2025\/06\/piaget_beta_21_ganzes_set_ankauf-1024x708.jpg\" alt=\"Eine Piaget Beta 21 im vollst\u00e4ndigen Set\" class=\"wp-image-2414\" srcset=\"https:\/\/www.uhrenankauf365.de\/uhr-verkaufen\/wp-content\/uploads\/2025\/06\/piaget_beta_21_ganzes_set_ankauf-1024x708.jpg 1024w, https:\/\/www.uhrenankauf365.de\/uhr-verkaufen\/wp-content\/uploads\/2025\/06\/piaget_beta_21_ganzes_set_ankauf-300x207.jpg 300w, https:\/\/www.uhrenankauf365.de\/uhr-verkaufen\/wp-content\/uploads\/2025\/06\/piaget_beta_21_ganzes_set_ankauf-768x531.jpg 768w, https:\/\/www.uhrenankauf365.de\/uhr-verkaufen\/wp-content\/uploads\/2025\/06\/piaget_beta_21_ganzes_set_ankauf-1536x1062.jpg 1536w, https:\/\/www.uhrenankauf365.de\/uhr-verkaufen\/wp-content\/uploads\/2025\/06\/piaget_beta_21_ganzes_set_ankauf-2048x1416.jpg 2048w\" sizes=\"auto, (max-width: 1024px) 100vw, 1024px\" \/><\/figure>\n<\/div>\n<\/div>\n","protected":false},"excerpt":{"rendered":"<p>Sie sind im Besitz einer Piaget Beta 21 und m\u00f6chten diese Luxusuhr verkaufen? Dann nutzen Sie jetzt die M\u00f6glichkeit, das Formular f\u00fcr den Uhrenankauf auszuf\u00fcllen, so dass wir Ihnen zeitnah ein Angebot machen k\u00f6nnen. Je seltener, desto wertvoller! Die Piaget Beta 21 stellt einen der bedeutendsten Meilensteine in der Geschichte der Schweizer Uhrmacherkunst dar. Als [&hellip;]<\/p>\n","protected":false},"author":1,"featured_media":0,"parent":0,"menu_order":0,"comment_status":"closed","ping_status":"closed","template":"","meta":{"footnotes":""},"class_list":["post-2389","page","type-page","status-publish","hentry"],"yoast_head":"<!-- This site is optimized with the Yoast SEO plugin v27.3 - https:\/\/yoast.com\/product\/yoast-seo-wordpress\/ -->\n<title>Wir kaufen Ihre Piaget Beta 21 - Uhrenankauf 365<\/title>\n<meta name=\"description\" content=\"Verkaufen Sie jetzt Ihre Piaget Beta 21 und erhalten Sie eine schnelle Auszahlung auf Ihr Bankkonto. Seri\u00f6s und schnell, seit 1998.\" \/>\n<meta name=\"robots\" content=\"index, follow, max-snippet:-1, max-image-preview:large, max-video-preview:-1\" \/>\n<link rel=\"canonical\" href=\"https:\/\/www.uhrenankauf365.de\/uhr-verkaufen\/ankauf-piaget-beta-21\/\" \/>\n<meta property=\"og:locale\" content=\"de_DE\" \/>\n<meta property=\"og:type\" content=\"article\" \/>\n<meta property=\"og:title\" content=\"Wir kaufen Ihre Piaget Beta 21 - Uhrenankauf 365\" \/>\n<meta property=\"og:description\" content=\"Verkaufen Sie jetzt Ihre Piaget Beta 21 und erhalten Sie eine schnelle Auszahlung auf Ihr Bankkonto. Seri\u00f6s und schnell, seit 1998.\" \/>\n<meta property=\"og:url\" content=\"https:\/\/www.uhrenankauf365.de\/uhr-verkaufen\/ankauf-piaget-beta-21\/\" \/>\n<meta property=\"og:site_name\" content=\"Uhrenankauf 365\" \/>\n<meta property=\"article:modified_time\" content=\"2025-06-12T09:07:55+00:00\" \/>\n<meta property=\"og:image\" content=\"https:\/\/www.uhrenankauf365.de\/uhr-verkaufen\/wp-content\/uploads\/2025\/06\/ankauf-piaget-beta21.webp\" \/>\n\t<meta property=\"og:image:width\" content=\"600\" \/>\n\t<meta property=\"og:image:height\" content=\"953\" \/>\n\t<meta property=\"og:image:type\" content=\"image\/webp\" \/>\n<meta name=\"twitter:card\" content=\"summary_large_image\" \/>\n<meta name=\"twitter:label1\" content=\"Gesch\u00e4tzte Lesezeit\" \/>\n\t<meta name=\"twitter:data1\" content=\"4\u00a0Minuten\" \/>\n<script type=\"application\/ld+json\" class=\"yoast-schema-graph\">{\"@context\":\"https:\\\/\\\/schema.org\",\"@graph\":[{\"@type\":\"WebPage\",\"@id\":\"https:\\\/\\\/www.uhrenankauf365.de\\\/uhr-verkaufen\\\/ankauf-piaget-beta-21\\\/\",\"url\":\"https:\\\/\\\/www.uhrenankauf365.de\\\/uhr-verkaufen\\\/ankauf-piaget-beta-21\\\/\",\"name\":\"Wir kaufen Ihre Piaget Beta 21 - Uhrenankauf 365\",\"isPartOf\":{\"@id\":\"https:\\\/\\\/www.uhrenankauf365.de\\\/uhr-verkaufen\\\/#website\"},\"primaryImageOfPage\":{\"@id\":\"https:\\\/\\\/www.uhrenankauf365.de\\\/uhr-verkaufen\\\/ankauf-piaget-beta-21\\\/#primaryimage\"},\"image\":{\"@id\":\"https:\\\/\\\/www.uhrenankauf365.de\\\/uhr-verkaufen\\\/ankauf-piaget-beta-21\\\/#primaryimage\"},\"thumbnailUrl\":\"https:\\\/\\\/www.uhrenankauf365.de\\\/uhr-verkaufen\\\/wp-content\\\/uploads\\\/2025\\\/06\\\/ankauf-piaget-beta21.webp\",\"datePublished\":\"2025-06-12T07:56:26+00:00\",\"dateModified\":\"2025-06-12T09:07:55+00:00\",\"description\":\"Verkaufen Sie jetzt Ihre Piaget Beta 21 und erhalten Sie eine schnelle Auszahlung auf Ihr Bankkonto. Seri\u00f6s und schnell, seit 1998.\",\"breadcrumb\":{\"@id\":\"https:\\\/\\\/www.uhrenankauf365.de\\\/uhr-verkaufen\\\/ankauf-piaget-beta-21\\\/#breadcrumb\"},\"inLanguage\":\"de\",\"potentialAction\":[{\"@type\":\"ReadAction\",\"target\":[\"https:\\\/\\\/www.uhrenankauf365.de\\\/uhr-verkaufen\\\/ankauf-piaget-beta-21\\\/\"]}]},{\"@type\":\"ImageObject\",\"inLanguage\":\"de\",\"@id\":\"https:\\\/\\\/www.uhrenankauf365.de\\\/uhr-verkaufen\\\/ankauf-piaget-beta-21\\\/#primaryimage\",\"url\":\"https:\\\/\\\/www.uhrenankauf365.de\\\/uhr-verkaufen\\\/wp-content\\\/uploads\\\/2025\\\/06\\\/ankauf-piaget-beta21.webp\",\"contentUrl\":\"https:\\\/\\\/www.uhrenankauf365.de\\\/uhr-verkaufen\\\/wp-content\\\/uploads\\\/2025\\\/06\\\/ankauf-piaget-beta21.webp\",\"width\":600,\"height\":953},{\"@type\":\"BreadcrumbList\",\"@id\":\"https:\\\/\\\/www.uhrenankauf365.de\\\/uhr-verkaufen\\\/ankauf-piaget-beta-21\\\/#breadcrumb\",\"itemListElement\":[{\"@type\":\"ListItem\",\"position\":1,\"name\":\"Startseite\",\"item\":\"https:\\\/\\\/www.uhrenankauf365.de\\\/uhr-verkaufen\\\/\"},{\"@type\":\"ListItem\",\"position\":2,\"name\":\"Wir kaufen Ihre Piaget Beta 21\"}]},{\"@type\":\"WebSite\",\"@id\":\"https:\\\/\\\/www.uhrenankauf365.de\\\/uhr-verkaufen\\\/#website\",\"url\":\"https:\\\/\\\/www.uhrenankauf365.de\\\/uhr-verkaufen\\\/\",\"name\":\"Uhrenankauf 365\",\"description\":\"Jetzt Ihre Luxusuhr verkaufen!\",\"publisher\":{\"@id\":\"https:\\\/\\\/www.uhrenankauf365.de\\\/uhr-verkaufen\\\/#organization\"},\"potentialAction\":[{\"@type\":\"SearchAction\",\"target\":{\"@type\":\"EntryPoint\",\"urlTemplate\":\"https:\\\/\\\/www.uhrenankauf365.de\\\/uhr-verkaufen\\\/?s={search_term_string}\"},\"query-input\":{\"@type\":\"PropertyValueSpecification\",\"valueRequired\":true,\"valueName\":\"search_term_string\"}}],\"inLanguage\":\"de\"},{\"@type\":\"Organization\",\"@id\":\"https:\\\/\\\/www.uhrenankauf365.de\\\/uhr-verkaufen\\\/#organization\",\"name\":\"uhrenankauf365.de, Anke Michels\",\"url\":\"https:\\\/\\\/www.uhrenankauf365.de\\\/uhr-verkaufen\\\/\",\"logo\":{\"@type\":\"ImageObject\",\"inLanguage\":\"de\",\"@id\":\"https:\\\/\\\/www.uhrenankauf365.de\\\/uhr-verkaufen\\\/#\\\/schema\\\/logo\\\/image\\\/\",\"url\":\"https:\\\/\\\/www.uhrenankauf365.de\\\/uhr-verkaufen\\\/wp-content\\\/uploads\\\/2020\\\/11\\\/logo_uhrenankauf.png\",\"contentUrl\":\"https:\\\/\\\/www.uhrenankauf365.de\\\/uhr-verkaufen\\\/wp-content\\\/uploads\\\/2020\\\/11\\\/logo_uhrenankauf.png\",\"width\":98,\"height\":100,\"caption\":\"uhrenankauf365.de, Anke Michels\"},\"image\":{\"@id\":\"https:\\\/\\\/www.uhrenankauf365.de\\\/uhr-verkaufen\\\/#\\\/schema\\\/logo\\\/image\\\/\"}}]}<\/script>\n<!-- \/ Yoast SEO plugin. -->","yoast_head_json":{"title":"Wir kaufen Ihre Piaget Beta 21 - Uhrenankauf 365","description":"Verkaufen Sie jetzt Ihre Piaget Beta 21 und erhalten Sie eine schnelle Auszahlung auf Ihr Bankkonto. Seri\u00f6s und schnell, seit 1998.","robots":{"index":"index","follow":"follow","max-snippet":"max-snippet:-1","max-image-preview":"max-image-preview:large","max-video-preview":"max-video-preview:-1"},"canonical":"https:\/\/www.uhrenankauf365.de\/uhr-verkaufen\/ankauf-piaget-beta-21\/","og_locale":"de_DE","og_type":"article","og_title":"Wir kaufen Ihre Piaget Beta 21 - Uhrenankauf 365","og_description":"Verkaufen Sie jetzt Ihre Piaget Beta 21 und erhalten Sie eine schnelle Auszahlung auf Ihr Bankkonto. Seri\u00f6s und schnell, seit 1998.","og_url":"https:\/\/www.uhrenankauf365.de\/uhr-verkaufen\/ankauf-piaget-beta-21\/","og_site_name":"Uhrenankauf 365","article_modified_time":"2025-06-12T09:07:55+00:00","og_image":[{"width":600,"height":953,"url":"https:\/\/www.uhrenankauf365.de\/uhr-verkaufen\/wp-content\/uploads\/2025\/06\/ankauf-piaget-beta21.webp","type":"image\/webp"}],"twitter_card":"summary_large_image","twitter_misc":{"Gesch\u00e4tzte Lesezeit":"4\u00a0Minuten"},"schema":{"@context":"https:\/\/schema.org","@graph":[{"@type":"WebPage","@id":"https:\/\/www.uhrenankauf365.de\/uhr-verkaufen\/ankauf-piaget-beta-21\/","url":"https:\/\/www.uhrenankauf365.de\/uhr-verkaufen\/ankauf-piaget-beta-21\/","name":"Wir kaufen Ihre Piaget Beta 21 - Uhrenankauf 365","isPartOf":{"@id":"https:\/\/www.uhrenankauf365.de\/uhr-verkaufen\/#website"},"primaryImageOfPage":{"@id":"https:\/\/www.uhrenankauf365.de\/uhr-verkaufen\/ankauf-piaget-beta-21\/#primaryimage"},"image":{"@id":"https:\/\/www.uhrenankauf365.de\/uhr-verkaufen\/ankauf-piaget-beta-21\/#primaryimage"},"thumbnailUrl":"https:\/\/www.uhrenankauf365.de\/uhr-verkaufen\/wp-content\/uploads\/2025\/06\/ankauf-piaget-beta21.webp","datePublished":"2025-06-12T07:56:26+00:00","dateModified":"2025-06-12T09:07:55+00:00","description":"Verkaufen Sie jetzt Ihre Piaget Beta 21 und erhalten Sie eine schnelle Auszahlung auf Ihr Bankkonto. Seri\u00f6s und schnell, seit 1998.","breadcrumb":{"@id":"https:\/\/www.uhrenankauf365.de\/uhr-verkaufen\/ankauf-piaget-beta-21\/#breadcrumb"},"inLanguage":"de","potentialAction":[{"@type":"ReadAction","target":["https:\/\/www.uhrenankauf365.de\/uhr-verkaufen\/ankauf-piaget-beta-21\/"]}]},{"@type":"ImageObject","inLanguage":"de","@id":"https:\/\/www.uhrenankauf365.de\/uhr-verkaufen\/ankauf-piaget-beta-21\/#primaryimage","url":"https:\/\/www.uhrenankauf365.de\/uhr-verkaufen\/wp-content\/uploads\/2025\/06\/ankauf-piaget-beta21.webp","contentUrl":"https:\/\/www.uhrenankauf365.de\/uhr-verkaufen\/wp-content\/uploads\/2025\/06\/ankauf-piaget-beta21.webp","width":600,"height":953},{"@type":"BreadcrumbList","@id":"https:\/\/www.uhrenankauf365.de\/uhr-verkaufen\/ankauf-piaget-beta-21\/#breadcrumb","itemListElement":[{"@type":"ListItem","position":1,"name":"Startseite","item":"https:\/\/www.uhrenankauf365.de\/uhr-verkaufen\/"},{"@type":"ListItem","position":2,"name":"Wir kaufen Ihre Piaget Beta 21"}]},{"@type":"WebSite","@id":"https:\/\/www.uhrenankauf365.de\/uhr-verkaufen\/#website","url":"https:\/\/www.uhrenankauf365.de\/uhr-verkaufen\/","name":"Uhrenankauf 365","description":"Jetzt Ihre Luxusuhr verkaufen!","publisher":{"@id":"https:\/\/www.uhrenankauf365.de\/uhr-verkaufen\/#organization"},"potentialAction":[{"@type":"SearchAction","target":{"@type":"EntryPoint","urlTemplate":"https:\/\/www.uhrenankauf365.de\/uhr-verkaufen\/?s={search_term_string}"},"query-input":{"@type":"PropertyValueSpecification","valueRequired":true,"valueName":"search_term_string"}}],"inLanguage":"de"},{"@type":"Organization","@id":"https:\/\/www.uhrenankauf365.de\/uhr-verkaufen\/#organization","name":"uhrenankauf365.de, Anke Michels","url":"https:\/\/www.uhrenankauf365.de\/uhr-verkaufen\/","logo":{"@type":"ImageObject","inLanguage":"de","@id":"https:\/\/www.uhrenankauf365.de\/uhr-verkaufen\/#\/schema\/logo\/image\/","url":"https:\/\/www.uhrenankauf365.de\/uhr-verkaufen\/wp-content\/uploads\/2020\/11\/logo_uhrenankauf.png","contentUrl":"https:\/\/www.uhrenankauf365.de\/uhr-verkaufen\/wp-content\/uploads\/2020\/11\/logo_uhrenankauf.png","width":98,"height":100,"caption":"uhrenankauf365.de, Anke Michels"},"image":{"@id":"https:\/\/www.uhrenankauf365.de\/uhr-verkaufen\/#\/schema\/logo\/image\/"}}]}},"_links":{"self":[{"href":"https:\/\/www.uhrenankauf365.de\/uhr-verkaufen\/wp-json\/wp\/v2\/pages\/2389","targetHints":{"allow":["GET"]}}],"collection":[{"href":"https:\/\/www.uhrenankauf365.de\/uhr-verkaufen\/wp-json\/wp\/v2\/pages"}],"about":[{"href":"https:\/\/www.uhrenankauf365.de\/uhr-verkaufen\/wp-json\/wp\/v2\/types\/page"}],"author":[{"embeddable":true,"href":"https:\/\/www.uhrenankauf365.de\/uhr-verkaufen\/wp-json\/wp\/v2\/users\/1"}],"replies":[{"embeddable":true,"href":"https:\/\/www.uhrenankauf365.de\/uhr-verkaufen\/wp-json\/wp\/v2\/comments?post=2389"}],"version-history":[{"count":17,"href":"https:\/\/www.uhrenankauf365.de\/uhr-verkaufen\/wp-json\/wp\/v2\/pages\/2389\/revisions"}],"predecessor-version":[{"id":2417,"href":"https:\/\/www.uhrenankauf365.de\/uhr-verkaufen\/wp-json\/wp\/v2\/pages\/2389\/revisions\/2417"}],"wp:attachment":[{"href":"https:\/\/www.uhrenankauf365.de\/uhr-verkaufen\/wp-json\/wp\/v2\/media?parent=2389"}],"curies":[{"name":"wp","href":"https:\/\/api.w.org\/{rel}","templated":true}]}}