{"id":2222,"date":"2025-04-08T17:04:01","date_gmt":"2025-04-08T15:04:01","guid":{"rendered":"https:\/\/www.uhrenankauf365.de\/uhr-verkaufen\/?page_id=2222"},"modified":"2025-04-08T17:06:35","modified_gmt":"2025-04-08T15:06:35","slug":"heuer-vintage-uhren-ankauf","status":"publish","type":"page","link":"https:\/\/www.uhrenankauf365.de\/uhr-verkaufen\/heuer-vintage-uhren-ankauf\/","title":{"rendered":"Heuer (Vintage) Uhren Ankauf"},"content":{"rendered":"\n<p>Verkaufen Sie hier Ihre Heuer (Vintage) Uhr und erhalten Sie im Uhren Ankauf faire Auszahlungen. Wie das geht? Ganz einfach. Wir haben ein <a href=\"https:\/\/www.uhrenankauf365.de\/uhr-verkaufen\/ankaufsformular\/\">Ankaufsformular<\/a> vorbereitet, in dem Sie alle Angaben zur Uhr machen k\u00f6nnen, die f\u00fcr eine Bewertung und somit Preiseinsch\u00e4tzung n\u00f6tig sind.<\/p>\n\n\n\n<div class=\"container p-4 uak_heller_hintergrund\">\n<div class=\"row mb-4\">\n<div class=\"col-12 col-md-6 text-center\">\n<i class=\"uak365icon fas fa-file-alt\"><\/i><br>\n<div class=\"ankaufschritte_title\">Formular ausf\u00fcllen<\/div>\n<small>Das <a href=\"https:\/\/www.uhrenankauf365.de\/uhr-verkaufen\/ankaufsformular\/\" title=\"Ankaufsformular Uhren\">Ankaufsformular<\/a> erfasst alle wichtigen Angaben zur Armbanduhr, die Sie verkaufen m\u00f6chten und erleichtert die Ermittlung eines fairen Ankaufspreises.<\/small>\n<\/div>\n<div class=\"col-12 col-md-6 text-center\">\n<i class=\"uak365icon far fa-handshake\"><\/i><br>\n<div class=\"ankaufschritte_title\">Angebot erhalten<\/div>\n<small>Wir unterbreiten Ihnen nach Erhalt der Informationen zur Uhr ein Angebot zum Ankauf. Offene Fragen kl\u00e4ren wir vorab.<\/small>\n<\/div>\n<\/div>\n\n\n<div class=\"row\">\n<div class=\"col-12 col-md-6 text-center\">\n<i class=\"uak365icon fas fa-truck-loading\"><\/i><br>\n<div class=\"ankaufschritte_title\">Uhr wird abgeholt<\/div>\n<small>Ein auf Werttransporte spezialisiertes Unternehmen holt die Uhr bei Ihnen ab. Mehr dazu erfahren Sie <a href=\"https:\/\/www.uhrenankauf365.de\/uhr-verkaufen\/ankauf-faq\/\">hier<\/a>.<\/small>\n<\/div>\n<div class=\"col-12 col-md-6 text-center\">\n<i class=\"uak365icon fas fa-euro-sign\"><\/i><br>\n<div class=\"ankaufschritte_title\">Geld erhalten<\/div>\n<small>Nach Pr\u00fcfung der Armbanduhr zahlen wir den vereinbarten Ankaufspreis zuverl\u00e4ssig und schnell auf Ihr Konto aus.\n<\/small>\n<\/div>\n<\/div>\n\n<\/div>\n\n\n\n<h2 class=\"wp-block-heading mt-4\">Was ist meine Heuer Vintage-Uhr wert?<\/h2>\n\n\n\n<p>Diese Frage h\u00e4ngt von vielen Faktoren ab. Beispielsweise der generelle Zustand der Uhr und des Armbandes sind entscheidend, aber auch &#8222;weiche Faktoren&#8220; wie z. B. ob Sie die Uhr mit den originalen Zertifikaten und der Originalverpackung anbieten. Im Uhrenankauf steigt der Wert au\u00dferdem, wenn Sie einen Service an der Uhr nachweisen k\u00f6nnen, z. B. indem Sie die Rechnung dar\u00fcber vorweisen k\u00f6nnen.<\/p>\n\n\n\n<p>Eine Pauschalantwort auf die Frage nach dem Wert Ihrer Uhr gibt es also nicht. Nutzen Sie also gerne unser <a href=\"https:\/\/www.uhrenankauf365.de\/uhr-verkaufen\/ankaufsformular\/\">Ankaufsformular<\/a> und erfahren Sie in der Regel innerhalb weniger Stunden, was wir f\u00fcr Ihre Luxusuhr auszahlen w\u00fcrden. Alle Fragen, die Sie vorab haben, beantworten wir nat\u00fcrlich gerne.<\/p>\n\n\n\n<div class=\"wp-block-columns is-layout-flex wp-container-core-columns-is-layout-9d6595d7 wp-block-columns-is-layout-flex\">\n<div class=\"wp-block-column is-layout-flow wp-block-column-is-layout-flow\">\n<figure class=\"wp-block-image size-full\"><img loading=\"lazy\" decoding=\"async\" width=\"2560\" height=\"1704\" src=\"https:\/\/www.uhrenankauf365.de\/uhr-verkaufen\/wp-content\/uploads\/2025\/04\/carrera_heuer_uhr_verkaufen_haendler-scaled.jpg\" alt=\"Foto einer Heuer Vintage Luxusuhr auf einem Holztisch im Sonnenlicht\" class=\"wp-image-2223\" srcset=\"https:\/\/www.uhrenankauf365.de\/uhr-verkaufen\/wp-content\/uploads\/2025\/04\/carrera_heuer_uhr_verkaufen_haendler-scaled.jpg 2560w, https:\/\/www.uhrenankauf365.de\/uhr-verkaufen\/wp-content\/uploads\/2025\/04\/carrera_heuer_uhr_verkaufen_haendler-300x200.jpg 300w, https:\/\/www.uhrenankauf365.de\/uhr-verkaufen\/wp-content\/uploads\/2025\/04\/carrera_heuer_uhr_verkaufen_haendler-1024x682.jpg 1024w, https:\/\/www.uhrenankauf365.de\/uhr-verkaufen\/wp-content\/uploads\/2025\/04\/carrera_heuer_uhr_verkaufen_haendler-768x511.jpg 768w, https:\/\/www.uhrenankauf365.de\/uhr-verkaufen\/wp-content\/uploads\/2025\/04\/carrera_heuer_uhr_verkaufen_haendler-1536x1023.jpg 1536w, https:\/\/www.uhrenankauf365.de\/uhr-verkaufen\/wp-content\/uploads\/2025\/04\/carrera_heuer_uhr_verkaufen_haendler-2048x1363.jpg 2048w\" sizes=\"auto, (max-width: 2560px) 100vw, 2560px\" \/><\/figure>\n<\/div>\n\n\n\n<div class=\"wp-block-column is-layout-flow wp-block-column-is-layout-flow\">\n<p>Nach dem Ausf\u00fcllen des Ankaufsformulars haben Sie die M\u00f6glichkeit, uns bis zu drei Fotos Ihrer Uhr anzuh\u00e4ngen. Bitte machen Sie unbedingt von dieser Funktion Gebrauch und versuchen Sie, m\u00f6glichst nah an die Uhr mit der Kamera heranzugehen, damit wir m\u00f6glichst viele Details bereits auf den ersten Blick erkennen k\u00f6nnen. Teilweise sind es subtile Unterschiede, die den Wert einer <a href=\"https:\/\/www.nobeluhren-store.de\/\">gebrauchten Luxusuhr<\/a> stark variieren lassen.<\/p>\n\n\n\n<p>Haben Sie zum Uhrenankauf noch Fragen? Vielleicht haben wir diese bereits hier beantwortet, ansonsten kontaktieren Sie uns gerne!<\/p>\n\n\n<div class=\"wp-bootstrap-blocks-button\">\n\t<a\n\t\thref=\"https:\/\/www.uhrenankauf365.de\/uhr-verkaufen\/ankauf-faq\/\"\n\t\t\t\t\t\tclass=\"btn btn-primary\"\n\t>\n\t\tH\u00e4ufig gestellte Fragen\t<\/a>\n<\/div>\n<\/div>\n<\/div>\n\n\n\n<h2 class=\"wp-block-heading\">Wir achten beim Heuer (Vintage) Uhren Ankauf auf wichtige Details<\/h2>\n\n\n\n<p>Wie bereits erw\u00e4hnt z\u00e4hlen im Bereich der Luxusuhren manchmal ganz feine Unterschiede. Ihre Fotos zur Uhr sollten also m\u00f6glichst eine Draufsicht und eine seitliche Ansicht enthalten. Auch der Zustand und das Material des Armbands k\u00f6nnen den Preis stark beeinflussen. Wir danken Ihnen vorab f\u00fcr <strong>m\u00f6glichst detailreiche Aufnahmen<\/strong> Ihrer gebrauchten Heuer-Uhr.<\/p>\n\n\n\n<figure class=\"wp-block-image size-large\"><img loading=\"lazy\" decoding=\"async\" width=\"1024\" height=\"669\" src=\"https:\/\/www.uhrenankauf365.de\/uhr-verkaufen\/wp-content\/uploads\/2025\/04\/heuer_vintage_uhr_details_ankauf-1024x669.webp\" alt=\"Detailreiches Foto einer Heuer Luxusuhr mit leichten Gebrauchsspuren\" class=\"wp-image-2224\" srcset=\"https:\/\/www.uhrenankauf365.de\/uhr-verkaufen\/wp-content\/uploads\/2025\/04\/heuer_vintage_uhr_details_ankauf-1024x669.webp 1024w, https:\/\/www.uhrenankauf365.de\/uhr-verkaufen\/wp-content\/uploads\/2025\/04\/heuer_vintage_uhr_details_ankauf-300x196.webp 300w, https:\/\/www.uhrenankauf365.de\/uhr-verkaufen\/wp-content\/uploads\/2025\/04\/heuer_vintage_uhr_details_ankauf-768x502.webp 768w, https:\/\/www.uhrenankauf365.de\/uhr-verkaufen\/wp-content\/uploads\/2025\/04\/heuer_vintage_uhr_details_ankauf-1536x1004.webp 1536w, https:\/\/www.uhrenankauf365.de\/uhr-verkaufen\/wp-content\/uploads\/2025\/04\/heuer_vintage_uhr_details_ankauf.webp 2000w\" sizes=\"auto, (max-width: 1024px) 100vw, 1024px\" \/><\/figure>\n\n\n<div class=\"wp-bootstrap-blocks-container container mb-5 uak_heller_hintergrund_line_height_normal text-center p-4 mt-4\">\n\t\n\n<h3 class=\"wp-block-heading\" id=\"u1363-2\">Wir kaufen Luxusuhren!<\/h3>\n\n\n\n<p id=\"u1363-4\"><strong>Profitieren Sie&nbsp;von unserer jahrzehntelangen Erfahrung im Uhrenhandel!<\/strong><\/p>\n\n\n\n<p><a class=\"btn btn-primary btn-lg\" href=\"https:\/\/www.uhrenankauf365.de\/uhr-verkaufen\/ankaufsformular\/\">Zum Ankaufsformular<\/a><\/p>\n\n<\/div>\n","protected":false},"excerpt":{"rendered":"<p>Verkaufen Sie hier Ihre Heuer (Vintage) Uhr und erhalten Sie im Uhren Ankauf faire Auszahlungen. Wie das geht? Ganz einfach. Wir haben ein Ankaufsformular vorbereitet, in dem Sie alle Angaben zur Uhr machen k\u00f6nnen, die f\u00fcr eine Bewertung und somit Preiseinsch\u00e4tzung n\u00f6tig sind. Was ist meine Heuer Vintage-Uhr wert? Diese Frage h\u00e4ngt von vielen Faktoren [&hellip;]<\/p>\n","protected":false},"author":1,"featured_media":0,"parent":0,"menu_order":0,"comment_status":"closed","ping_status":"closed","template":"","meta":{"footnotes":""},"class_list":["post-2222","page","type-page","status-publish","hentry"],"yoast_head":"<!-- This site is optimized with the Yoast SEO plugin v27.3 - https:\/\/yoast.com\/product\/yoast-seo-wordpress\/ -->\n<title>Heuer (Vintage) Uhren Ankauf<\/title>\n<meta name=\"description\" content=\"Wir kaufen Heuer (Vintage) Luxusuhren. Unser Uhrenankauf f\u00fcr Heuer bietet Ihnen faire, schnelle Auszahlungen.\" \/>\n<meta name=\"robots\" content=\"index, follow, max-snippet:-1, max-image-preview:large, max-video-preview:-1\" \/>\n<link rel=\"canonical\" href=\"https:\/\/www.uhrenankauf365.de\/uhr-verkaufen\/heuer-vintage-uhren-ankauf\/\" \/>\n<meta property=\"og:locale\" content=\"de_DE\" \/>\n<meta property=\"og:type\" content=\"article\" \/>\n<meta property=\"og:title\" content=\"Heuer (Vintage) Uhren Ankauf\" \/>\n<meta property=\"og:description\" content=\"Wir kaufen Heuer (Vintage) Luxusuhren. Unser Uhrenankauf f\u00fcr Heuer bietet Ihnen faire, schnelle Auszahlungen.\" \/>\n<meta property=\"og:url\" content=\"https:\/\/www.uhrenankauf365.de\/uhr-verkaufen\/heuer-vintage-uhren-ankauf\/\" \/>\n<meta property=\"og:site_name\" content=\"Uhrenankauf 365\" \/>\n<meta property=\"article:modified_time\" content=\"2025-04-08T15:06:35+00:00\" \/>\n<meta property=\"og:image\" content=\"https:\/\/www.uhrenankauf365.de\/uhr-verkaufen\/wp-content\/uploads\/2025\/04\/carrera_heuer_uhr_verkaufen_haendler-scaled.jpg\" \/>\n\t<meta property=\"og:image:width\" content=\"2560\" \/>\n\t<meta property=\"og:image:height\" content=\"1704\" \/>\n\t<meta property=\"og:image:type\" content=\"image\/jpeg\" \/>\n<meta name=\"twitter:card\" content=\"summary_large_image\" \/>\n<meta name=\"twitter:label1\" content=\"Gesch\u00e4tzte Lesezeit\" \/>\n\t<meta name=\"twitter:data1\" content=\"3\u00a0Minuten\" \/>\n<script type=\"application\/ld+json\" class=\"yoast-schema-graph\">{\"@context\":\"https:\\\/\\\/schema.org\",\"@graph\":[{\"@type\":\"WebPage\",\"@id\":\"https:\\\/\\\/www.uhrenankauf365.de\\\/uhr-verkaufen\\\/heuer-vintage-uhren-ankauf\\\/\",\"url\":\"https:\\\/\\\/www.uhrenankauf365.de\\\/uhr-verkaufen\\\/heuer-vintage-uhren-ankauf\\\/\",\"name\":\"Heuer (Vintage) Uhren Ankauf\",\"isPartOf\":{\"@id\":\"https:\\\/\\\/www.uhrenankauf365.de\\\/uhr-verkaufen\\\/#website\"},\"primaryImageOfPage\":{\"@id\":\"https:\\\/\\\/www.uhrenankauf365.de\\\/uhr-verkaufen\\\/heuer-vintage-uhren-ankauf\\\/#primaryimage\"},\"image\":{\"@id\":\"https:\\\/\\\/www.uhrenankauf365.de\\\/uhr-verkaufen\\\/heuer-vintage-uhren-ankauf\\\/#primaryimage\"},\"thumbnailUrl\":\"https:\\\/\\\/www.uhrenankauf365.de\\\/uhr-verkaufen\\\/wp-content\\\/uploads\\\/2025\\\/04\\\/carrera_heuer_uhr_verkaufen_haendler-scaled.jpg\",\"datePublished\":\"2025-04-08T15:04:01+00:00\",\"dateModified\":\"2025-04-08T15:06:35+00:00\",\"description\":\"Wir kaufen Heuer (Vintage) Luxusuhren. Unser Uhrenankauf f\u00fcr Heuer bietet Ihnen faire, schnelle Auszahlungen.\",\"breadcrumb\":{\"@id\":\"https:\\\/\\\/www.uhrenankauf365.de\\\/uhr-verkaufen\\\/heuer-vintage-uhren-ankauf\\\/#breadcrumb\"},\"inLanguage\":\"de\",\"potentialAction\":[{\"@type\":\"ReadAction\",\"target\":[\"https:\\\/\\\/www.uhrenankauf365.de\\\/uhr-verkaufen\\\/heuer-vintage-uhren-ankauf\\\/\"]}]},{\"@type\":\"ImageObject\",\"inLanguage\":\"de\",\"@id\":\"https:\\\/\\\/www.uhrenankauf365.de\\\/uhr-verkaufen\\\/heuer-vintage-uhren-ankauf\\\/#primaryimage\",\"url\":\"https:\\\/\\\/www.uhrenankauf365.de\\\/uhr-verkaufen\\\/wp-content\\\/uploads\\\/2025\\\/04\\\/carrera_heuer_uhr_verkaufen_haendler-scaled.jpg\",\"contentUrl\":\"https:\\\/\\\/www.uhrenankauf365.de\\\/uhr-verkaufen\\\/wp-content\\\/uploads\\\/2025\\\/04\\\/carrera_heuer_uhr_verkaufen_haendler-scaled.jpg\",\"width\":2560,\"height\":1704},{\"@type\":\"BreadcrumbList\",\"@id\":\"https:\\\/\\\/www.uhrenankauf365.de\\\/uhr-verkaufen\\\/heuer-vintage-uhren-ankauf\\\/#breadcrumb\",\"itemListElement\":[{\"@type\":\"ListItem\",\"position\":1,\"name\":\"Startseite\",\"item\":\"https:\\\/\\\/www.uhrenankauf365.de\\\/uhr-verkaufen\\\/\"},{\"@type\":\"ListItem\",\"position\":2,\"name\":\"Heuer (Vintage) Uhren Ankauf\"}]},{\"@type\":\"WebSite\",\"@id\":\"https:\\\/\\\/www.uhrenankauf365.de\\\/uhr-verkaufen\\\/#website\",\"url\":\"https:\\\/\\\/www.uhrenankauf365.de\\\/uhr-verkaufen\\\/\",\"name\":\"Uhrenankauf 365\",\"description\":\"Jetzt Ihre Luxusuhr verkaufen!\",\"publisher\":{\"@id\":\"https:\\\/\\\/www.uhrenankauf365.de\\\/uhr-verkaufen\\\/#organization\"},\"potentialAction\":[{\"@type\":\"SearchAction\",\"target\":{\"@type\":\"EntryPoint\",\"urlTemplate\":\"https:\\\/\\\/www.uhrenankauf365.de\\\/uhr-verkaufen\\\/?s={search_term_string}\"},\"query-input\":{\"@type\":\"PropertyValueSpecification\",\"valueRequired\":true,\"valueName\":\"search_term_string\"}}],\"inLanguage\":\"de\"},{\"@type\":\"Organization\",\"@id\":\"https:\\\/\\\/www.uhrenankauf365.de\\\/uhr-verkaufen\\\/#organization\",\"name\":\"uhrenankauf365.de, Anke Michels\",\"url\":\"https:\\\/\\\/www.uhrenankauf365.de\\\/uhr-verkaufen\\\/\",\"logo\":{\"@type\":\"ImageObject\",\"inLanguage\":\"de\",\"@id\":\"https:\\\/\\\/www.uhrenankauf365.de\\\/uhr-verkaufen\\\/#\\\/schema\\\/logo\\\/image\\\/\",\"url\":\"https:\\\/\\\/www.uhrenankauf365.de\\\/uhr-verkaufen\\\/wp-content\\\/uploads\\\/2020\\\/11\\\/logo_uhrenankauf.png\",\"contentUrl\":\"https:\\\/\\\/www.uhrenankauf365.de\\\/uhr-verkaufen\\\/wp-content\\\/uploads\\\/2020\\\/11\\\/logo_uhrenankauf.png\",\"width\":98,\"height\":100,\"caption\":\"uhrenankauf365.de, Anke Michels\"},\"image\":{\"@id\":\"https:\\\/\\\/www.uhrenankauf365.de\\\/uhr-verkaufen\\\/#\\\/schema\\\/logo\\\/image\\\/\"}}]}<\/script>\n<!-- \/ Yoast SEO plugin. -->","yoast_head_json":{"title":"Heuer (Vintage) Uhren Ankauf","description":"Wir kaufen Heuer (Vintage) Luxusuhren. Unser Uhrenankauf f\u00fcr Heuer bietet Ihnen faire, schnelle Auszahlungen.","robots":{"index":"index","follow":"follow","max-snippet":"max-snippet:-1","max-image-preview":"max-image-preview:large","max-video-preview":"max-video-preview:-1"},"canonical":"https:\/\/www.uhrenankauf365.de\/uhr-verkaufen\/heuer-vintage-uhren-ankauf\/","og_locale":"de_DE","og_type":"article","og_title":"Heuer (Vintage) Uhren Ankauf","og_description":"Wir kaufen Heuer (Vintage) Luxusuhren. Unser Uhrenankauf f\u00fcr Heuer bietet Ihnen faire, schnelle Auszahlungen.","og_url":"https:\/\/www.uhrenankauf365.de\/uhr-verkaufen\/heuer-vintage-uhren-ankauf\/","og_site_name":"Uhrenankauf 365","article_modified_time":"2025-04-08T15:06:35+00:00","og_image":[{"width":2560,"height":1704,"url":"https:\/\/www.uhrenankauf365.de\/uhr-verkaufen\/wp-content\/uploads\/2025\/04\/carrera_heuer_uhr_verkaufen_haendler-scaled.jpg","type":"image\/jpeg"}],"twitter_card":"summary_large_image","twitter_misc":{"Gesch\u00e4tzte Lesezeit":"3\u00a0Minuten"},"schema":{"@context":"https:\/\/schema.org","@graph":[{"@type":"WebPage","@id":"https:\/\/www.uhrenankauf365.de\/uhr-verkaufen\/heuer-vintage-uhren-ankauf\/","url":"https:\/\/www.uhrenankauf365.de\/uhr-verkaufen\/heuer-vintage-uhren-ankauf\/","name":"Heuer (Vintage) Uhren Ankauf","isPartOf":{"@id":"https:\/\/www.uhrenankauf365.de\/uhr-verkaufen\/#website"},"primaryImageOfPage":{"@id":"https:\/\/www.uhrenankauf365.de\/uhr-verkaufen\/heuer-vintage-uhren-ankauf\/#primaryimage"},"image":{"@id":"https:\/\/www.uhrenankauf365.de\/uhr-verkaufen\/heuer-vintage-uhren-ankauf\/#primaryimage"},"thumbnailUrl":"https:\/\/www.uhrenankauf365.de\/uhr-verkaufen\/wp-content\/uploads\/2025\/04\/carrera_heuer_uhr_verkaufen_haendler-scaled.jpg","datePublished":"2025-04-08T15:04:01+00:00","dateModified":"2025-04-08T15:06:35+00:00","description":"Wir kaufen Heuer (Vintage) Luxusuhren. Unser Uhrenankauf f\u00fcr Heuer bietet Ihnen faire, schnelle Auszahlungen.","breadcrumb":{"@id":"https:\/\/www.uhrenankauf365.de\/uhr-verkaufen\/heuer-vintage-uhren-ankauf\/#breadcrumb"},"inLanguage":"de","potentialAction":[{"@type":"ReadAction","target":["https:\/\/www.uhrenankauf365.de\/uhr-verkaufen\/heuer-vintage-uhren-ankauf\/"]}]},{"@type":"ImageObject","inLanguage":"de","@id":"https:\/\/www.uhrenankauf365.de\/uhr-verkaufen\/heuer-vintage-uhren-ankauf\/#primaryimage","url":"https:\/\/www.uhrenankauf365.de\/uhr-verkaufen\/wp-content\/uploads\/2025\/04\/carrera_heuer_uhr_verkaufen_haendler-scaled.jpg","contentUrl":"https:\/\/www.uhrenankauf365.de\/uhr-verkaufen\/wp-content\/uploads\/2025\/04\/carrera_heuer_uhr_verkaufen_haendler-scaled.jpg","width":2560,"height":1704},{"@type":"BreadcrumbList","@id":"https:\/\/www.uhrenankauf365.de\/uhr-verkaufen\/heuer-vintage-uhren-ankauf\/#breadcrumb","itemListElement":[{"@type":"ListItem","position":1,"name":"Startseite","item":"https:\/\/www.uhrenankauf365.de\/uhr-verkaufen\/"},{"@type":"ListItem","position":2,"name":"Heuer (Vintage) Uhren Ankauf"}]},{"@type":"WebSite","@id":"https:\/\/www.uhrenankauf365.de\/uhr-verkaufen\/#website","url":"https:\/\/www.uhrenankauf365.de\/uhr-verkaufen\/","name":"Uhrenankauf 365","description":"Jetzt Ihre Luxusuhr verkaufen!","publisher":{"@id":"https:\/\/www.uhrenankauf365.de\/uhr-verkaufen\/#organization"},"potentialAction":[{"@type":"SearchAction","target":{"@type":"EntryPoint","urlTemplate":"https:\/\/www.uhrenankauf365.de\/uhr-verkaufen\/?s={search_term_string}"},"query-input":{"@type":"PropertyValueSpecification","valueRequired":true,"valueName":"search_term_string"}}],"inLanguage":"de"},{"@type":"Organization","@id":"https:\/\/www.uhrenankauf365.de\/uhr-verkaufen\/#organization","name":"uhrenankauf365.de, Anke Michels","url":"https:\/\/www.uhrenankauf365.de\/uhr-verkaufen\/","logo":{"@type":"ImageObject","inLanguage":"de","@id":"https:\/\/www.uhrenankauf365.de\/uhr-verkaufen\/#\/schema\/logo\/image\/","url":"https:\/\/www.uhrenankauf365.de\/uhr-verkaufen\/wp-content\/uploads\/2020\/11\/logo_uhrenankauf.png","contentUrl":"https:\/\/www.uhrenankauf365.de\/uhr-verkaufen\/wp-content\/uploads\/2020\/11\/logo_uhrenankauf.png","width":98,"height":100,"caption":"uhrenankauf365.de, Anke Michels"},"image":{"@id":"https:\/\/www.uhrenankauf365.de\/uhr-verkaufen\/#\/schema\/logo\/image\/"}}]}},"_links":{"self":[{"href":"https:\/\/www.uhrenankauf365.de\/uhr-verkaufen\/wp-json\/wp\/v2\/pages\/2222","targetHints":{"allow":["GET"]}}],"collection":[{"href":"https:\/\/www.uhrenankauf365.de\/uhr-verkaufen\/wp-json\/wp\/v2\/pages"}],"about":[{"href":"https:\/\/www.uhrenankauf365.de\/uhr-verkaufen\/wp-json\/wp\/v2\/types\/page"}],"author":[{"embeddable":true,"href":"https:\/\/www.uhrenankauf365.de\/uhr-verkaufen\/wp-json\/wp\/v2\/users\/1"}],"replies":[{"embeddable":true,"href":"https:\/\/www.uhrenankauf365.de\/uhr-verkaufen\/wp-json\/wp\/v2\/comments?post=2222"}],"version-history":[{"count":4,"href":"https:\/\/www.uhrenankauf365.de\/uhr-verkaufen\/wp-json\/wp\/v2\/pages\/2222\/revisions"}],"predecessor-version":[{"id":2229,"href":"https:\/\/www.uhrenankauf365.de\/uhr-verkaufen\/wp-json\/wp\/v2\/pages\/2222\/revisions\/2229"}],"wp:attachment":[{"href":"https:\/\/www.uhrenankauf365.de\/uhr-verkaufen\/wp-json\/wp\/v2\/media?parent=2222"}],"curies":[{"name":"wp","href":"https:\/\/api.w.org\/{rel}","templated":true}]}}