{"id":2181,"date":"2025-03-31T12:48:41","date_gmt":"2025-03-31T10:48:41","guid":{"rendered":"https:\/\/www.uhrenankauf365.de\/uhr-verkaufen\/?page_id=2181"},"modified":"2025-03-31T12:57:44","modified_gmt":"2025-03-31T10:57:44","slug":"uhren-ankauf-bozen","status":"publish","type":"page","link":"https:\/\/www.uhrenankauf365.de\/uhr-verkaufen\/uhren-ankauf-bozen\/","title":{"rendered":"Uhren Ankauf Bozen"},"content":{"rendered":"\n<p>Auch f\u00fcr S\u00fcdtirol bieten wir den Uhren Ankauf Bozen an. Ein Online-Uhrenankauf, bei dem Sie faire, schnelle Auszahlungen auf Ihr Bankkonto erwarten. M\u00f6chten Sie also eine gebrauchte Luxusuhr wie z. B. Rolex, Patek Philippe etc. verkaufen, k\u00f6nnen Sie gerne das <a href=\"https:\/\/www.uhrenankauf365.de\/uhr-verkaufen\/ankaufsformular\/\">Ankaufsformular<\/a> ausf\u00fcllen. Hier tragen Sie alle f\u00fcr den Uhrenankauf relevanten Informationen ein, z. B. Alter der Uhr, Originalbox vorhanden etc.<\/p>\n\n\n\n<p>Innerhalb weniger Stunden erhalten Sie eine Einsch\u00e4tzung unseres Uhrmachermeisters, der die von Ihnen im Ankaufsformular \u00fcbermittelten Informationen zur Luxusuhr eingehend pr\u00fcft. Bei preislicher Einigung wird die Uhr bei Ihnen in Bozen (nat\u00fcrlich in voller H\u00f6he versichert) von einem Werttransportunternehmen abgeholt und bei uns gepr\u00fcft. Bei positiver Pr\u00fcfung zahlen wir innerhalb von einem Werktag auf Ihr Bankkonto aus! Nutzen Sie also gleich den Uhren Ankauf Bozen, um uns Ihre <a href=\"https:\/\/www.nobeluhren-store.de\/\">gebrauchte Luxusuhr<\/a> anzubieten und den Ankaufswert zu erfahren.<\/p>\n\n\n\n<div class=\"wp-block-columns is-layout-flex wp-container-core-columns-is-layout-9d6595d7 wp-block-columns-is-layout-flex\">\n<div class=\"wp-block-column is-layout-flow wp-block-column-is-layout-flow\">\n<figure class=\"wp-block-image size-large\"><img loading=\"lazy\" decoding=\"async\" width=\"1024\" height=\"613\" src=\"https:\/\/www.uhrenankauf365.de\/uhr-verkaufen\/wp-content\/uploads\/2025\/03\/uhren-ankauf-bozen-suedtirol-1024x613.webp\" alt=\"Uhrenankauf in S\u00fcdtirol - Wir kaufen Luxusuhren in Bozen!\" class=\"wp-image-2182\" srcset=\"https:\/\/www.uhrenankauf365.de\/uhr-verkaufen\/wp-content\/uploads\/2025\/03\/uhren-ankauf-bozen-suedtirol-1024x613.webp 1024w, https:\/\/www.uhrenankauf365.de\/uhr-verkaufen\/wp-content\/uploads\/2025\/03\/uhren-ankauf-bozen-suedtirol-300x180.webp 300w, https:\/\/www.uhrenankauf365.de\/uhr-verkaufen\/wp-content\/uploads\/2025\/03\/uhren-ankauf-bozen-suedtirol-768x460.webp 768w, https:\/\/www.uhrenankauf365.de\/uhr-verkaufen\/wp-content\/uploads\/2025\/03\/uhren-ankauf-bozen-suedtirol-1536x920.webp 1536w, https:\/\/www.uhrenankauf365.de\/uhr-verkaufen\/wp-content\/uploads\/2025\/03\/uhren-ankauf-bozen-suedtirol.webp 1800w\" sizes=\"auto, (max-width: 1024px) 100vw, 1024px\" \/><\/figure>\n<\/div>\n\n\n\n<div class=\"wp-block-column is-layout-flow wp-block-column-is-layout-flow\">\n<p>Beliebt im Uhrenankauf Bozen sind folgende Luxusuhren-Hersteller:<\/p>\n\n\n\n<ul class=\"wp-block-list\">\n<li><a href=\"https:\/\/www.uhrenankauf365.de\/uhr-verkaufen\/patek_philippe\/\">Patek Philippe<\/a><\/li>\n\n\n\n<li><a href=\"https:\/\/www.uhrenankauf365.de\/uhr-verkaufen\/rolex\/\">Rolex<\/a><\/li>\n\n\n\n<li><a href=\"https:\/\/www.uhrenankauf365.de\/uhr-verkaufen\/a_lange_und_soehne\/\">A. Lange &amp; S\u00f6hne<\/a><\/li>\n\n\n\n<li><a href=\"https:\/\/www.uhrenankauf365.de\/uhr-verkaufen\/audemars_piguet\/\">Audemars Piguet<\/a><\/li>\n\n\n\n<li><a href=\"https:\/\/www.uhrenankauf365.de\/uhr-verkaufen\/piaget-uhren-ankauf\/\">Piaget<\/a><\/li>\n\n\n\n<li><a href=\"https:\/\/www.uhrenankauf365.de\/uhr-verkaufen\/corum-uhr-verkaufen\/\">Corum<\/a><\/li>\n\n\n\n<li><a href=\"https:\/\/www.uhrenankauf365.de\/uhr-verkaufen\/vacheron_constantin\/\">Vacheron Constantin<\/a><\/li>\n\n\n\n<li><a href=\"https:\/\/www.uhrenankauf365.de\/uhr-verkaufen\/hublot\/\">Hublot<\/a><\/li>\n<\/ul>\n<\/div>\n<\/div>\n\n\n\n<div class=\"container p-4 uak_heller_hintergrund\">\n<div class=\"row mb-4\">\n<div class=\"col-12 col-md-6 text-center\">\n<i class=\"uak365icon fas fa-file-alt\"><\/i><br>\n<div class=\"ankaufschritte_title\">Formular ausf\u00fcllen<\/div>\n<small>Das <a href=\"https:\/\/www.uhrenankauf365.de\/uhr-verkaufen\/ankaufsformular\/\" title=\"Ankaufsformular Uhren\">Ankaufsformular<\/a> erfasst alle wichtigen Angaben zur Armbanduhr, die Sie verkaufen m\u00f6chten und erleichtert die Ermittlung eines fairen Ankaufspreises.<\/small>\n<\/div>\n<div class=\"col-12 col-md-6 text-center\">\n<i class=\"uak365icon far fa-handshake\"><\/i><br>\n<div class=\"ankaufschritte_title\">Angebot erhalten<\/div>\n<small>Wir unterbreiten Ihnen nach Erhalt der Informationen zur Uhr ein Angebot zum Ankauf. Offene Fragen kl\u00e4ren wir vorab.<\/small>\n<\/div>\n<\/div>\n\n\n<div class=\"row\">\n<div class=\"col-12 col-md-6 text-center\">\n<i class=\"uak365icon fas fa-truck-loading\"><\/i><br>\n<div class=\"ankaufschritte_title\">Uhr wird abgeholt<\/div>\n<small>Ein auf Werttransporte spezialisiertes Unternehmen holt die Uhr bei Ihnen ab. Mehr dazu erfahren Sie <a href=\"https:\/\/www.uhrenankauf365.de\/uhr-verkaufen\/ankauf-faq\/\">hier<\/a>.<\/small>\n<\/div>\n<div class=\"col-12 col-md-6 text-center\">\n<i class=\"uak365icon fas fa-euro-sign\"><\/i><br>\n<div class=\"ankaufschritte_title\">Geld erhalten<\/div>\n<small>Nach Pr\u00fcfung der Armbanduhr zahlen wir den vereinbarten Ankaufspreis zuverl\u00e4ssig und schnell auf Ihr Konto aus.\n<\/small>\n<\/div>\n<\/div>\n\n<\/div>\n\n\n\n<h2 class=\"wp-block-heading mt-5\">Luxusuhren als Wertanlage<\/h2>\n\n\n\n<p>Luxusuhren gelten nicht nur als elegante Accessoires, sondern auch als begehrte Wertanlagen. Modelle renommierter Marken k\u00f6nnen \u00fcber Jahre hinweg an Wert gewinnen, insbesondere limitierte Editionen und Modelle mit hoher Nachfrage. <\/p>\n\n\n\n<h3 class=\"wp-block-heading\"><strong>Marken und Modelle mit Wertsteigerungspotenzial<\/strong><\/h3>\n\n\n\n<ol class=\"wp-block-list\">\n<li><strong>Rolex<\/strong> \u2013 Die wohl bekannteste Uhrenmarke der Welt. Besonders begehrt sind Modelle wie die <strong><a href=\"https:\/\/www.uhrenankauf365.de\/uhr-verkaufen\/rolex-daytona-ankauf\/\">Rolex Daytona<\/a> (Referenz 116500LN)<\/strong> und die <strong><a href=\"https:\/\/www.uhrenankauf365.de\/uhr-verkaufen\/rolex-submariner-ankauf\/\">Submariner<\/a> (Referenz 16610)<\/strong>. Vintage-Modelle erzielen regelm\u00e4\u00dfig Rekordpreise auf Auktionen. Aber auch im Uhren Ankauf Bozen d\u00fcrfen Sie faire, marktgerechte Preise erwarten!<\/li>\n\n\n\n<li><strong>Patek Philippe<\/strong> \u2013 Diese Schweizer Manufaktur steht f\u00fcr h\u00f6chste Handwerkskunst. Die <strong><a href=\"https:\/\/www.uhrenankauf365.de\/uhr-verkaufen\/patek-philippe-nautilus\/\">Nautilus<\/a> (Referenz 5711\/1A)<\/strong> war jahrelang extrem gefragt, ebenso die <strong><a href=\"https:\/\/www.uhrenankauf365.de\/uhr-verkaufen\/patek-philippe-calatrava-verkaufen\/\">Calatrava<\/a><\/strong>-Serie.<\/li>\n\n\n\n<li><strong><a href=\"https:\/\/www.uhrenankauf365.de\/uhr-verkaufen\/audemars_piguet\/\">Audemars Piguet<\/a><\/strong> \u2013 Besonders die <strong>Royal Oak (Referenz 15202ST)<\/strong> erfreut sich gro\u00dfer Beliebtheit und hat in den letzten Jahren stark an Wert gewonnen.<\/li>\n\n\n\n<li><strong><a href=\"https:\/\/www.uhrenankauf365.de\/uhr-verkaufen\/vacheron_constantin\/\">Vacheron Constantin<\/a><\/strong> \u2013 Modelle wie die <strong>Overseas<\/strong> oder limitierte Varianten der <strong>Patrimony<\/strong>-Reihe bieten Sammlern interessante Anlagechancen.<\/li>\n\n\n\n<li><strong>A. Lange &amp; S\u00f6hne<\/strong> \u2013 Die deutsche Manufaktur ist f\u00fcr ihre herausragende Handwerkskunst bekannt. Besonders begehrt sind Modelle wie die <strong><a href=\"https:\/\/www.uhrenankauf365.de\/uhr-verkaufen\/lange-1-ankauf\/\">Lange 1<\/a><\/strong> oder die <strong>Datograph<\/strong>-Serie.<\/li>\n<\/ol>\n\n\n\n<h3 class=\"wp-block-heading\"><strong>Was macht eine Luxusuhr f\u00fcr uns im Uhren Ankauf Bozen interessant?<\/strong><\/h3>\n\n\n\n<ul class=\"wp-block-list\">\n<li><strong>Limitierte Verf\u00fcgbarkeit<\/strong>: Je seltener ein Modell ist, desto gr\u00f6\u00dfer die Nachfrage.<\/li>\n\n\n\n<li><strong>Zustand und Originalit\u00e4t<\/strong>: Eine ungetragene Uhr mit Originalpapieren steigert den Sammlerwert.<\/li>\n\n\n\n<li><strong>Markenhistorie<\/strong>: Traditionsreiche Marken mit exklusiven Kollektionen haben langfristig h\u00f6here Wertsteigerungen.<\/li>\n<\/ul>\n\n\n<div class=\"wp-bootstrap-blocks-container container mb-5 uak_heller_hintergrund_line_height_normal text-center p-4 mt-4\">\n\t\n\n<h3 class=\"wp-block-heading\" id=\"u1363-2\">Wir kaufen Luxusuhren!<\/h3>\n\n\n\n<p id=\"u1363-4\"><strong>Profitieren Sie&nbsp;von unserer jahrzehntelangen Erfahrung im Uhrenhandel!<\/strong><\/p>\n\n\n\n<p><a class=\"btn btn-primary btn-lg\" href=\"https:\/\/www.uhrenankauf365.de\/uhr-verkaufen\/ankaufsformular\/\">Zum Ankaufsformular<\/a><\/p>\n\n<\/div>\n","protected":false},"excerpt":{"rendered":"<p>Auch f\u00fcr S\u00fcdtirol bieten wir den Uhren Ankauf Bozen an. Ein Online-Uhrenankauf, bei dem Sie faire, schnelle Auszahlungen auf Ihr Bankkonto erwarten. M\u00f6chten Sie also eine gebrauchte Luxusuhr wie z. B. Rolex, Patek Philippe etc. verkaufen, k\u00f6nnen Sie gerne das Ankaufsformular ausf\u00fcllen. Hier tragen Sie alle f\u00fcr den Uhrenankauf relevanten Informationen ein, z. B. Alter [&hellip;]<\/p>\n","protected":false},"author":1,"featured_media":0,"parent":0,"menu_order":0,"comment_status":"closed","ping_status":"closed","template":"","meta":{"footnotes":""},"class_list":["post-2181","page","type-page","status-publish","hentry"],"yoast_head":"<!-- This site is optimized with the Yoast SEO plugin v27.3 - https:\/\/yoast.com\/product\/yoast-seo-wordpress\/ -->\n<title>Uhren Ankauf Bozen<\/title>\n<meta name=\"description\" content=\"Im Uhren Ankauf Bozen erhalten Sie faire, schnelle Auszahlungen, wenn Sie Ihre Luxusuhr verkaufen. Seri\u00f6s und etabliert seit 1998!\" \/>\n<meta name=\"robots\" content=\"index, follow, max-snippet:-1, max-image-preview:large, max-video-preview:-1\" \/>\n<link rel=\"canonical\" href=\"https:\/\/www.uhrenankauf365.de\/uhr-verkaufen\/uhren-ankauf-bozen\/\" \/>\n<meta property=\"og:locale\" content=\"de_DE\" \/>\n<meta property=\"og:type\" content=\"article\" \/>\n<meta property=\"og:title\" content=\"Uhren Ankauf Bozen\" \/>\n<meta property=\"og:description\" content=\"Im Uhren Ankauf Bozen erhalten Sie faire, schnelle Auszahlungen, wenn Sie Ihre Luxusuhr verkaufen. Seri\u00f6s und etabliert seit 1998!\" \/>\n<meta property=\"og:url\" content=\"https:\/\/www.uhrenankauf365.de\/uhr-verkaufen\/uhren-ankauf-bozen\/\" \/>\n<meta property=\"og:site_name\" content=\"Uhrenankauf 365\" \/>\n<meta property=\"article:modified_time\" content=\"2025-03-31T10:57:44+00:00\" \/>\n<meta property=\"og:image\" content=\"https:\/\/www.uhrenankauf365.de\/uhr-verkaufen\/wp-content\/uploads\/2025\/03\/uhren-ankauf-bozen-suedtirol.webp\" \/>\n\t<meta property=\"og:image:width\" content=\"1800\" \/>\n\t<meta property=\"og:image:height\" content=\"1078\" \/>\n\t<meta property=\"og:image:type\" content=\"image\/webp\" \/>\n<meta name=\"twitter:card\" content=\"summary_large_image\" \/>\n<meta name=\"twitter:label1\" content=\"Gesch\u00e4tzte Lesezeit\" \/>\n\t<meta name=\"twitter:data1\" content=\"3\u00a0Minuten\" \/>\n<script type=\"application\/ld+json\" class=\"yoast-schema-graph\">{\"@context\":\"https:\\\/\\\/schema.org\",\"@graph\":[{\"@type\":\"WebPage\",\"@id\":\"https:\\\/\\\/www.uhrenankauf365.de\\\/uhr-verkaufen\\\/uhren-ankauf-bozen\\\/\",\"url\":\"https:\\\/\\\/www.uhrenankauf365.de\\\/uhr-verkaufen\\\/uhren-ankauf-bozen\\\/\",\"name\":\"Uhren Ankauf Bozen\",\"isPartOf\":{\"@id\":\"https:\\\/\\\/www.uhrenankauf365.de\\\/uhr-verkaufen\\\/#website\"},\"primaryImageOfPage\":{\"@id\":\"https:\\\/\\\/www.uhrenankauf365.de\\\/uhr-verkaufen\\\/uhren-ankauf-bozen\\\/#primaryimage\"},\"image\":{\"@id\":\"https:\\\/\\\/www.uhrenankauf365.de\\\/uhr-verkaufen\\\/uhren-ankauf-bozen\\\/#primaryimage\"},\"thumbnailUrl\":\"https:\\\/\\\/www.uhrenankauf365.de\\\/uhr-verkaufen\\\/wp-content\\\/uploads\\\/2025\\\/03\\\/uhren-ankauf-bozen-suedtirol-1024x613.webp\",\"datePublished\":\"2025-03-31T10:48:41+00:00\",\"dateModified\":\"2025-03-31T10:57:44+00:00\",\"description\":\"Im Uhren Ankauf Bozen erhalten Sie faire, schnelle Auszahlungen, wenn Sie Ihre Luxusuhr verkaufen. Seri\u00f6s und etabliert seit 1998!\",\"breadcrumb\":{\"@id\":\"https:\\\/\\\/www.uhrenankauf365.de\\\/uhr-verkaufen\\\/uhren-ankauf-bozen\\\/#breadcrumb\"},\"inLanguage\":\"de\",\"potentialAction\":[{\"@type\":\"ReadAction\",\"target\":[\"https:\\\/\\\/www.uhrenankauf365.de\\\/uhr-verkaufen\\\/uhren-ankauf-bozen\\\/\"]}]},{\"@type\":\"ImageObject\",\"inLanguage\":\"de\",\"@id\":\"https:\\\/\\\/www.uhrenankauf365.de\\\/uhr-verkaufen\\\/uhren-ankauf-bozen\\\/#primaryimage\",\"url\":\"https:\\\/\\\/www.uhrenankauf365.de\\\/uhr-verkaufen\\\/wp-content\\\/uploads\\\/2025\\\/03\\\/uhren-ankauf-bozen-suedtirol.webp\",\"contentUrl\":\"https:\\\/\\\/www.uhrenankauf365.de\\\/uhr-verkaufen\\\/wp-content\\\/uploads\\\/2025\\\/03\\\/uhren-ankauf-bozen-suedtirol.webp\",\"width\":1800,\"height\":1078},{\"@type\":\"BreadcrumbList\",\"@id\":\"https:\\\/\\\/www.uhrenankauf365.de\\\/uhr-verkaufen\\\/uhren-ankauf-bozen\\\/#breadcrumb\",\"itemListElement\":[{\"@type\":\"ListItem\",\"position\":1,\"name\":\"Startseite\",\"item\":\"https:\\\/\\\/www.uhrenankauf365.de\\\/uhr-verkaufen\\\/\"},{\"@type\":\"ListItem\",\"position\":2,\"name\":\"Uhren Ankauf Bozen\"}]},{\"@type\":\"WebSite\",\"@id\":\"https:\\\/\\\/www.uhrenankauf365.de\\\/uhr-verkaufen\\\/#website\",\"url\":\"https:\\\/\\\/www.uhrenankauf365.de\\\/uhr-verkaufen\\\/\",\"name\":\"Uhrenankauf 365\",\"description\":\"Jetzt Ihre Luxusuhr verkaufen!\",\"publisher\":{\"@id\":\"https:\\\/\\\/www.uhrenankauf365.de\\\/uhr-verkaufen\\\/#organization\"},\"potentialAction\":[{\"@type\":\"SearchAction\",\"target\":{\"@type\":\"EntryPoint\",\"urlTemplate\":\"https:\\\/\\\/www.uhrenankauf365.de\\\/uhr-verkaufen\\\/?s={search_term_string}\"},\"query-input\":{\"@type\":\"PropertyValueSpecification\",\"valueRequired\":true,\"valueName\":\"search_term_string\"}}],\"inLanguage\":\"de\"},{\"@type\":\"Organization\",\"@id\":\"https:\\\/\\\/www.uhrenankauf365.de\\\/uhr-verkaufen\\\/#organization\",\"name\":\"uhrenankauf365.de, Anke Michels\",\"url\":\"https:\\\/\\\/www.uhrenankauf365.de\\\/uhr-verkaufen\\\/\",\"logo\":{\"@type\":\"ImageObject\",\"inLanguage\":\"de\",\"@id\":\"https:\\\/\\\/www.uhrenankauf365.de\\\/uhr-verkaufen\\\/#\\\/schema\\\/logo\\\/image\\\/\",\"url\":\"https:\\\/\\\/www.uhrenankauf365.de\\\/uhr-verkaufen\\\/wp-content\\\/uploads\\\/2020\\\/11\\\/logo_uhrenankauf.png\",\"contentUrl\":\"https:\\\/\\\/www.uhrenankauf365.de\\\/uhr-verkaufen\\\/wp-content\\\/uploads\\\/2020\\\/11\\\/logo_uhrenankauf.png\",\"width\":98,\"height\":100,\"caption\":\"uhrenankauf365.de, Anke Michels\"},\"image\":{\"@id\":\"https:\\\/\\\/www.uhrenankauf365.de\\\/uhr-verkaufen\\\/#\\\/schema\\\/logo\\\/image\\\/\"}}]}<\/script>\n<!-- \/ Yoast SEO plugin. -->","yoast_head_json":{"title":"Uhren Ankauf Bozen","description":"Im Uhren Ankauf Bozen erhalten Sie faire, schnelle Auszahlungen, wenn Sie Ihre Luxusuhr verkaufen. Seri\u00f6s und etabliert seit 1998!","robots":{"index":"index","follow":"follow","max-snippet":"max-snippet:-1","max-image-preview":"max-image-preview:large","max-video-preview":"max-video-preview:-1"},"canonical":"https:\/\/www.uhrenankauf365.de\/uhr-verkaufen\/uhren-ankauf-bozen\/","og_locale":"de_DE","og_type":"article","og_title":"Uhren Ankauf Bozen","og_description":"Im Uhren Ankauf Bozen erhalten Sie faire, schnelle Auszahlungen, wenn Sie Ihre Luxusuhr verkaufen. Seri\u00f6s und etabliert seit 1998!","og_url":"https:\/\/www.uhrenankauf365.de\/uhr-verkaufen\/uhren-ankauf-bozen\/","og_site_name":"Uhrenankauf 365","article_modified_time":"2025-03-31T10:57:44+00:00","og_image":[{"width":1800,"height":1078,"url":"https:\/\/www.uhrenankauf365.de\/uhr-verkaufen\/wp-content\/uploads\/2025\/03\/uhren-ankauf-bozen-suedtirol.webp","type":"image\/webp"}],"twitter_card":"summary_large_image","twitter_misc":{"Gesch\u00e4tzte Lesezeit":"3\u00a0Minuten"},"schema":{"@context":"https:\/\/schema.org","@graph":[{"@type":"WebPage","@id":"https:\/\/www.uhrenankauf365.de\/uhr-verkaufen\/uhren-ankauf-bozen\/","url":"https:\/\/www.uhrenankauf365.de\/uhr-verkaufen\/uhren-ankauf-bozen\/","name":"Uhren Ankauf Bozen","isPartOf":{"@id":"https:\/\/www.uhrenankauf365.de\/uhr-verkaufen\/#website"},"primaryImageOfPage":{"@id":"https:\/\/www.uhrenankauf365.de\/uhr-verkaufen\/uhren-ankauf-bozen\/#primaryimage"},"image":{"@id":"https:\/\/www.uhrenankauf365.de\/uhr-verkaufen\/uhren-ankauf-bozen\/#primaryimage"},"thumbnailUrl":"https:\/\/www.uhrenankauf365.de\/uhr-verkaufen\/wp-content\/uploads\/2025\/03\/uhren-ankauf-bozen-suedtirol-1024x613.webp","datePublished":"2025-03-31T10:48:41+00:00","dateModified":"2025-03-31T10:57:44+00:00","description":"Im Uhren Ankauf Bozen erhalten Sie faire, schnelle Auszahlungen, wenn Sie Ihre Luxusuhr verkaufen. Seri\u00f6s und etabliert seit 1998!","breadcrumb":{"@id":"https:\/\/www.uhrenankauf365.de\/uhr-verkaufen\/uhren-ankauf-bozen\/#breadcrumb"},"inLanguage":"de","potentialAction":[{"@type":"ReadAction","target":["https:\/\/www.uhrenankauf365.de\/uhr-verkaufen\/uhren-ankauf-bozen\/"]}]},{"@type":"ImageObject","inLanguage":"de","@id":"https:\/\/www.uhrenankauf365.de\/uhr-verkaufen\/uhren-ankauf-bozen\/#primaryimage","url":"https:\/\/www.uhrenankauf365.de\/uhr-verkaufen\/wp-content\/uploads\/2025\/03\/uhren-ankauf-bozen-suedtirol.webp","contentUrl":"https:\/\/www.uhrenankauf365.de\/uhr-verkaufen\/wp-content\/uploads\/2025\/03\/uhren-ankauf-bozen-suedtirol.webp","width":1800,"height":1078},{"@type":"BreadcrumbList","@id":"https:\/\/www.uhrenankauf365.de\/uhr-verkaufen\/uhren-ankauf-bozen\/#breadcrumb","itemListElement":[{"@type":"ListItem","position":1,"name":"Startseite","item":"https:\/\/www.uhrenankauf365.de\/uhr-verkaufen\/"},{"@type":"ListItem","position":2,"name":"Uhren Ankauf Bozen"}]},{"@type":"WebSite","@id":"https:\/\/www.uhrenankauf365.de\/uhr-verkaufen\/#website","url":"https:\/\/www.uhrenankauf365.de\/uhr-verkaufen\/","name":"Uhrenankauf 365","description":"Jetzt Ihre Luxusuhr verkaufen!","publisher":{"@id":"https:\/\/www.uhrenankauf365.de\/uhr-verkaufen\/#organization"},"potentialAction":[{"@type":"SearchAction","target":{"@type":"EntryPoint","urlTemplate":"https:\/\/www.uhrenankauf365.de\/uhr-verkaufen\/?s={search_term_string}"},"query-input":{"@type":"PropertyValueSpecification","valueRequired":true,"valueName":"search_term_string"}}],"inLanguage":"de"},{"@type":"Organization","@id":"https:\/\/www.uhrenankauf365.de\/uhr-verkaufen\/#organization","name":"uhrenankauf365.de, Anke Michels","url":"https:\/\/www.uhrenankauf365.de\/uhr-verkaufen\/","logo":{"@type":"ImageObject","inLanguage":"de","@id":"https:\/\/www.uhrenankauf365.de\/uhr-verkaufen\/#\/schema\/logo\/image\/","url":"https:\/\/www.uhrenankauf365.de\/uhr-verkaufen\/wp-content\/uploads\/2020\/11\/logo_uhrenankauf.png","contentUrl":"https:\/\/www.uhrenankauf365.de\/uhr-verkaufen\/wp-content\/uploads\/2020\/11\/logo_uhrenankauf.png","width":98,"height":100,"caption":"uhrenankauf365.de, Anke Michels"},"image":{"@id":"https:\/\/www.uhrenankauf365.de\/uhr-verkaufen\/#\/schema\/logo\/image\/"}}]}},"_links":{"self":[{"href":"https:\/\/www.uhrenankauf365.de\/uhr-verkaufen\/wp-json\/wp\/v2\/pages\/2181","targetHints":{"allow":["GET"]}}],"collection":[{"href":"https:\/\/www.uhrenankauf365.de\/uhr-verkaufen\/wp-json\/wp\/v2\/pages"}],"about":[{"href":"https:\/\/www.uhrenankauf365.de\/uhr-verkaufen\/wp-json\/wp\/v2\/types\/page"}],"author":[{"embeddable":true,"href":"https:\/\/www.uhrenankauf365.de\/uhr-verkaufen\/wp-json\/wp\/v2\/users\/1"}],"replies":[{"embeddable":true,"href":"https:\/\/www.uhrenankauf365.de\/uhr-verkaufen\/wp-json\/wp\/v2\/comments?post=2181"}],"version-history":[{"count":3,"href":"https:\/\/www.uhrenankauf365.de\/uhr-verkaufen\/wp-json\/wp\/v2\/pages\/2181\/revisions"}],"predecessor-version":[{"id":2186,"href":"https:\/\/www.uhrenankauf365.de\/uhr-verkaufen\/wp-json\/wp\/v2\/pages\/2181\/revisions\/2186"}],"wp:attachment":[{"href":"https:\/\/www.uhrenankauf365.de\/uhr-verkaufen\/wp-json\/wp\/v2\/media?parent=2181"}],"curies":[{"name":"wp","href":"https:\/\/api.w.org\/{rel}","templated":true}]}}