{"id":2041,"date":"2024-12-04T13:50:38","date_gmt":"2024-12-04T12:50:38","guid":{"rendered":"https:\/\/www.uhrenankauf365.de\/uhr-verkaufen\/?page_id=2041"},"modified":"2024-12-04T13:51:24","modified_gmt":"2024-12-04T12:51:24","slug":"corum-uhr-verkaufen","status":"publish","type":"page","link":"https:\/\/www.uhrenankauf365.de\/uhr-verkaufen\/corum-uhr-verkaufen\/","title":{"rendered":"Corum-Uhr verkaufen"},"content":{"rendered":"\n<p>Wir kaufen Ihre Corum-Uhr! Gebrauchte Uhren sind unser t\u00e4gliches Gesch\u00e4ft. Gerade der Bereich der Luxusuhren (wie z. B. von <a href=\"https:\/\/www.corum-watches.com\/\" target=\"_blank\" rel=\"noreferrer noopener\">Corum<\/a>) interessiert uns dabei sehr. Wenn Sie also nach einem <strong>Corum Ankauf<\/strong> suchen, nutzen Sie noch heute unser <a href=\"https:\/\/www.uhrenankauf365.de\/uhr-verkaufen\/ankaufsformular\/\">Ankaufsformular<\/a> und erfahren Sie, was uns Ihre Uhr wert ist.<\/p>\n\n\n\n<figure class=\"wp-block-image size-large\"><a href=\"https:\/\/www.uhrenankauf365.de\/uhr-verkaufen\/ankaufsformular\/\"><img loading=\"lazy\" decoding=\"async\" width=\"1024\" height=\"459\" src=\"https:\/\/www.uhrenankauf365.de\/uhr-verkaufen\/wp-content\/uploads\/2024\/12\/uhrenankauf-corum-1024x459.webp\" alt=\"Wir kaufen Ihre Corum Luxusuhr!\" class=\"wp-image-2042\" srcset=\"https:\/\/www.uhrenankauf365.de\/uhr-verkaufen\/wp-content\/uploads\/2024\/12\/uhrenankauf-corum-1024x459.webp 1024w, https:\/\/www.uhrenankauf365.de\/uhr-verkaufen\/wp-content\/uploads\/2024\/12\/uhrenankauf-corum-300x135.webp 300w, https:\/\/www.uhrenankauf365.de\/uhr-verkaufen\/wp-content\/uploads\/2024\/12\/uhrenankauf-corum-768x345.webp 768w, https:\/\/www.uhrenankauf365.de\/uhr-verkaufen\/wp-content\/uploads\/2024\/12\/uhrenankauf-corum.webp 1500w\" sizes=\"auto, (max-width: 1024px) 100vw, 1024px\" \/><\/a><\/figure>\n\n\n\n<h2 class=\"wp-block-heading\">Was ist meine Corum-Uhr wert?<\/h2>\n\n\n\n<p>Je nachdem, welches Modell Sie uns anbieten, unterscheiden sich der Wert und die m\u00f6gliche Auszahlungssumme nat\u00fcrlich stark. Daher k\u00f6nnen wir die Frage nach dem Wert eine Corum-Uhr nicht pauschal beantworten. Gerne pr\u00fcfen wir diese jedoch und teilen Ihnen zeitnah nach Ausf\u00fcllen und Senden des Ankaufsformulars mit, was wir f\u00fcr Ihre Uhr zahlen w\u00fcrden.<\/p>\n\n\n\n<h2 class=\"wp-block-heading\">Welche Corum-Modelle wir ankaufen<\/h2>\n\n\n\n<p>Corum begeistert mit vielen ausgekl\u00fcgelten Uhren, die wir im Uhrenankauf Corum gerne ankaufen. Dazu z\u00e4hlen:<\/p>\n\n\n\n<ul class=\"wp-block-list\">\n<li>Golden Bridge<\/li>\n\n\n\n<li>Admiral&#8217;s Cup<\/li>\n\n\n\n<li><a href=\"https:\/\/www.nobeluhren-store.de\/uhren\/corum-vintage-coin-watch-double-eagle-20-us-automatik-full-set-1994-de\" target=\"_blank\" rel=\"noreferrer noopener\">Coin Watch<\/a><\/li>\n\n\n\n<li>Romvlvs \/ Romulus<\/li>\n\n\n\n<li>Rolls Royce<\/li>\n\n\n\n<li>Buckingham<\/li>\n<\/ul>\n\n\n\n<p>Corum wurde 1955 in La Chaux-de-Fonds (Schweiz) von Gaston Ries und seinem Neffen Ren\u00e9 Bannwart gegr\u00fcndet und produzierte ein Jahr sp\u00e4ter die ersten Uhren. Inzwischen geh\u00f6rt Corum zur chinesischen Citychamp Watch &amp; Jewellery Group.<\/p>\n\n\n\n<p>Eine der ersten Uhren war die Coin Watch, die aus einer Goldm\u00fcnze bestand und direkt zum Verkaufsschlager wurde. Haben Sie diese Uhr in Ihrem Bestand und m\u00f6chten sie gerne zu Bargeld machen? <strong>Wir kaufen Ihre Corum Coin Watch zum fairen Preis!<\/strong><\/p>\n\n\n\n<p>Gerade bei Corum ist die Chance hoch, dass Sie ein seltenes Modell mit entsprechendem Wert haben, da jedes Jahr eine limitierte Edition produziert wurde. Unser Uhrmachermeister sch\u00e4tzt gerne den Wert Ihrer Corum-Uhr, wenn Sie uns die Daten dazu (und gerne auch bis zu drei Fotos) im <a href=\"https:\/\/www.uhrenankauf365.de\/uhr-verkaufen\/ankaufsformular\/\">Ankaufsformular<\/a> senden.<\/p>\n\n\n\n<div class=\"container p-4 uak_heller_hintergrund\">\n<div class=\"row mb-4\">\n<div class=\"col-12 col-md-6 text-center\">\n<i class=\"uak365icon fas fa-file-alt\"><\/i><br>\n<div class=\"ankaufschritte_title\">Formular ausf\u00fcllen<\/div>\n<small>Das <a href=\"https:\/\/www.uhrenankauf365.de\/uhr-verkaufen\/ankaufsformular\/\" title=\"Ankaufsformular Uhren\">Ankaufsformular<\/a> erfasst alle wichtigen Angaben zur Armbanduhr, die Sie verkaufen m\u00f6chten und erleichtert die Ermittlung eines fairen Ankaufspreises.<\/small>\n<\/div>\n<div class=\"col-12 col-md-6 text-center\">\n<i class=\"uak365icon far fa-handshake\"><\/i><br>\n<div class=\"ankaufschritte_title\">Angebot erhalten<\/div>\n<small>Wir unterbreiten Ihnen nach Erhalt der Informationen zur Uhr ein Angebot zum Ankauf. Offene Fragen kl\u00e4ren wir vorab.<\/small>\n<\/div>\n<\/div>\n\n\n<div class=\"row\">\n<div class=\"col-12 col-md-6 text-center\">\n<i class=\"uak365icon fas fa-truck-loading\"><\/i><br>\n<div class=\"ankaufschritte_title\">Uhr wird abgeholt<\/div>\n<small>Ein auf Werttransporte spezialisiertes Unternehmen holt die Uhr bei Ihnen ab. Mehr dazu erfahren Sie <a href=\"https:\/\/www.uhrenankauf365.de\/uhr-verkaufen\/ankauf-faq\/\">hier<\/a>.<\/small>\n<\/div>\n<div class=\"col-12 col-md-6 text-center\">\n<i class=\"uak365icon fas fa-euro-sign\"><\/i><br>\n<div class=\"ankaufschritte_title\">Geld erhalten<\/div>\n<small>Nach Pr\u00fcfung der Armbanduhr zahlen wir den vereinbarten Ankaufspreis zuverl\u00e4ssig und schnell auf Ihr Konto aus.\n<\/small>\n<\/div>\n<\/div>\n\n<\/div>\n\n\n\n<h2 class=\"wp-block-heading mt-4\">Seri\u00f6se &amp; schnelle Abwicklung<\/h2>\n\n\n\n<p>Unsere Reputation ist uns \u00e4u\u00dferst wichtig. Selbstverst\u00e4ndlich ist der Verkauf einer Luxusuhr absolute Vertrauenssache. Gerne stehen wir Ihnen jederzeit Rede und Antwort. Kontaktieren Sie uns gerne telefonisch, per E-Mail oder WhatsApp. Wir sind seit 1998 im Uhrenhandel t\u00e4tig und garantieren faire Preise, eine versicherte und seri\u00f6se Abwicklung und Zufriedenheit auf beiden Seiten.<\/p>\n\n\n<div class=\"wp-bootstrap-blocks-container container mb-5 uak_heller_hintergrund_line_height_normal text-center p-4 mt-4\">\n\t\n\n<h3 class=\"wp-block-heading\" id=\"u1363-2\">Wir kaufen Luxusuhren!<\/h3>\n\n\n\n<p id=\"u1363-4\"><strong>Profitieren Sie&nbsp;von unserer jahrzehntelangen Erfahrung im Uhrenhandel!<\/strong><\/p>\n\n\n\n<p><a class=\"btn btn-primary btn-lg\" href=\"https:\/\/www.uhrenankauf365.de\/uhr-verkaufen\/ankaufsformular\/\">Zum Ankaufsformular<\/a><\/p>\n\n<\/div>\n","protected":false},"excerpt":{"rendered":"<p>Wir kaufen Ihre Corum-Uhr! Gebrauchte Uhren sind unser t\u00e4gliches Gesch\u00e4ft. Gerade der Bereich der Luxusuhren (wie z. B. von Corum) interessiert uns dabei sehr. Wenn Sie also nach einem Corum Ankauf suchen, nutzen Sie noch heute unser Ankaufsformular und erfahren Sie, was uns Ihre Uhr wert ist. Was ist meine Corum-Uhr wert? Je nachdem, welches [&hellip;]<\/p>\n","protected":false},"author":1,"featured_media":0,"parent":0,"menu_order":0,"comment_status":"closed","ping_status":"closed","template":"","meta":{"footnotes":""},"class_list":["post-2041","page","type-page","status-publish","hentry"],"yoast_head":"<!-- This site is optimized with the Yoast SEO plugin v27.3 - https:\/\/yoast.com\/product\/yoast-seo-wordpress\/ -->\n<title>Corum-Uhr verkaufen - Uhrenankauf 365<\/title>\n<meta name=\"description\" content=\"Wir kaufen Corum-Luxusuhren und zahlen fair und schnell. Jetzt das Ankaufsformular ausf\u00fcllen und Preis erfahren!\" \/>\n<meta name=\"robots\" content=\"index, follow, max-snippet:-1, max-image-preview:large, max-video-preview:-1\" \/>\n<link rel=\"canonical\" href=\"https:\/\/www.uhrenankauf365.de\/uhr-verkaufen\/corum-uhr-verkaufen\/\" \/>\n<meta property=\"og:locale\" content=\"de_DE\" \/>\n<meta property=\"og:type\" content=\"article\" \/>\n<meta property=\"og:title\" content=\"Corum-Uhr verkaufen - Uhrenankauf 365\" \/>\n<meta property=\"og:description\" content=\"Wir kaufen Corum-Luxusuhren und zahlen fair und schnell. Jetzt das Ankaufsformular ausf\u00fcllen und Preis erfahren!\" \/>\n<meta property=\"og:url\" content=\"https:\/\/www.uhrenankauf365.de\/uhr-verkaufen\/corum-uhr-verkaufen\/\" \/>\n<meta property=\"og:site_name\" content=\"Uhrenankauf 365\" \/>\n<meta property=\"article:modified_time\" content=\"2024-12-04T12:51:24+00:00\" \/>\n<meta property=\"og:image\" content=\"https:\/\/www.uhrenankauf365.de\/uhr-verkaufen\/wp-content\/uploads\/2024\/12\/uhrenankauf-corum.webp\" \/>\n\t<meta property=\"og:image:width\" content=\"1500\" \/>\n\t<meta property=\"og:image:height\" content=\"673\" \/>\n\t<meta property=\"og:image:type\" content=\"image\/webp\" \/>\n<meta name=\"twitter:card\" content=\"summary_large_image\" \/>\n<meta name=\"twitter:label1\" content=\"Gesch\u00e4tzte Lesezeit\" \/>\n\t<meta name=\"twitter:data1\" content=\"3\u00a0Minuten\" \/>\n<script type=\"application\/ld+json\" class=\"yoast-schema-graph\">{\"@context\":\"https:\\\/\\\/schema.org\",\"@graph\":[{\"@type\":\"WebPage\",\"@id\":\"https:\\\/\\\/www.uhrenankauf365.de\\\/uhr-verkaufen\\\/corum-uhr-verkaufen\\\/\",\"url\":\"https:\\\/\\\/www.uhrenankauf365.de\\\/uhr-verkaufen\\\/corum-uhr-verkaufen\\\/\",\"name\":\"Corum-Uhr verkaufen - Uhrenankauf 365\",\"isPartOf\":{\"@id\":\"https:\\\/\\\/www.uhrenankauf365.de\\\/uhr-verkaufen\\\/#website\"},\"primaryImageOfPage\":{\"@id\":\"https:\\\/\\\/www.uhrenankauf365.de\\\/uhr-verkaufen\\\/corum-uhr-verkaufen\\\/#primaryimage\"},\"image\":{\"@id\":\"https:\\\/\\\/www.uhrenankauf365.de\\\/uhr-verkaufen\\\/corum-uhr-verkaufen\\\/#primaryimage\"},\"thumbnailUrl\":\"https:\\\/\\\/www.uhrenankauf365.de\\\/uhr-verkaufen\\\/wp-content\\\/uploads\\\/2024\\\/12\\\/uhrenankauf-corum-1024x459.webp\",\"datePublished\":\"2024-12-04T12:50:38+00:00\",\"dateModified\":\"2024-12-04T12:51:24+00:00\",\"description\":\"Wir kaufen Corum-Luxusuhren und zahlen fair und schnell. Jetzt das Ankaufsformular ausf\u00fcllen und Preis erfahren!\",\"breadcrumb\":{\"@id\":\"https:\\\/\\\/www.uhrenankauf365.de\\\/uhr-verkaufen\\\/corum-uhr-verkaufen\\\/#breadcrumb\"},\"inLanguage\":\"de\",\"potentialAction\":[{\"@type\":\"ReadAction\",\"target\":[\"https:\\\/\\\/www.uhrenankauf365.de\\\/uhr-verkaufen\\\/corum-uhr-verkaufen\\\/\"]}]},{\"@type\":\"ImageObject\",\"inLanguage\":\"de\",\"@id\":\"https:\\\/\\\/www.uhrenankauf365.de\\\/uhr-verkaufen\\\/corum-uhr-verkaufen\\\/#primaryimage\",\"url\":\"https:\\\/\\\/www.uhrenankauf365.de\\\/uhr-verkaufen\\\/wp-content\\\/uploads\\\/2024\\\/12\\\/uhrenankauf-corum.webp\",\"contentUrl\":\"https:\\\/\\\/www.uhrenankauf365.de\\\/uhr-verkaufen\\\/wp-content\\\/uploads\\\/2024\\\/12\\\/uhrenankauf-corum.webp\",\"width\":1500,\"height\":673},{\"@type\":\"BreadcrumbList\",\"@id\":\"https:\\\/\\\/www.uhrenankauf365.de\\\/uhr-verkaufen\\\/corum-uhr-verkaufen\\\/#breadcrumb\",\"itemListElement\":[{\"@type\":\"ListItem\",\"position\":1,\"name\":\"Startseite\",\"item\":\"https:\\\/\\\/www.uhrenankauf365.de\\\/uhr-verkaufen\\\/\"},{\"@type\":\"ListItem\",\"position\":2,\"name\":\"Corum-Uhr verkaufen\"}]},{\"@type\":\"WebSite\",\"@id\":\"https:\\\/\\\/www.uhrenankauf365.de\\\/uhr-verkaufen\\\/#website\",\"url\":\"https:\\\/\\\/www.uhrenankauf365.de\\\/uhr-verkaufen\\\/\",\"name\":\"Uhrenankauf 365\",\"description\":\"Jetzt Ihre Luxusuhr verkaufen!\",\"publisher\":{\"@id\":\"https:\\\/\\\/www.uhrenankauf365.de\\\/uhr-verkaufen\\\/#organization\"},\"potentialAction\":[{\"@type\":\"SearchAction\",\"target\":{\"@type\":\"EntryPoint\",\"urlTemplate\":\"https:\\\/\\\/www.uhrenankauf365.de\\\/uhr-verkaufen\\\/?s={search_term_string}\"},\"query-input\":{\"@type\":\"PropertyValueSpecification\",\"valueRequired\":true,\"valueName\":\"search_term_string\"}}],\"inLanguage\":\"de\"},{\"@type\":\"Organization\",\"@id\":\"https:\\\/\\\/www.uhrenankauf365.de\\\/uhr-verkaufen\\\/#organization\",\"name\":\"uhrenankauf365.de, Anke Michels\",\"url\":\"https:\\\/\\\/www.uhrenankauf365.de\\\/uhr-verkaufen\\\/\",\"logo\":{\"@type\":\"ImageObject\",\"inLanguage\":\"de\",\"@id\":\"https:\\\/\\\/www.uhrenankauf365.de\\\/uhr-verkaufen\\\/#\\\/schema\\\/logo\\\/image\\\/\",\"url\":\"https:\\\/\\\/www.uhrenankauf365.de\\\/uhr-verkaufen\\\/wp-content\\\/uploads\\\/2020\\\/11\\\/logo_uhrenankauf.png\",\"contentUrl\":\"https:\\\/\\\/www.uhrenankauf365.de\\\/uhr-verkaufen\\\/wp-content\\\/uploads\\\/2020\\\/11\\\/logo_uhrenankauf.png\",\"width\":98,\"height\":100,\"caption\":\"uhrenankauf365.de, Anke Michels\"},\"image\":{\"@id\":\"https:\\\/\\\/www.uhrenankauf365.de\\\/uhr-verkaufen\\\/#\\\/schema\\\/logo\\\/image\\\/\"}}]}<\/script>\n<!-- \/ Yoast SEO plugin. -->","yoast_head_json":{"title":"Corum-Uhr verkaufen - Uhrenankauf 365","description":"Wir kaufen Corum-Luxusuhren und zahlen fair und schnell. Jetzt das Ankaufsformular ausf\u00fcllen und Preis erfahren!","robots":{"index":"index","follow":"follow","max-snippet":"max-snippet:-1","max-image-preview":"max-image-preview:large","max-video-preview":"max-video-preview:-1"},"canonical":"https:\/\/www.uhrenankauf365.de\/uhr-verkaufen\/corum-uhr-verkaufen\/","og_locale":"de_DE","og_type":"article","og_title":"Corum-Uhr verkaufen - Uhrenankauf 365","og_description":"Wir kaufen Corum-Luxusuhren und zahlen fair und schnell. Jetzt das Ankaufsformular ausf\u00fcllen und Preis erfahren!","og_url":"https:\/\/www.uhrenankauf365.de\/uhr-verkaufen\/corum-uhr-verkaufen\/","og_site_name":"Uhrenankauf 365","article_modified_time":"2024-12-04T12:51:24+00:00","og_image":[{"width":1500,"height":673,"url":"https:\/\/www.uhrenankauf365.de\/uhr-verkaufen\/wp-content\/uploads\/2024\/12\/uhrenankauf-corum.webp","type":"image\/webp"}],"twitter_card":"summary_large_image","twitter_misc":{"Gesch\u00e4tzte Lesezeit":"3\u00a0Minuten"},"schema":{"@context":"https:\/\/schema.org","@graph":[{"@type":"WebPage","@id":"https:\/\/www.uhrenankauf365.de\/uhr-verkaufen\/corum-uhr-verkaufen\/","url":"https:\/\/www.uhrenankauf365.de\/uhr-verkaufen\/corum-uhr-verkaufen\/","name":"Corum-Uhr verkaufen - Uhrenankauf 365","isPartOf":{"@id":"https:\/\/www.uhrenankauf365.de\/uhr-verkaufen\/#website"},"primaryImageOfPage":{"@id":"https:\/\/www.uhrenankauf365.de\/uhr-verkaufen\/corum-uhr-verkaufen\/#primaryimage"},"image":{"@id":"https:\/\/www.uhrenankauf365.de\/uhr-verkaufen\/corum-uhr-verkaufen\/#primaryimage"},"thumbnailUrl":"https:\/\/www.uhrenankauf365.de\/uhr-verkaufen\/wp-content\/uploads\/2024\/12\/uhrenankauf-corum-1024x459.webp","datePublished":"2024-12-04T12:50:38+00:00","dateModified":"2024-12-04T12:51:24+00:00","description":"Wir kaufen Corum-Luxusuhren und zahlen fair und schnell. Jetzt das Ankaufsformular ausf\u00fcllen und Preis erfahren!","breadcrumb":{"@id":"https:\/\/www.uhrenankauf365.de\/uhr-verkaufen\/corum-uhr-verkaufen\/#breadcrumb"},"inLanguage":"de","potentialAction":[{"@type":"ReadAction","target":["https:\/\/www.uhrenankauf365.de\/uhr-verkaufen\/corum-uhr-verkaufen\/"]}]},{"@type":"ImageObject","inLanguage":"de","@id":"https:\/\/www.uhrenankauf365.de\/uhr-verkaufen\/corum-uhr-verkaufen\/#primaryimage","url":"https:\/\/www.uhrenankauf365.de\/uhr-verkaufen\/wp-content\/uploads\/2024\/12\/uhrenankauf-corum.webp","contentUrl":"https:\/\/www.uhrenankauf365.de\/uhr-verkaufen\/wp-content\/uploads\/2024\/12\/uhrenankauf-corum.webp","width":1500,"height":673},{"@type":"BreadcrumbList","@id":"https:\/\/www.uhrenankauf365.de\/uhr-verkaufen\/corum-uhr-verkaufen\/#breadcrumb","itemListElement":[{"@type":"ListItem","position":1,"name":"Startseite","item":"https:\/\/www.uhrenankauf365.de\/uhr-verkaufen\/"},{"@type":"ListItem","position":2,"name":"Corum-Uhr verkaufen"}]},{"@type":"WebSite","@id":"https:\/\/www.uhrenankauf365.de\/uhr-verkaufen\/#website","url":"https:\/\/www.uhrenankauf365.de\/uhr-verkaufen\/","name":"Uhrenankauf 365","description":"Jetzt Ihre Luxusuhr verkaufen!","publisher":{"@id":"https:\/\/www.uhrenankauf365.de\/uhr-verkaufen\/#organization"},"potentialAction":[{"@type":"SearchAction","target":{"@type":"EntryPoint","urlTemplate":"https:\/\/www.uhrenankauf365.de\/uhr-verkaufen\/?s={search_term_string}"},"query-input":{"@type":"PropertyValueSpecification","valueRequired":true,"valueName":"search_term_string"}}],"inLanguage":"de"},{"@type":"Organization","@id":"https:\/\/www.uhrenankauf365.de\/uhr-verkaufen\/#organization","name":"uhrenankauf365.de, Anke Michels","url":"https:\/\/www.uhrenankauf365.de\/uhr-verkaufen\/","logo":{"@type":"ImageObject","inLanguage":"de","@id":"https:\/\/www.uhrenankauf365.de\/uhr-verkaufen\/#\/schema\/logo\/image\/","url":"https:\/\/www.uhrenankauf365.de\/uhr-verkaufen\/wp-content\/uploads\/2020\/11\/logo_uhrenankauf.png","contentUrl":"https:\/\/www.uhrenankauf365.de\/uhr-verkaufen\/wp-content\/uploads\/2020\/11\/logo_uhrenankauf.png","width":98,"height":100,"caption":"uhrenankauf365.de, Anke Michels"},"image":{"@id":"https:\/\/www.uhrenankauf365.de\/uhr-verkaufen\/#\/schema\/logo\/image\/"}}]}},"_links":{"self":[{"href":"https:\/\/www.uhrenankauf365.de\/uhr-verkaufen\/wp-json\/wp\/v2\/pages\/2041","targetHints":{"allow":["GET"]}}],"collection":[{"href":"https:\/\/www.uhrenankauf365.de\/uhr-verkaufen\/wp-json\/wp\/v2\/pages"}],"about":[{"href":"https:\/\/www.uhrenankauf365.de\/uhr-verkaufen\/wp-json\/wp\/v2\/types\/page"}],"author":[{"embeddable":true,"href":"https:\/\/www.uhrenankauf365.de\/uhr-verkaufen\/wp-json\/wp\/v2\/users\/1"}],"replies":[{"embeddable":true,"href":"https:\/\/www.uhrenankauf365.de\/uhr-verkaufen\/wp-json\/wp\/v2\/comments?post=2041"}],"version-history":[{"count":4,"href":"https:\/\/www.uhrenankauf365.de\/uhr-verkaufen\/wp-json\/wp\/v2\/pages\/2041\/revisions"}],"predecessor-version":[{"id":2047,"href":"https:\/\/www.uhrenankauf365.de\/uhr-verkaufen\/wp-json\/wp\/v2\/pages\/2041\/revisions\/2047"}],"wp:attachment":[{"href":"https:\/\/www.uhrenankauf365.de\/uhr-verkaufen\/wp-json\/wp\/v2\/media?parent=2041"}],"curies":[{"name":"wp","href":"https:\/\/api.w.org\/{rel}","templated":true}]}}