{"id":1988,"date":"2024-06-06T15:16:45","date_gmt":"2024-06-06T13:16:45","guid":{"rendered":"https:\/\/www.uhrenankauf365.de\/uhr-verkaufen\/?page_id=1988"},"modified":"2024-06-06T15:16:46","modified_gmt":"2024-06-06T13:16:46","slug":"audemars-piguet-royal-oak-5402-uhren-ankauf","status":"publish","type":"page","link":"https:\/\/www.uhrenankauf365.de\/uhr-verkaufen\/audemars-piguet-royal-oak-5402-uhren-ankauf\/","title":{"rendered":"Audemars Piguet Royal Oak 5402 Uhren Ankauf"},"content":{"rendered":"\n<p>Wir bieten im <strong>Ankauf von Royal Oak 5402 Luxusuhren<\/strong> faire Preise &amp; schnelle Auszahlung auf Ihr Bankkonto. Nutzen Sie am besten gleich unser <a href=\"https:\/\/www.uhrenankauf365.de\/uhr-verkaufen\/ankaufsformular\/\">Ankaufsformular<\/a>, um uns Ihre Uhr anzubieten.<\/p>\n\n\n\n<h2 class=\"wp-block-heading\">Historischer Hintergrund<\/h2>\n\n\n\n<p>Die 1972 erstmals vorgestellte Audemars Piguet Royal Oak 5402 war die teuerste Stahluhr ihrer Zeit und ist heute sicherlich das ikonischste St\u00fcck, das AP je produziert hat und eine der bekanntesten Uhren aller Zeiten! Die achteckige L\u00fcnette, die mit acht Sechskantschrauben befestigt ist, verleiht der Royal Oak das gewisse Etwas und ein unverwechselbares Aussehen. Als Teil der Big Four (Patek Philippe 3700, IWC 1832, Vacheron Constantin 222 und Audemars Piguet 5402) ist sie ein absolutes Muss in jeder Vintage-Sammlung.<\/p>\n\n\n\n<h2 class=\"wp-block-heading\">Entworfen von Gerald Genta<\/h2>\n\n\n\n<p>Die Geschichte der vom legend\u00e4ren Gerald Genta entworfenen Royal Oak geht auf das 17. Jahrhundert zur\u00fcck, als der englische K\u00f6nig Karl II. w\u00e4hrend der englischen B\u00fcrgerkriege in der historischen Eiche in Boscobel Woods Zuflucht suchte und der Gefangennahme durch Cromwells Armee entging. An dieses Ereignis wird in der Royal Oak jedes Jahr am 29. M\u00e4rz erinnert. Dieser Name, der f\u00fcr Langlebigkeit und St\u00e4rke steht, wurde sp\u00e4ter f\u00fcr eine Reihe von acht Schiffen der englischen Marine von 1664 bis 1908 verwendet. Das letzte Schiff wurde w\u00e4hrend des Zweiten Weltkriegs in Scapa Flow versenkt. Die adelige und k\u00f6nigliche Abstammung, die Beherrschung des Meeres auf allen Kontinenten, die St\u00e4rke und Widerstandsf\u00e4higkeit der Eiche und die Pr\u00e4zisionstechnik der m\u00e4chtigen Kanonenboote sind in diesem Namen, dieser Uhr und diesem Konzept enthalten.<\/p>\n\n\n\n<h2 class=\"wp-block-heading\">Was ist meine Royal Oak 5402 wert?<\/h2>\n\n\n\n<div class=\"wp-block-columns is-layout-flex wp-container-core-columns-is-layout-9d6595d7 wp-block-columns-is-layout-flex\">\n<div class=\"wp-block-column is-layout-flow wp-block-column-is-layout-flow\">\n<p>Wir bewegen uns hier im Bereich der absoluten Luxusuhren. Dennoch ist es pauschal nicht m\u00f6glich, die Frage nach dem genauen Wert Ihrer Audemars Piguet-Uhr zu beantworten. Zu viele Faktoren beeinflussen diese Summe, unter anderem:<\/p>\n\n\n\n<ul class=\"wp-block-list\">\n<li>Ist die Original-Verpackung vorhanden?<\/li>\n\n\n\n<li>Haben Sie Belege f\u00fcr durchgef\u00fchrte Wartungen?<\/li>\n\n\n\n<li>Ist der Kaufbeleg vorhanden?<\/li>\n\n\n\n<li>Ist die Uhr in gutem Zustand?<\/li>\n\n\n\n<li>In welchem Zustand befindet sich das Armband?<\/li>\n<\/ul>\n\n\n\n<p>Um unsere Einsch\u00e4tzung zu erfahren, f\u00fcllen Sie bitte das Ankaufsformular aus und machen alle Angaben, die Ihnen vorliegen. Au\u00dferdem k\u00f6nnen Sie bis zu drei Fotos der Uhr und ggf. des gesamten Sets hochladen. In der Regel erhalten Sie noch am gleichen Tag eine Antwort von uns.<\/p>\n<\/div>\n\n\n\n<div class=\"wp-block-column is-layout-flow wp-block-column-is-layout-flow\">\n<figure class=\"wp-block-image size-large\"><img loading=\"lazy\" decoding=\"async\" width=\"1024\" height=\"681\" src=\"https:\/\/www.uhrenankauf365.de\/uhr-verkaufen\/wp-content\/uploads\/2024\/06\/luxusuhr-ap-royal-oak-5402-ankauf-1024x681.jpg\" alt=\"Audemars Piguet Royal Oak 5402 Komplettset aus einem Uhrenankauf\" class=\"wp-image-1989\" srcset=\"https:\/\/www.uhrenankauf365.de\/uhr-verkaufen\/wp-content\/uploads\/2024\/06\/luxusuhr-ap-royal-oak-5402-ankauf-1024x681.jpg 1024w, https:\/\/www.uhrenankauf365.de\/uhr-verkaufen\/wp-content\/uploads\/2024\/06\/luxusuhr-ap-royal-oak-5402-ankauf-300x200.jpg 300w, https:\/\/www.uhrenankauf365.de\/uhr-verkaufen\/wp-content\/uploads\/2024\/06\/luxusuhr-ap-royal-oak-5402-ankauf-768x511.jpg 768w, https:\/\/www.uhrenankauf365.de\/uhr-verkaufen\/wp-content\/uploads\/2024\/06\/luxusuhr-ap-royal-oak-5402-ankauf-1536x1022.jpg 1536w, https:\/\/www.uhrenankauf365.de\/uhr-verkaufen\/wp-content\/uploads\/2024\/06\/luxusuhr-ap-royal-oak-5402-ankauf-2048x1363.jpg 2048w\" sizes=\"auto, (max-width: 1024px) 100vw, 1024px\" \/><\/figure>\n<\/div>\n<\/div>\n\n\n\n<p><\/p>\n\n\n\n<p><\/p>\n\n\n<div class=\"wp-bootstrap-blocks-container container mb-5 uak_heller_hintergrund_line_height_normal text-center p-4 mt-4\">\n\t\n\n<h3 class=\"wp-block-heading\" id=\"u1363-2\">Wir kaufen Luxusuhren!<\/h3>\n\n\n\n<p id=\"u1363-4\"><strong>Profitieren Sie&nbsp;von unserer jahrzehntelangen Erfahrung im Uhrenhandel!<\/strong><\/p>\n\n\n\n<p><a class=\"btn btn-primary btn-lg\" href=\"https:\/\/www.uhrenankauf365.de\/uhr-verkaufen\/ankaufsformular\/\">Zum Ankaufsformular<\/a><\/p>\n\n<\/div>\n","protected":false},"excerpt":{"rendered":"<p>Wir bieten im Ankauf von Royal Oak 5402 Luxusuhren faire Preise &amp; schnelle Auszahlung auf Ihr Bankkonto. Nutzen Sie am besten gleich unser Ankaufsformular, um uns Ihre Uhr anzubieten. Historischer Hintergrund Die 1972 erstmals vorgestellte Audemars Piguet Royal Oak 5402 war die teuerste Stahluhr ihrer Zeit und ist heute sicherlich das ikonischste St\u00fcck, das AP [&hellip;]<\/p>\n","protected":false},"author":1,"featured_media":0,"parent":0,"menu_order":0,"comment_status":"closed","ping_status":"closed","template":"","meta":{"footnotes":""},"class_list":["post-1988","page","type-page","status-publish","hentry"],"yoast_head":"<!-- This site is optimized with the Yoast SEO plugin v27.3 - https:\/\/yoast.com\/product\/yoast-seo-wordpress\/ -->\n<title>Audemars Piguet Royal Oak 5402 Uhren Ankauf<\/title>\n<meta name=\"description\" content=\"Wir bieten im Royal Oak 5402 Uhrenankauf faire Preise &amp; schnelle Auszahlungen. Seit 1998 kaufen und verkaufen wir Luxusuhren.\" \/>\n<meta name=\"robots\" content=\"index, follow, max-snippet:-1, max-image-preview:large, max-video-preview:-1\" \/>\n<link rel=\"canonical\" href=\"https:\/\/www.uhrenankauf365.de\/uhr-verkaufen\/audemars-piguet-royal-oak-5402-uhren-ankauf\/\" \/>\n<meta property=\"og:locale\" content=\"de_DE\" \/>\n<meta property=\"og:type\" content=\"article\" \/>\n<meta property=\"og:title\" content=\"Audemars Piguet Royal Oak 5402 Uhren Ankauf\" \/>\n<meta property=\"og:description\" content=\"Wir bieten im Royal Oak 5402 Uhrenankauf faire Preise &amp; schnelle Auszahlungen. Seit 1998 kaufen und verkaufen wir Luxusuhren.\" \/>\n<meta property=\"og:url\" content=\"https:\/\/www.uhrenankauf365.de\/uhr-verkaufen\/audemars-piguet-royal-oak-5402-uhren-ankauf\/\" \/>\n<meta property=\"og:site_name\" content=\"Uhrenankauf 365\" \/>\n<meta property=\"article:modified_time\" content=\"2024-06-06T13:16:46+00:00\" \/>\n<meta property=\"og:image\" content=\"https:\/\/www.uhrenankauf365.de\/uhr-verkaufen\/wp-content\/uploads\/2024\/06\/luxusuhr-ap-royal-oak-5402-ankauf-1024x681.jpg\" \/>\n<meta name=\"twitter:card\" content=\"summary_large_image\" \/>\n<meta name=\"twitter:label1\" content=\"Gesch\u00e4tzte Lesezeit\" \/>\n\t<meta name=\"twitter:data1\" content=\"3\u00a0Minuten\" \/>\n<script type=\"application\/ld+json\" class=\"yoast-schema-graph\">{\"@context\":\"https:\\\/\\\/schema.org\",\"@graph\":[{\"@type\":\"WebPage\",\"@id\":\"https:\\\/\\\/www.uhrenankauf365.de\\\/uhr-verkaufen\\\/audemars-piguet-royal-oak-5402-uhren-ankauf\\\/\",\"url\":\"https:\\\/\\\/www.uhrenankauf365.de\\\/uhr-verkaufen\\\/audemars-piguet-royal-oak-5402-uhren-ankauf\\\/\",\"name\":\"Audemars Piguet Royal Oak 5402 Uhren Ankauf\",\"isPartOf\":{\"@id\":\"https:\\\/\\\/www.uhrenankauf365.de\\\/uhr-verkaufen\\\/#website\"},\"primaryImageOfPage\":{\"@id\":\"https:\\\/\\\/www.uhrenankauf365.de\\\/uhr-verkaufen\\\/audemars-piguet-royal-oak-5402-uhren-ankauf\\\/#primaryimage\"},\"image\":{\"@id\":\"https:\\\/\\\/www.uhrenankauf365.de\\\/uhr-verkaufen\\\/audemars-piguet-royal-oak-5402-uhren-ankauf\\\/#primaryimage\"},\"thumbnailUrl\":\"https:\\\/\\\/www.uhrenankauf365.de\\\/uhr-verkaufen\\\/wp-content\\\/uploads\\\/2024\\\/06\\\/luxusuhr-ap-royal-oak-5402-ankauf-1024x681.jpg\",\"datePublished\":\"2024-06-06T13:16:45+00:00\",\"dateModified\":\"2024-06-06T13:16:46+00:00\",\"description\":\"Wir bieten im Royal Oak 5402 Uhrenankauf faire Preise & schnelle Auszahlungen. Seit 1998 kaufen und verkaufen wir Luxusuhren.\",\"breadcrumb\":{\"@id\":\"https:\\\/\\\/www.uhrenankauf365.de\\\/uhr-verkaufen\\\/audemars-piguet-royal-oak-5402-uhren-ankauf\\\/#breadcrumb\"},\"inLanguage\":\"de\",\"potentialAction\":[{\"@type\":\"ReadAction\",\"target\":[\"https:\\\/\\\/www.uhrenankauf365.de\\\/uhr-verkaufen\\\/audemars-piguet-royal-oak-5402-uhren-ankauf\\\/\"]}]},{\"@type\":\"ImageObject\",\"inLanguage\":\"de\",\"@id\":\"https:\\\/\\\/www.uhrenankauf365.de\\\/uhr-verkaufen\\\/audemars-piguet-royal-oak-5402-uhren-ankauf\\\/#primaryimage\",\"url\":\"https:\\\/\\\/www.uhrenankauf365.de\\\/uhr-verkaufen\\\/wp-content\\\/uploads\\\/2024\\\/06\\\/luxusuhr-ap-royal-oak-5402-ankauf-scaled.jpg\",\"contentUrl\":\"https:\\\/\\\/www.uhrenankauf365.de\\\/uhr-verkaufen\\\/wp-content\\\/uploads\\\/2024\\\/06\\\/luxusuhr-ap-royal-oak-5402-ankauf-scaled.jpg\",\"width\":2560,\"height\":1703},{\"@type\":\"BreadcrumbList\",\"@id\":\"https:\\\/\\\/www.uhrenankauf365.de\\\/uhr-verkaufen\\\/audemars-piguet-royal-oak-5402-uhren-ankauf\\\/#breadcrumb\",\"itemListElement\":[{\"@type\":\"ListItem\",\"position\":1,\"name\":\"Startseite\",\"item\":\"https:\\\/\\\/www.uhrenankauf365.de\\\/uhr-verkaufen\\\/\"},{\"@type\":\"ListItem\",\"position\":2,\"name\":\"Audemars Piguet Royal Oak 5402 Uhren Ankauf\"}]},{\"@type\":\"WebSite\",\"@id\":\"https:\\\/\\\/www.uhrenankauf365.de\\\/uhr-verkaufen\\\/#website\",\"url\":\"https:\\\/\\\/www.uhrenankauf365.de\\\/uhr-verkaufen\\\/\",\"name\":\"Uhrenankauf 365\",\"description\":\"Jetzt Ihre Luxusuhr verkaufen!\",\"publisher\":{\"@id\":\"https:\\\/\\\/www.uhrenankauf365.de\\\/uhr-verkaufen\\\/#organization\"},\"potentialAction\":[{\"@type\":\"SearchAction\",\"target\":{\"@type\":\"EntryPoint\",\"urlTemplate\":\"https:\\\/\\\/www.uhrenankauf365.de\\\/uhr-verkaufen\\\/?s={search_term_string}\"},\"query-input\":{\"@type\":\"PropertyValueSpecification\",\"valueRequired\":true,\"valueName\":\"search_term_string\"}}],\"inLanguage\":\"de\"},{\"@type\":\"Organization\",\"@id\":\"https:\\\/\\\/www.uhrenankauf365.de\\\/uhr-verkaufen\\\/#organization\",\"name\":\"uhrenankauf365.de, Anke Michels\",\"url\":\"https:\\\/\\\/www.uhrenankauf365.de\\\/uhr-verkaufen\\\/\",\"logo\":{\"@type\":\"ImageObject\",\"inLanguage\":\"de\",\"@id\":\"https:\\\/\\\/www.uhrenankauf365.de\\\/uhr-verkaufen\\\/#\\\/schema\\\/logo\\\/image\\\/\",\"url\":\"https:\\\/\\\/www.uhrenankauf365.de\\\/uhr-verkaufen\\\/wp-content\\\/uploads\\\/2020\\\/11\\\/logo_uhrenankauf.png\",\"contentUrl\":\"https:\\\/\\\/www.uhrenankauf365.de\\\/uhr-verkaufen\\\/wp-content\\\/uploads\\\/2020\\\/11\\\/logo_uhrenankauf.png\",\"width\":98,\"height\":100,\"caption\":\"uhrenankauf365.de, Anke Michels\"},\"image\":{\"@id\":\"https:\\\/\\\/www.uhrenankauf365.de\\\/uhr-verkaufen\\\/#\\\/schema\\\/logo\\\/image\\\/\"}}]}<\/script>\n<!-- \/ Yoast SEO plugin. -->","yoast_head_json":{"title":"Audemars Piguet Royal Oak 5402 Uhren Ankauf","description":"Wir bieten im Royal Oak 5402 Uhrenankauf faire Preise & schnelle Auszahlungen. Seit 1998 kaufen und verkaufen wir Luxusuhren.","robots":{"index":"index","follow":"follow","max-snippet":"max-snippet:-1","max-image-preview":"max-image-preview:large","max-video-preview":"max-video-preview:-1"},"canonical":"https:\/\/www.uhrenankauf365.de\/uhr-verkaufen\/audemars-piguet-royal-oak-5402-uhren-ankauf\/","og_locale":"de_DE","og_type":"article","og_title":"Audemars Piguet Royal Oak 5402 Uhren Ankauf","og_description":"Wir bieten im Royal Oak 5402 Uhrenankauf faire Preise & schnelle Auszahlungen. Seit 1998 kaufen und verkaufen wir Luxusuhren.","og_url":"https:\/\/www.uhrenankauf365.de\/uhr-verkaufen\/audemars-piguet-royal-oak-5402-uhren-ankauf\/","og_site_name":"Uhrenankauf 365","article_modified_time":"2024-06-06T13:16:46+00:00","og_image":[{"url":"https:\/\/www.uhrenankauf365.de\/uhr-verkaufen\/wp-content\/uploads\/2024\/06\/luxusuhr-ap-royal-oak-5402-ankauf-1024x681.jpg","type":"","width":"","height":""}],"twitter_card":"summary_large_image","twitter_misc":{"Gesch\u00e4tzte Lesezeit":"3\u00a0Minuten"},"schema":{"@context":"https:\/\/schema.org","@graph":[{"@type":"WebPage","@id":"https:\/\/www.uhrenankauf365.de\/uhr-verkaufen\/audemars-piguet-royal-oak-5402-uhren-ankauf\/","url":"https:\/\/www.uhrenankauf365.de\/uhr-verkaufen\/audemars-piguet-royal-oak-5402-uhren-ankauf\/","name":"Audemars Piguet Royal Oak 5402 Uhren Ankauf","isPartOf":{"@id":"https:\/\/www.uhrenankauf365.de\/uhr-verkaufen\/#website"},"primaryImageOfPage":{"@id":"https:\/\/www.uhrenankauf365.de\/uhr-verkaufen\/audemars-piguet-royal-oak-5402-uhren-ankauf\/#primaryimage"},"image":{"@id":"https:\/\/www.uhrenankauf365.de\/uhr-verkaufen\/audemars-piguet-royal-oak-5402-uhren-ankauf\/#primaryimage"},"thumbnailUrl":"https:\/\/www.uhrenankauf365.de\/uhr-verkaufen\/wp-content\/uploads\/2024\/06\/luxusuhr-ap-royal-oak-5402-ankauf-1024x681.jpg","datePublished":"2024-06-06T13:16:45+00:00","dateModified":"2024-06-06T13:16:46+00:00","description":"Wir bieten im Royal Oak 5402 Uhrenankauf faire Preise & schnelle Auszahlungen. Seit 1998 kaufen und verkaufen wir Luxusuhren.","breadcrumb":{"@id":"https:\/\/www.uhrenankauf365.de\/uhr-verkaufen\/audemars-piguet-royal-oak-5402-uhren-ankauf\/#breadcrumb"},"inLanguage":"de","potentialAction":[{"@type":"ReadAction","target":["https:\/\/www.uhrenankauf365.de\/uhr-verkaufen\/audemars-piguet-royal-oak-5402-uhren-ankauf\/"]}]},{"@type":"ImageObject","inLanguage":"de","@id":"https:\/\/www.uhrenankauf365.de\/uhr-verkaufen\/audemars-piguet-royal-oak-5402-uhren-ankauf\/#primaryimage","url":"https:\/\/www.uhrenankauf365.de\/uhr-verkaufen\/wp-content\/uploads\/2024\/06\/luxusuhr-ap-royal-oak-5402-ankauf-scaled.jpg","contentUrl":"https:\/\/www.uhrenankauf365.de\/uhr-verkaufen\/wp-content\/uploads\/2024\/06\/luxusuhr-ap-royal-oak-5402-ankauf-scaled.jpg","width":2560,"height":1703},{"@type":"BreadcrumbList","@id":"https:\/\/www.uhrenankauf365.de\/uhr-verkaufen\/audemars-piguet-royal-oak-5402-uhren-ankauf\/#breadcrumb","itemListElement":[{"@type":"ListItem","position":1,"name":"Startseite","item":"https:\/\/www.uhrenankauf365.de\/uhr-verkaufen\/"},{"@type":"ListItem","position":2,"name":"Audemars Piguet Royal Oak 5402 Uhren Ankauf"}]},{"@type":"WebSite","@id":"https:\/\/www.uhrenankauf365.de\/uhr-verkaufen\/#website","url":"https:\/\/www.uhrenankauf365.de\/uhr-verkaufen\/","name":"Uhrenankauf 365","description":"Jetzt Ihre Luxusuhr verkaufen!","publisher":{"@id":"https:\/\/www.uhrenankauf365.de\/uhr-verkaufen\/#organization"},"potentialAction":[{"@type":"SearchAction","target":{"@type":"EntryPoint","urlTemplate":"https:\/\/www.uhrenankauf365.de\/uhr-verkaufen\/?s={search_term_string}"},"query-input":{"@type":"PropertyValueSpecification","valueRequired":true,"valueName":"search_term_string"}}],"inLanguage":"de"},{"@type":"Organization","@id":"https:\/\/www.uhrenankauf365.de\/uhr-verkaufen\/#organization","name":"uhrenankauf365.de, Anke Michels","url":"https:\/\/www.uhrenankauf365.de\/uhr-verkaufen\/","logo":{"@type":"ImageObject","inLanguage":"de","@id":"https:\/\/www.uhrenankauf365.de\/uhr-verkaufen\/#\/schema\/logo\/image\/","url":"https:\/\/www.uhrenankauf365.de\/uhr-verkaufen\/wp-content\/uploads\/2020\/11\/logo_uhrenankauf.png","contentUrl":"https:\/\/www.uhrenankauf365.de\/uhr-verkaufen\/wp-content\/uploads\/2020\/11\/logo_uhrenankauf.png","width":98,"height":100,"caption":"uhrenankauf365.de, Anke Michels"},"image":{"@id":"https:\/\/www.uhrenankauf365.de\/uhr-verkaufen\/#\/schema\/logo\/image\/"}}]}},"_links":{"self":[{"href":"https:\/\/www.uhrenankauf365.de\/uhr-verkaufen\/wp-json\/wp\/v2\/pages\/1988","targetHints":{"allow":["GET"]}}],"collection":[{"href":"https:\/\/www.uhrenankauf365.de\/uhr-verkaufen\/wp-json\/wp\/v2\/pages"}],"about":[{"href":"https:\/\/www.uhrenankauf365.de\/uhr-verkaufen\/wp-json\/wp\/v2\/types\/page"}],"author":[{"embeddable":true,"href":"https:\/\/www.uhrenankauf365.de\/uhr-verkaufen\/wp-json\/wp\/v2\/users\/1"}],"replies":[{"embeddable":true,"href":"https:\/\/www.uhrenankauf365.de\/uhr-verkaufen\/wp-json\/wp\/v2\/comments?post=1988"}],"version-history":[{"count":1,"href":"https:\/\/www.uhrenankauf365.de\/uhr-verkaufen\/wp-json\/wp\/v2\/pages\/1988\/revisions"}],"predecessor-version":[{"id":1990,"href":"https:\/\/www.uhrenankauf365.de\/uhr-verkaufen\/wp-json\/wp\/v2\/pages\/1988\/revisions\/1990"}],"wp:attachment":[{"href":"https:\/\/www.uhrenankauf365.de\/uhr-verkaufen\/wp-json\/wp\/v2\/media?parent=1988"}],"curies":[{"name":"wp","href":"https:\/\/api.w.org\/{rel}","templated":true}]}}