{"id":1972,"date":"2024-05-07T19:14:33","date_gmt":"2024-05-07T17:14:33","guid":{"rendered":"https:\/\/www.uhrenankauf365.de\/uhr-verkaufen\/?page_id=1972"},"modified":"2024-05-07T19:33:18","modified_gmt":"2024-05-07T17:33:18","slug":"chopard","status":"publish","type":"page","link":"https:\/\/www.uhrenankauf365.de\/uhr-verkaufen\/chopard\/","title":{"rendered":"Chopard Uhren Ankauf"},"content":{"rendered":"\n<p><strong>Wir kaufen im Uhrenankauf Ihre Chopard-Uhr und zahlen faire Preise daf\u00fcr. Lesen Sie in diesem Artikel, was Sie dabei beachten sollten.<\/strong><\/p>\n\n\n\n<div class=\"wp-block-columns is-layout-flex wp-container-core-columns-is-layout-9d6595d7 wp-block-columns-is-layout-flex\">\n<div class=\"wp-block-column is-layout-flow wp-block-column-is-layout-flow\">\n<figure class=\"wp-block-image size-large\"><img loading=\"lazy\" decoding=\"async\" width=\"1024\" height=\"681\" src=\"https:\/\/www.uhrenankauf365.de\/uhr-verkaufen\/wp-content\/uploads\/2024\/05\/chopard_uhren_ankauf-1024x681.jpg\" alt=\"Foto einer Chopard-Uhr mit Garantiekarte aus einem Ankauf auf einem Marmortisch\" class=\"wp-image-1973\" srcset=\"https:\/\/www.uhrenankauf365.de\/uhr-verkaufen\/wp-content\/uploads\/2024\/05\/chopard_uhren_ankauf-1024x681.jpg 1024w, https:\/\/www.uhrenankauf365.de\/uhr-verkaufen\/wp-content\/uploads\/2024\/05\/chopard_uhren_ankauf-300x200.jpg 300w, https:\/\/www.uhrenankauf365.de\/uhr-verkaufen\/wp-content\/uploads\/2024\/05\/chopard_uhren_ankauf-768x511.jpg 768w, https:\/\/www.uhrenankauf365.de\/uhr-verkaufen\/wp-content\/uploads\/2024\/05\/chopard_uhren_ankauf-1536x1022.jpg 1536w, https:\/\/www.uhrenankauf365.de\/uhr-verkaufen\/wp-content\/uploads\/2024\/05\/chopard_uhren_ankauf-2048x1363.jpg 2048w\" sizes=\"auto, (max-width: 1024px) 100vw, 1024px\" \/><\/figure>\n<\/div>\n\n\n\n<div class=\"wp-block-column is-layout-flow wp-block-column-is-layout-flow\">\n<p>Eine Armbanduhr von Chopard geh\u00f6rt zu den wertvollen Uhren aus dem Luxusbereich. \u00c4hnlich wie <a href=\"https:\/\/www.uhrenankauf365.de\/uhr-verkaufen\/rolex\/\">Rolex<\/a>, <a href=\"https:\/\/www.uhrenankauf365.de\/uhr-verkaufen\/a_lange_und_soehne\/\">A. Lange &amp; S\u00f6hne<\/a>, <a href=\"https:\/\/www.uhrenankauf365.de\/uhr-verkaufen\/patek_philippe\/\">Patek Philippe<\/a> und weitere, geh\u00f6rt der Hersteller Chopard zu unter Uhrensammlern sehr beliebten Marken. Haben Sie eine solche <a href=\"https:\/\/www.nobeluhren-store.de\/\" target=\"_blank\" rel=\"noreferrer noopener\">Luxusuhr<\/a> zum Verkauf anzubieten? Wir sind immer daran interessiert, Chopard-Uhren anzukaufen! Nutzen Sie am besten das Ankaufsformular, um uns alle wichtigen Informationen zur Uhr direkt mitzuteilen. Sie erhalten dann in der Regel innerhalb weniger Stunden eine m\u00f6gliche Auszahlungssumme von uns genannt.<\/p>\n\n\n<div class=\"wp-bootstrap-blocks-button\">\n\t<a\n\t\thref=\"https:\/\/www.uhrenankauf365.de\/uhr-verkaufen\/ankaufsformular\/\"\n\t\t\t\t\t\tclass=\"btn btn-primary\"\n\t>\n\t\tZum Ankaufsformular\t<\/a>\n<\/div>\n<\/div>\n<\/div>\n\n\n\n<h2 class=\"wp-block-heading\">Uhren von Chopard &#8211; im Ankauf sehr beliebt<\/h2>\n\n\n\n<p>Chopard ist ein Schweizer Uhrenhersteller mit einer langen Geschichte. Gegr\u00fcndet wurde das Unternehmen im Jahr 1860 von Louis-Ulysse Chopard. Anfangs spezialisierte sich Chopard auf die Herstellung von hochwertigen Taschenuhren &#8211; seinerzeit sehr beliebt. Im Laufe der Jahre hat sich das Unternehmen jedoch weiterentwickelt und ist zu einem renommierten Hersteller von <strong><a href=\"https:\/\/www.nobeluhren-store.de\/uhren\/\" target=\"_blank\" rel=\"noreferrer noopener\">Luxusuhren und Schmuck<\/a><\/strong> geworden.<\/p>\n\n\n\n<p>Chopard ist bekannt f\u00fcr seine handgefertigten Uhren, die h\u00f6chste Qualit\u00e4t und Pr\u00e4zision bieten und im Luxusuhren-Segment zu Hause sind wie beispielsweise <a href=\"https:\/\/www.uhrenankauf365.de\/uhr-verkaufen\/hublot\/\">Hublot<\/a>, <a href=\"https:\/\/www.uhrenankauf365.de\/uhr-verkaufen\/rolex\/\">Rolex<\/a> und <a href=\"https:\/\/www.uhrenankauf365.de\/uhr-verkaufen\/vacheron_constantin\/\">Vacheron Constantin<\/a>. Das Unternehmen verwendet hochwertige Materialien wie Gold, Platin und Diamanten, um <strong>exklusive Zeitmesser<\/strong> herzustellen. Neben Uhren stellt Chopard auch eine breite Palette von Schmuckst\u00fccken her, darunter Halsketten, Armb\u00e4nder und Ringe. \u00dcbrigens: Auch diese luxuri\u00f6sen Schmuckst\u00fccke k\u00f6nnen Sie uns gerne anbieten! Auch am Ankauf dieser sind wir interessiert, wenn auch unser Kerngesch\u00e4ft auf Luxusuhren liegt.<\/p>\n\n\n\n<p>Zu den beliebtesten Marken im Chopard Uhren Ankauf geh\u00f6ren:<\/p>\n\n\n\n<ol class=\"wp-block-list\">\n<li>Chopard Happy Diamonds: Diese Kollektion zeichnet sich durch ihre einzigartigen Designs aus, die mit beweglichen Diamanten verziert sind, die frei in einem transparenten Geh\u00e4use schweben.<\/li>\n\n\n\n<li>Chopard Mille Miglia: Diese Serie ist von der gleichnamigen Autorennen inspiriert und bietet sportliche und robuste Uhren mit einem Hauch von Rennsport\u00e4sthetik.<\/li>\n\n\n\n<li>Chopard Imperiale: Diese Kollektion verk\u00f6rpert Eleganz und Raffinesse mit klassischen Designs und edlen Materialien.<\/li>\n\n\n\n<li>Chopard L.U.C.: Diese Linie ist nach dem Gr\u00fcnder des Unternehmens, Louis-Ulysse Chopard, benannt und bietet exklusive, handgefertigte Uhren mit mechanischen Uhrwerken h\u00f6chster Qualit\u00e4t.<\/li>\n<\/ol>\n\n\n\n<p>Diese Marken haben dazu beigetragen, Chopard zu einem der angesehensten Uhrenhersteller der Welt zu machen und lassen viele Sammlerherzen h\u00f6her schlagen.<\/p>\n\n\n\n<h2 class=\"wp-block-heading\">So l\u00e4uft der Ankauf ab<\/h2>\n\n\n\n<p>Wir sind bundesweit t\u00e4tig und arbeiten mit Werttransportunternehmen zusammen, die Ihre Uhr bei Ihnen &#8211; nat\u00fcrlich zu jedem Zeitpunkt in voller H\u00f6he versichert &#8211; zu Hause abholen. Nach der Pr\u00fcfung durch unseren Uhrmachermeister erhalten Sie in der Regel noch am gleichen Tag die Auszahlung auf Ihr Bankkonto. <\/p>\n\n\n\n<p><strong>Selbstverst\u00e4ndlich beantworten wir alle Fragen gerne vorab! Bitte z\u00f6gern Sie nicht, uns <a href=\"https:\/\/www.uhrenankauf365.de\/uhr-verkaufen\/kontakt\/\">zu kontaktieren<\/a>!<\/strong><\/p>\n\n\n\n<div class=\"container p-4 uak_heller_hintergrund\">\n<div class=\"row mb-4\">\n<div class=\"col-12 col-md-6 text-center\">\n<i class=\"uak365icon fas fa-file-alt\"><\/i><br>\n<div class=\"ankaufschritte_title\">Formular ausf\u00fcllen<\/div>\n<small>Das <a href=\"https:\/\/www.uhrenankauf365.de\/uhr-verkaufen\/ankaufsformular\/\" title=\"Ankaufsformular Uhren\">Ankaufsformular<\/a> erfasst alle wichtigen Angaben zur Armbanduhr, die Sie verkaufen m\u00f6chten und erleichtert die Ermittlung eines fairen Ankaufspreises.<\/small>\n<\/div>\n<div class=\"col-12 col-md-6 text-center\">\n<i class=\"uak365icon far fa-handshake\"><\/i><br>\n<div class=\"ankaufschritte_title\">Angebot erhalten<\/div>\n<small>Wir unterbreiten Ihnen nach Erhalt der Informationen zur Uhr ein Angebot zum Ankauf. Offene Fragen kl\u00e4ren wir vorab.<\/small>\n<\/div>\n<\/div>\n\n\n<div class=\"row\">\n<div class=\"col-12 col-md-6 text-center\">\n<i class=\"uak365icon fas fa-truck-loading\"><\/i><br>\n<div class=\"ankaufschritte_title\">Uhr wird abgeholt<\/div>\n<small>Ein auf Werttransporte spezialisiertes Unternehmen holt die Uhr bei Ihnen ab. Mehr dazu erfahren Sie <a href=\"https:\/\/www.uhrenankauf365.de\/uhr-verkaufen\/ankauf-faq\/\">hier<\/a>.<\/small>\n<\/div>\n<div class=\"col-12 col-md-6 text-center\">\n<i class=\"uak365icon fas fa-euro-sign\"><\/i><br>\n<div class=\"ankaufschritte_title\">Geld erhalten<\/div>\n<small>Nach Pr\u00fcfung der Armbanduhr zahlen wir den vereinbarten Ankaufspreis zuverl\u00e4ssig und schnell auf Ihr Konto aus.\n<\/small>\n<\/div>\n<\/div>\n\n<\/div>\n","protected":false},"excerpt":{"rendered":"<p>Wir kaufen im Uhrenankauf Ihre Chopard-Uhr und zahlen faire Preise daf\u00fcr. Lesen Sie in diesem Artikel, was Sie dabei beachten sollten. Eine Armbanduhr von Chopard geh\u00f6rt zu den wertvollen Uhren aus dem Luxusbereich. \u00c4hnlich wie Rolex, A. Lange &amp; S\u00f6hne, Patek Philippe und weitere, geh\u00f6rt der Hersteller Chopard zu unter Uhrensammlern sehr beliebten Marken. Haben [&hellip;]<\/p>\n","protected":false},"author":1,"featured_media":0,"parent":0,"menu_order":0,"comment_status":"closed","ping_status":"closed","template":"","meta":{"footnotes":""},"class_list":["post-1972","page","type-page","status-publish","hentry"],"yoast_head":"<!-- This site is optimized with the Yoast SEO plugin v27.3 - https:\/\/yoast.com\/product\/yoast-seo-wordpress\/ -->\n<title>Chopard Uhren Ankauf<\/title>\n<meta name=\"description\" content=\"Nutzen Sie unser Uhrenankauf-Formular f\u00fcr Ihre Chopard-Luxusuhr! Schnelle Auszahlung, faire Preise. Seit 1998.\" \/>\n<meta name=\"robots\" content=\"index, follow, max-snippet:-1, max-image-preview:large, max-video-preview:-1\" \/>\n<link rel=\"canonical\" href=\"https:\/\/www.uhrenankauf365.de\/uhr-verkaufen\/chopard\/\" \/>\n<meta property=\"og:locale\" content=\"de_DE\" \/>\n<meta property=\"og:type\" content=\"article\" \/>\n<meta property=\"og:title\" content=\"Chopard Uhren Ankauf\" \/>\n<meta property=\"og:description\" content=\"Nutzen Sie unser Uhrenankauf-Formular f\u00fcr Ihre Chopard-Luxusuhr! Schnelle Auszahlung, faire Preise. Seit 1998.\" \/>\n<meta property=\"og:url\" content=\"https:\/\/www.uhrenankauf365.de\/uhr-verkaufen\/chopard\/\" \/>\n<meta property=\"og:site_name\" content=\"Uhrenankauf 365\" \/>\n<meta property=\"article:modified_time\" content=\"2024-05-07T17:33:18+00:00\" \/>\n<meta property=\"og:image\" content=\"https:\/\/www.uhrenankauf365.de\/uhr-verkaufen\/wp-content\/uploads\/2024\/05\/chopard_uhren_ankauf-1024x681.jpg\" \/>\n<meta name=\"twitter:card\" content=\"summary_large_image\" \/>\n<meta name=\"twitter:label1\" content=\"Gesch\u00e4tzte Lesezeit\" \/>\n\t<meta name=\"twitter:data1\" content=\"3\u00a0Minuten\" \/>\n<script type=\"application\/ld+json\" class=\"yoast-schema-graph\">{\"@context\":\"https:\\\/\\\/schema.org\",\"@graph\":[{\"@type\":\"WebPage\",\"@id\":\"https:\\\/\\\/www.uhrenankauf365.de\\\/uhr-verkaufen\\\/chopard\\\/\",\"url\":\"https:\\\/\\\/www.uhrenankauf365.de\\\/uhr-verkaufen\\\/chopard\\\/\",\"name\":\"Chopard Uhren Ankauf\",\"isPartOf\":{\"@id\":\"https:\\\/\\\/www.uhrenankauf365.de\\\/uhr-verkaufen\\\/#website\"},\"primaryImageOfPage\":{\"@id\":\"https:\\\/\\\/www.uhrenankauf365.de\\\/uhr-verkaufen\\\/chopard\\\/#primaryimage\"},\"image\":{\"@id\":\"https:\\\/\\\/www.uhrenankauf365.de\\\/uhr-verkaufen\\\/chopard\\\/#primaryimage\"},\"thumbnailUrl\":\"https:\\\/\\\/www.uhrenankauf365.de\\\/uhr-verkaufen\\\/wp-content\\\/uploads\\\/2024\\\/05\\\/chopard_uhren_ankauf-1024x681.jpg\",\"datePublished\":\"2024-05-07T17:14:33+00:00\",\"dateModified\":\"2024-05-07T17:33:18+00:00\",\"description\":\"Nutzen Sie unser Uhrenankauf-Formular f\u00fcr Ihre Chopard-Luxusuhr! Schnelle Auszahlung, faire Preise. Seit 1998.\",\"breadcrumb\":{\"@id\":\"https:\\\/\\\/www.uhrenankauf365.de\\\/uhr-verkaufen\\\/chopard\\\/#breadcrumb\"},\"inLanguage\":\"de\",\"potentialAction\":[{\"@type\":\"ReadAction\",\"target\":[\"https:\\\/\\\/www.uhrenankauf365.de\\\/uhr-verkaufen\\\/chopard\\\/\"]}]},{\"@type\":\"ImageObject\",\"inLanguage\":\"de\",\"@id\":\"https:\\\/\\\/www.uhrenankauf365.de\\\/uhr-verkaufen\\\/chopard\\\/#primaryimage\",\"url\":\"https:\\\/\\\/www.uhrenankauf365.de\\\/uhr-verkaufen\\\/wp-content\\\/uploads\\\/2024\\\/05\\\/chopard_uhren_ankauf-scaled.jpg\",\"contentUrl\":\"https:\\\/\\\/www.uhrenankauf365.de\\\/uhr-verkaufen\\\/wp-content\\\/uploads\\\/2024\\\/05\\\/chopard_uhren_ankauf-scaled.jpg\",\"width\":2560,\"height\":1703},{\"@type\":\"BreadcrumbList\",\"@id\":\"https:\\\/\\\/www.uhrenankauf365.de\\\/uhr-verkaufen\\\/chopard\\\/#breadcrumb\",\"itemListElement\":[{\"@type\":\"ListItem\",\"position\":1,\"name\":\"Startseite\",\"item\":\"https:\\\/\\\/www.uhrenankauf365.de\\\/uhr-verkaufen\\\/\"},{\"@type\":\"ListItem\",\"position\":2,\"name\":\"Chopard Uhren Ankauf\"}]},{\"@type\":\"WebSite\",\"@id\":\"https:\\\/\\\/www.uhrenankauf365.de\\\/uhr-verkaufen\\\/#website\",\"url\":\"https:\\\/\\\/www.uhrenankauf365.de\\\/uhr-verkaufen\\\/\",\"name\":\"Uhrenankauf 365\",\"description\":\"Jetzt Ihre Luxusuhr verkaufen!\",\"publisher\":{\"@id\":\"https:\\\/\\\/www.uhrenankauf365.de\\\/uhr-verkaufen\\\/#organization\"},\"potentialAction\":[{\"@type\":\"SearchAction\",\"target\":{\"@type\":\"EntryPoint\",\"urlTemplate\":\"https:\\\/\\\/www.uhrenankauf365.de\\\/uhr-verkaufen\\\/?s={search_term_string}\"},\"query-input\":{\"@type\":\"PropertyValueSpecification\",\"valueRequired\":true,\"valueName\":\"search_term_string\"}}],\"inLanguage\":\"de\"},{\"@type\":\"Organization\",\"@id\":\"https:\\\/\\\/www.uhrenankauf365.de\\\/uhr-verkaufen\\\/#organization\",\"name\":\"uhrenankauf365.de, Anke Michels\",\"url\":\"https:\\\/\\\/www.uhrenankauf365.de\\\/uhr-verkaufen\\\/\",\"logo\":{\"@type\":\"ImageObject\",\"inLanguage\":\"de\",\"@id\":\"https:\\\/\\\/www.uhrenankauf365.de\\\/uhr-verkaufen\\\/#\\\/schema\\\/logo\\\/image\\\/\",\"url\":\"https:\\\/\\\/www.uhrenankauf365.de\\\/uhr-verkaufen\\\/wp-content\\\/uploads\\\/2020\\\/11\\\/logo_uhrenankauf.png\",\"contentUrl\":\"https:\\\/\\\/www.uhrenankauf365.de\\\/uhr-verkaufen\\\/wp-content\\\/uploads\\\/2020\\\/11\\\/logo_uhrenankauf.png\",\"width\":98,\"height\":100,\"caption\":\"uhrenankauf365.de, Anke Michels\"},\"image\":{\"@id\":\"https:\\\/\\\/www.uhrenankauf365.de\\\/uhr-verkaufen\\\/#\\\/schema\\\/logo\\\/image\\\/\"}}]}<\/script>\n<!-- \/ Yoast SEO plugin. -->","yoast_head_json":{"title":"Chopard Uhren Ankauf","description":"Nutzen Sie unser Uhrenankauf-Formular f\u00fcr Ihre Chopard-Luxusuhr! Schnelle Auszahlung, faire Preise. Seit 1998.","robots":{"index":"index","follow":"follow","max-snippet":"max-snippet:-1","max-image-preview":"max-image-preview:large","max-video-preview":"max-video-preview:-1"},"canonical":"https:\/\/www.uhrenankauf365.de\/uhr-verkaufen\/chopard\/","og_locale":"de_DE","og_type":"article","og_title":"Chopard Uhren Ankauf","og_description":"Nutzen Sie unser Uhrenankauf-Formular f\u00fcr Ihre Chopard-Luxusuhr! Schnelle Auszahlung, faire Preise. Seit 1998.","og_url":"https:\/\/www.uhrenankauf365.de\/uhr-verkaufen\/chopard\/","og_site_name":"Uhrenankauf 365","article_modified_time":"2024-05-07T17:33:18+00:00","og_image":[{"url":"https:\/\/www.uhrenankauf365.de\/uhr-verkaufen\/wp-content\/uploads\/2024\/05\/chopard_uhren_ankauf-1024x681.jpg","type":"","width":"","height":""}],"twitter_card":"summary_large_image","twitter_misc":{"Gesch\u00e4tzte Lesezeit":"3\u00a0Minuten"},"schema":{"@context":"https:\/\/schema.org","@graph":[{"@type":"WebPage","@id":"https:\/\/www.uhrenankauf365.de\/uhr-verkaufen\/chopard\/","url":"https:\/\/www.uhrenankauf365.de\/uhr-verkaufen\/chopard\/","name":"Chopard Uhren Ankauf","isPartOf":{"@id":"https:\/\/www.uhrenankauf365.de\/uhr-verkaufen\/#website"},"primaryImageOfPage":{"@id":"https:\/\/www.uhrenankauf365.de\/uhr-verkaufen\/chopard\/#primaryimage"},"image":{"@id":"https:\/\/www.uhrenankauf365.de\/uhr-verkaufen\/chopard\/#primaryimage"},"thumbnailUrl":"https:\/\/www.uhrenankauf365.de\/uhr-verkaufen\/wp-content\/uploads\/2024\/05\/chopard_uhren_ankauf-1024x681.jpg","datePublished":"2024-05-07T17:14:33+00:00","dateModified":"2024-05-07T17:33:18+00:00","description":"Nutzen Sie unser Uhrenankauf-Formular f\u00fcr Ihre Chopard-Luxusuhr! Schnelle Auszahlung, faire Preise. Seit 1998.","breadcrumb":{"@id":"https:\/\/www.uhrenankauf365.de\/uhr-verkaufen\/chopard\/#breadcrumb"},"inLanguage":"de","potentialAction":[{"@type":"ReadAction","target":["https:\/\/www.uhrenankauf365.de\/uhr-verkaufen\/chopard\/"]}]},{"@type":"ImageObject","inLanguage":"de","@id":"https:\/\/www.uhrenankauf365.de\/uhr-verkaufen\/chopard\/#primaryimage","url":"https:\/\/www.uhrenankauf365.de\/uhr-verkaufen\/wp-content\/uploads\/2024\/05\/chopard_uhren_ankauf-scaled.jpg","contentUrl":"https:\/\/www.uhrenankauf365.de\/uhr-verkaufen\/wp-content\/uploads\/2024\/05\/chopard_uhren_ankauf-scaled.jpg","width":2560,"height":1703},{"@type":"BreadcrumbList","@id":"https:\/\/www.uhrenankauf365.de\/uhr-verkaufen\/chopard\/#breadcrumb","itemListElement":[{"@type":"ListItem","position":1,"name":"Startseite","item":"https:\/\/www.uhrenankauf365.de\/uhr-verkaufen\/"},{"@type":"ListItem","position":2,"name":"Chopard Uhren Ankauf"}]},{"@type":"WebSite","@id":"https:\/\/www.uhrenankauf365.de\/uhr-verkaufen\/#website","url":"https:\/\/www.uhrenankauf365.de\/uhr-verkaufen\/","name":"Uhrenankauf 365","description":"Jetzt Ihre Luxusuhr verkaufen!","publisher":{"@id":"https:\/\/www.uhrenankauf365.de\/uhr-verkaufen\/#organization"},"potentialAction":[{"@type":"SearchAction","target":{"@type":"EntryPoint","urlTemplate":"https:\/\/www.uhrenankauf365.de\/uhr-verkaufen\/?s={search_term_string}"},"query-input":{"@type":"PropertyValueSpecification","valueRequired":true,"valueName":"search_term_string"}}],"inLanguage":"de"},{"@type":"Organization","@id":"https:\/\/www.uhrenankauf365.de\/uhr-verkaufen\/#organization","name":"uhrenankauf365.de, Anke Michels","url":"https:\/\/www.uhrenankauf365.de\/uhr-verkaufen\/","logo":{"@type":"ImageObject","inLanguage":"de","@id":"https:\/\/www.uhrenankauf365.de\/uhr-verkaufen\/#\/schema\/logo\/image\/","url":"https:\/\/www.uhrenankauf365.de\/uhr-verkaufen\/wp-content\/uploads\/2020\/11\/logo_uhrenankauf.png","contentUrl":"https:\/\/www.uhrenankauf365.de\/uhr-verkaufen\/wp-content\/uploads\/2020\/11\/logo_uhrenankauf.png","width":98,"height":100,"caption":"uhrenankauf365.de, Anke Michels"},"image":{"@id":"https:\/\/www.uhrenankauf365.de\/uhr-verkaufen\/#\/schema\/logo\/image\/"}}]}},"_links":{"self":[{"href":"https:\/\/www.uhrenankauf365.de\/uhr-verkaufen\/wp-json\/wp\/v2\/pages\/1972","targetHints":{"allow":["GET"]}}],"collection":[{"href":"https:\/\/www.uhrenankauf365.de\/uhr-verkaufen\/wp-json\/wp\/v2\/pages"}],"about":[{"href":"https:\/\/www.uhrenankauf365.de\/uhr-verkaufen\/wp-json\/wp\/v2\/types\/page"}],"author":[{"embeddable":true,"href":"https:\/\/www.uhrenankauf365.de\/uhr-verkaufen\/wp-json\/wp\/v2\/users\/1"}],"replies":[{"embeddable":true,"href":"https:\/\/www.uhrenankauf365.de\/uhr-verkaufen\/wp-json\/wp\/v2\/comments?post=1972"}],"version-history":[{"count":8,"href":"https:\/\/www.uhrenankauf365.de\/uhr-verkaufen\/wp-json\/wp\/v2\/pages\/1972\/revisions"}],"predecessor-version":[{"id":1985,"href":"https:\/\/www.uhrenankauf365.de\/uhr-verkaufen\/wp-json\/wp\/v2\/pages\/1972\/revisions\/1985"}],"wp:attachment":[{"href":"https:\/\/www.uhrenankauf365.de\/uhr-verkaufen\/wp-json\/wp\/v2\/media?parent=1972"}],"curies":[{"name":"wp","href":"https:\/\/api.w.org\/{rel}","templated":true}]}}