{"id":1934,"date":"2024-04-08T13:34:27","date_gmt":"2024-04-08T11:34:27","guid":{"rendered":"https:\/\/www.uhrenankauf365.de\/uhr-verkaufen\/?page_id=1934"},"modified":"2024-04-26T14:08:37","modified_gmt":"2024-04-26T12:08:37","slug":"ankauf-patek-philippe-gondoldo","status":"publish","type":"page","link":"https:\/\/www.uhrenankauf365.de\/uhr-verkaufen\/ankauf-patek-philippe-gondoldo\/","title":{"rendered":"Patek Philippe Gondolo im Uhren Ankauf"},"content":{"rendered":"\n<p>Zu unseren &#8222;all-time favorites&#8220; geh\u00f6rt die Patek Philippe Gondolo. Wir kaufen diese Luxusuhr bundesweit und zahlen faire Preise daf\u00fcr. Warum diese Uhr bei Sammlern so beliebt ist, liegt auf der Hand: Patek Philippe hat mit der Gondolo ein Statement in Qualit\u00e4t und Anspruch gesetzt, das weltweit f\u00fcr Faszination und Respekt sorgt.<\/p>\n\n\n\n<p>Jene Gondolo zeigt mit Ihrem Geh\u00e4use in Tonneau- oder Rechteckform, Ihrem dynamischen Linien und Ihrer klaren Geomertie eine moderne und zeitgem\u00e4\u00dfe Interpretation des Art D\u00e9co-Designs. Diese Kunstbewegung des fr\u00fchen 20. Jahrhunderts vereinte avantgardistisches Design und traditionelle Handwerkskunst, um hochwertige G\u00fcter zu schaffen. Mithilfe der Gondolo erweisst Patek Philippe dieser Stilrichtung die Ehre und entwarf eine Uhr mit einer ausgefallenen Form und aufw\u00e4ndigen Konstruktionen. Dieses Modell verdankt Ihrem Namen dem Juwelierhaus Gondolo &amp; Labouriau in Rio de Janeiro, der einst ber\u00fchmter Kunde und brasilianischer Wiederverk\u00e4ufer war, f\u00fcr den Patek Philippe von 1902 bis 1930 viele Sonderserien der so genannten \u201eChronometro Gondolo\u201c-Uhren gefertigt hatte.\u00a0\u00a0<\/p>\n\n\n\n<figure class=\"wp-block-image size-large\"><img loading=\"lazy\" decoding=\"async\" width=\"1024\" height=\"459\" src=\"https:\/\/www.uhrenankauf365.de\/uhr-verkaufen\/wp-content\/uploads\/2024\/04\/ankauf_patek_philippe_gondolo-1024x459.webp\" alt=\"Foto einer Gondolo aus einem Uhrenankauf. Die Uhr liegt auf der Original-Box.\" class=\"wp-image-1936\" srcset=\"https:\/\/www.uhrenankauf365.de\/uhr-verkaufen\/wp-content\/uploads\/2024\/04\/ankauf_patek_philippe_gondolo-1024x459.webp 1024w, https:\/\/www.uhrenankauf365.de\/uhr-verkaufen\/wp-content\/uploads\/2024\/04\/ankauf_patek_philippe_gondolo-300x134.webp 300w, https:\/\/www.uhrenankauf365.de\/uhr-verkaufen\/wp-content\/uploads\/2024\/04\/ankauf_patek_philippe_gondolo-768x344.webp 768w, https:\/\/www.uhrenankauf365.de\/uhr-verkaufen\/wp-content\/uploads\/2024\/04\/ankauf_patek_philippe_gondolo.webp 1366w\" sizes=\"auto, (max-width: 1024px) 100vw, 1024px\" \/><\/figure>\n\n\n\n<p>Im Uhren Ankauf sind wir seit 1998 t\u00e4tig, sprich wir haben \u00fcber 25 Jahre Erfahrung im Handel mit Luxusuhren. Wir wissen, dass der Verkauf einer gebrauchten Uhr nicht zwischen T\u00fcr und Angel erledigt wird, sondern bei den teilweise sehr hohen Auszahlungssummen ein Gesch\u00e4ft ist, bei dem Vertrauen und Seri\u00f6sit\u00e4t absolute Voraussetzungen sind. Geben Sie uns also gerne die Gelegenheit, Ihnen alle offenen Fragen zum Ankauf Ihrer Patek Philippe Gondolo im Vorfeld zu beantworten. Dazu k\u00f6nnen Sie uns entweder direkt <a href=\"https:\/\/www.uhrenankauf365.de\/uhr-verkaufen\/kontakt\/\">per E-Mail oder telefonisch kontaktieren<\/a> oder unsere <a href=\"https:\/\/www.uhrenankauf365.de\/uhr-verkaufen\/ankauf-faq\/\">FAQ<\/a> (&#8222;Frequently Asked Questions&#8220;) ansehen. Hier haben wir h\u00e4ufig gestellte Fragen beantwortet.<\/p>\n\n\n\n<h2 class=\"wp-block-heading\">Was ist meine Patek Philippe Gondolo wert?<\/h2>\n\n\n\n<p>Diese Frage werden Sie sich sicher stellen, bevor Sie das <a href=\"https:\/\/www.uhrenankauf365.de\/uhr-verkaufen\/ankaufsformular\/\">Ankaufsformular<\/a> ausf\u00fcllen. Leider ist es nicht m\u00f6glich, hierauf eine pauschale Antwort zu geben. Die Auszahlungssumme ist abh\u00e4ngig von mehreren Faktoren. Einen positiven Effekt hat es zum Beispiel, wenn Sie nachweisen k\u00f6nnen, dass (bzw. wann) die Uhr gewartet wurde. Auch wenn Sie die Original-Dokumente mit verkaufen, steigt die erzielbare Summe.<\/p>\n\n\n\n<h2 class=\"wp-block-heading\">Wo kann ich meine Patek Philippe Gondolo verkaufen?<\/h2>\n\n\n\n<p>Dank der Online-Abwicklung ist dies bundesweit mit unserem Abholservice m\u00f6glich. Bei vertraglicher Einigung wird Ihre Uhr &#8211; vollumf\u00e4nglich versichert &#8211; von einem Werttransport-Unternehmen abgeholt. Nach der erfolgreichen Pr\u00fcfung durch unseren Uhrmachermeister erfolgt die schnelle Auszahlung auf Ihr Bankkonto. In der Regel noch am gleichen Tag!<\/p>\n\n\n\n<div class=\"container p-4 uak_heller_hintergrund\">\n<div class=\"row mb-4\">\n<div class=\"col-12 col-md-6 text-center\">\n<i class=\"uak365icon fas fa-file-alt\"><\/i><br>\n<div class=\"ankaufschritte_title\">Formular ausf\u00fcllen<\/div>\n<small>Das <a href=\"https:\/\/www.uhrenankauf365.de\/uhr-verkaufen\/ankaufsformular\/\" title=\"Ankaufsformular Uhren\">Ankaufsformular<\/a> erfasst alle wichtigen Angaben zur Armbanduhr, die Sie verkaufen m\u00f6chten und erleichtert die Ermittlung eines fairen Ankaufspreises.<\/small>\n<\/div>\n<div class=\"col-12 col-md-6 text-center\">\n<i class=\"uak365icon far fa-handshake\"><\/i><br>\n<div class=\"ankaufschritte_title\">Angebot erhalten<\/div>\n<small>Wir unterbreiten Ihnen nach Erhalt der Informationen zur Uhr ein Angebot zum Ankauf. Offene Fragen kl\u00e4ren wir vorab.<\/small>\n<\/div>\n<\/div>\n\n\n<div class=\"row\">\n<div class=\"col-12 col-md-6 text-center\">\n<i class=\"uak365icon fas fa-truck-loading\"><\/i><br>\n<div class=\"ankaufschritte_title\">Uhr wird abgeholt<\/div>\n<small>Ein auf Werttransporte spezialisiertes Unternehmen holt die Uhr bei Ihnen ab. Mehr dazu erfahren Sie <a href=\"https:\/\/www.uhrenankauf365.de\/uhr-verkaufen\/ankauf-faq\/\">hier<\/a>.<\/small>\n<\/div>\n<div class=\"col-12 col-md-6 text-center\">\n<i class=\"uak365icon fas fa-euro-sign\"><\/i><br>\n<div class=\"ankaufschritte_title\">Geld erhalten<\/div>\n<small>Nach Pr\u00fcfung der Armbanduhr zahlen wir den vereinbarten Ankaufspreis zuverl\u00e4ssig und schnell auf Ihr Konto aus.\n<\/small>\n<\/div>\n<\/div>\n\n<\/div>\n","protected":false},"excerpt":{"rendered":"<p>Zu unseren &#8222;all-time favorites&#8220; geh\u00f6rt die Patek Philippe Gondolo. Wir kaufen diese Luxusuhr bundesweit und zahlen faire Preise daf\u00fcr. Warum diese Uhr bei Sammlern so beliebt ist, liegt auf der Hand: Patek Philippe hat mit der Gondolo ein Statement in Qualit\u00e4t und Anspruch gesetzt, das weltweit f\u00fcr Faszination und Respekt sorgt. Jene Gondolo zeigt mit [&hellip;]<\/p>\n","protected":false},"author":1,"featured_media":0,"parent":0,"menu_order":0,"comment_status":"closed","ping_status":"closed","template":"","meta":{"footnotes":""},"class_list":["post-1934","page","type-page","status-publish","hentry"],"yoast_head":"<!-- This site is optimized with the Yoast SEO plugin v27.3 - https:\/\/yoast.com\/product\/yoast-seo-wordpress\/ -->\n<title>Patek Philippe Gondolo Luxusuhren | faire Auszahlungen<\/title>\n<meta name=\"description\" content=\"M\u00f6chten Sie eine Patek Philippe Gondolo verkaufen und suchen einen Uhren-Ank\u00e4ufer mit Erfahrung? Hier sind Sie richtig!\" \/>\n<meta name=\"robots\" content=\"index, follow, max-snippet:-1, max-image-preview:large, max-video-preview:-1\" \/>\n<link rel=\"canonical\" href=\"https:\/\/www.uhrenankauf365.de\/uhr-verkaufen\/ankauf-patek-philippe-gondoldo\/\" \/>\n<meta property=\"og:locale\" content=\"de_DE\" \/>\n<meta property=\"og:type\" content=\"article\" \/>\n<meta property=\"og:title\" content=\"Patek Philippe Gondolo Luxusuhren | faire Auszahlungen\" \/>\n<meta property=\"og:description\" content=\"M\u00f6chten Sie eine Patek Philippe Gondolo verkaufen und suchen einen Uhren-Ank\u00e4ufer mit Erfahrung? Hier sind Sie richtig!\" \/>\n<meta property=\"og:url\" content=\"https:\/\/www.uhrenankauf365.de\/uhr-verkaufen\/ankauf-patek-philippe-gondoldo\/\" \/>\n<meta property=\"og:site_name\" content=\"Uhrenankauf 365\" \/>\n<meta property=\"article:modified_time\" content=\"2024-04-26T12:08:37+00:00\" \/>\n<meta property=\"og:image\" content=\"https:\/\/www.uhrenankauf365.de\/uhr-verkaufen\/wp-content\/uploads\/2024\/04\/ankauf_patek_philippe_gondolo-1024x459.webp\" \/>\n<meta name=\"twitter:card\" content=\"summary_large_image\" \/>\n<meta name=\"twitter:label1\" content=\"Gesch\u00e4tzte Lesezeit\" \/>\n\t<meta name=\"twitter:data1\" content=\"3\u00a0Minuten\" \/>\n<script type=\"application\/ld+json\" class=\"yoast-schema-graph\">{\"@context\":\"https:\\\/\\\/schema.org\",\"@graph\":[{\"@type\":\"WebPage\",\"@id\":\"https:\\\/\\\/www.uhrenankauf365.de\\\/uhr-verkaufen\\\/ankauf-patek-philippe-gondoldo\\\/\",\"url\":\"https:\\\/\\\/www.uhrenankauf365.de\\\/uhr-verkaufen\\\/ankauf-patek-philippe-gondoldo\\\/\",\"name\":\"Patek Philippe Gondolo Luxusuhren | faire Auszahlungen\",\"isPartOf\":{\"@id\":\"https:\\\/\\\/www.uhrenankauf365.de\\\/uhr-verkaufen\\\/#website\"},\"primaryImageOfPage\":{\"@id\":\"https:\\\/\\\/www.uhrenankauf365.de\\\/uhr-verkaufen\\\/ankauf-patek-philippe-gondoldo\\\/#primaryimage\"},\"image\":{\"@id\":\"https:\\\/\\\/www.uhrenankauf365.de\\\/uhr-verkaufen\\\/ankauf-patek-philippe-gondoldo\\\/#primaryimage\"},\"thumbnailUrl\":\"https:\\\/\\\/www.uhrenankauf365.de\\\/uhr-verkaufen\\\/wp-content\\\/uploads\\\/2024\\\/04\\\/ankauf_patek_philippe_gondolo-1024x459.webp\",\"datePublished\":\"2024-04-08T11:34:27+00:00\",\"dateModified\":\"2024-04-26T12:08:37+00:00\",\"description\":\"M\u00f6chten Sie eine Patek Philippe Gondolo verkaufen und suchen einen Uhren-Ank\u00e4ufer mit Erfahrung? Hier sind Sie richtig!\",\"breadcrumb\":{\"@id\":\"https:\\\/\\\/www.uhrenankauf365.de\\\/uhr-verkaufen\\\/ankauf-patek-philippe-gondoldo\\\/#breadcrumb\"},\"inLanguage\":\"de\",\"potentialAction\":[{\"@type\":\"ReadAction\",\"target\":[\"https:\\\/\\\/www.uhrenankauf365.de\\\/uhr-verkaufen\\\/ankauf-patek-philippe-gondoldo\\\/\"]}]},{\"@type\":\"ImageObject\",\"inLanguage\":\"de\",\"@id\":\"https:\\\/\\\/www.uhrenankauf365.de\\\/uhr-verkaufen\\\/ankauf-patek-philippe-gondoldo\\\/#primaryimage\",\"url\":\"https:\\\/\\\/www.uhrenankauf365.de\\\/uhr-verkaufen\\\/wp-content\\\/uploads\\\/2024\\\/04\\\/ankauf_patek_philippe_gondolo.webp\",\"contentUrl\":\"https:\\\/\\\/www.uhrenankauf365.de\\\/uhr-verkaufen\\\/wp-content\\\/uploads\\\/2024\\\/04\\\/ankauf_patek_philippe_gondolo.webp\",\"width\":1366,\"height\":612},{\"@type\":\"BreadcrumbList\",\"@id\":\"https:\\\/\\\/www.uhrenankauf365.de\\\/uhr-verkaufen\\\/ankauf-patek-philippe-gondoldo\\\/#breadcrumb\",\"itemListElement\":[{\"@type\":\"ListItem\",\"position\":1,\"name\":\"Startseite\",\"item\":\"https:\\\/\\\/www.uhrenankauf365.de\\\/uhr-verkaufen\\\/\"},{\"@type\":\"ListItem\",\"position\":2,\"name\":\"Patek Philippe Gondolo im Uhren Ankauf\"}]},{\"@type\":\"WebSite\",\"@id\":\"https:\\\/\\\/www.uhrenankauf365.de\\\/uhr-verkaufen\\\/#website\",\"url\":\"https:\\\/\\\/www.uhrenankauf365.de\\\/uhr-verkaufen\\\/\",\"name\":\"Uhrenankauf 365\",\"description\":\"Jetzt Ihre Luxusuhr verkaufen!\",\"publisher\":{\"@id\":\"https:\\\/\\\/www.uhrenankauf365.de\\\/uhr-verkaufen\\\/#organization\"},\"potentialAction\":[{\"@type\":\"SearchAction\",\"target\":{\"@type\":\"EntryPoint\",\"urlTemplate\":\"https:\\\/\\\/www.uhrenankauf365.de\\\/uhr-verkaufen\\\/?s={search_term_string}\"},\"query-input\":{\"@type\":\"PropertyValueSpecification\",\"valueRequired\":true,\"valueName\":\"search_term_string\"}}],\"inLanguage\":\"de\"},{\"@type\":\"Organization\",\"@id\":\"https:\\\/\\\/www.uhrenankauf365.de\\\/uhr-verkaufen\\\/#organization\",\"name\":\"uhrenankauf365.de, Anke Michels\",\"url\":\"https:\\\/\\\/www.uhrenankauf365.de\\\/uhr-verkaufen\\\/\",\"logo\":{\"@type\":\"ImageObject\",\"inLanguage\":\"de\",\"@id\":\"https:\\\/\\\/www.uhrenankauf365.de\\\/uhr-verkaufen\\\/#\\\/schema\\\/logo\\\/image\\\/\",\"url\":\"https:\\\/\\\/www.uhrenankauf365.de\\\/uhr-verkaufen\\\/wp-content\\\/uploads\\\/2020\\\/11\\\/logo_uhrenankauf.png\",\"contentUrl\":\"https:\\\/\\\/www.uhrenankauf365.de\\\/uhr-verkaufen\\\/wp-content\\\/uploads\\\/2020\\\/11\\\/logo_uhrenankauf.png\",\"width\":98,\"height\":100,\"caption\":\"uhrenankauf365.de, Anke Michels\"},\"image\":{\"@id\":\"https:\\\/\\\/www.uhrenankauf365.de\\\/uhr-verkaufen\\\/#\\\/schema\\\/logo\\\/image\\\/\"}}]}<\/script>\n<!-- \/ Yoast SEO plugin. -->","yoast_head_json":{"title":"Patek Philippe Gondolo Luxusuhren | faire Auszahlungen","description":"M\u00f6chten Sie eine Patek Philippe Gondolo verkaufen und suchen einen Uhren-Ank\u00e4ufer mit Erfahrung? Hier sind Sie richtig!","robots":{"index":"index","follow":"follow","max-snippet":"max-snippet:-1","max-image-preview":"max-image-preview:large","max-video-preview":"max-video-preview:-1"},"canonical":"https:\/\/www.uhrenankauf365.de\/uhr-verkaufen\/ankauf-patek-philippe-gondoldo\/","og_locale":"de_DE","og_type":"article","og_title":"Patek Philippe Gondolo Luxusuhren | faire Auszahlungen","og_description":"M\u00f6chten Sie eine Patek Philippe Gondolo verkaufen und suchen einen Uhren-Ank\u00e4ufer mit Erfahrung? Hier sind Sie richtig!","og_url":"https:\/\/www.uhrenankauf365.de\/uhr-verkaufen\/ankauf-patek-philippe-gondoldo\/","og_site_name":"Uhrenankauf 365","article_modified_time":"2024-04-26T12:08:37+00:00","og_image":[{"url":"https:\/\/www.uhrenankauf365.de\/uhr-verkaufen\/wp-content\/uploads\/2024\/04\/ankauf_patek_philippe_gondolo-1024x459.webp","type":"","width":"","height":""}],"twitter_card":"summary_large_image","twitter_misc":{"Gesch\u00e4tzte Lesezeit":"3\u00a0Minuten"},"schema":{"@context":"https:\/\/schema.org","@graph":[{"@type":"WebPage","@id":"https:\/\/www.uhrenankauf365.de\/uhr-verkaufen\/ankauf-patek-philippe-gondoldo\/","url":"https:\/\/www.uhrenankauf365.de\/uhr-verkaufen\/ankauf-patek-philippe-gondoldo\/","name":"Patek Philippe Gondolo Luxusuhren | faire Auszahlungen","isPartOf":{"@id":"https:\/\/www.uhrenankauf365.de\/uhr-verkaufen\/#website"},"primaryImageOfPage":{"@id":"https:\/\/www.uhrenankauf365.de\/uhr-verkaufen\/ankauf-patek-philippe-gondoldo\/#primaryimage"},"image":{"@id":"https:\/\/www.uhrenankauf365.de\/uhr-verkaufen\/ankauf-patek-philippe-gondoldo\/#primaryimage"},"thumbnailUrl":"https:\/\/www.uhrenankauf365.de\/uhr-verkaufen\/wp-content\/uploads\/2024\/04\/ankauf_patek_philippe_gondolo-1024x459.webp","datePublished":"2024-04-08T11:34:27+00:00","dateModified":"2024-04-26T12:08:37+00:00","description":"M\u00f6chten Sie eine Patek Philippe Gondolo verkaufen und suchen einen Uhren-Ank\u00e4ufer mit Erfahrung? Hier sind Sie richtig!","breadcrumb":{"@id":"https:\/\/www.uhrenankauf365.de\/uhr-verkaufen\/ankauf-patek-philippe-gondoldo\/#breadcrumb"},"inLanguage":"de","potentialAction":[{"@type":"ReadAction","target":["https:\/\/www.uhrenankauf365.de\/uhr-verkaufen\/ankauf-patek-philippe-gondoldo\/"]}]},{"@type":"ImageObject","inLanguage":"de","@id":"https:\/\/www.uhrenankauf365.de\/uhr-verkaufen\/ankauf-patek-philippe-gondoldo\/#primaryimage","url":"https:\/\/www.uhrenankauf365.de\/uhr-verkaufen\/wp-content\/uploads\/2024\/04\/ankauf_patek_philippe_gondolo.webp","contentUrl":"https:\/\/www.uhrenankauf365.de\/uhr-verkaufen\/wp-content\/uploads\/2024\/04\/ankauf_patek_philippe_gondolo.webp","width":1366,"height":612},{"@type":"BreadcrumbList","@id":"https:\/\/www.uhrenankauf365.de\/uhr-verkaufen\/ankauf-patek-philippe-gondoldo\/#breadcrumb","itemListElement":[{"@type":"ListItem","position":1,"name":"Startseite","item":"https:\/\/www.uhrenankauf365.de\/uhr-verkaufen\/"},{"@type":"ListItem","position":2,"name":"Patek Philippe Gondolo im Uhren Ankauf"}]},{"@type":"WebSite","@id":"https:\/\/www.uhrenankauf365.de\/uhr-verkaufen\/#website","url":"https:\/\/www.uhrenankauf365.de\/uhr-verkaufen\/","name":"Uhrenankauf 365","description":"Jetzt Ihre Luxusuhr verkaufen!","publisher":{"@id":"https:\/\/www.uhrenankauf365.de\/uhr-verkaufen\/#organization"},"potentialAction":[{"@type":"SearchAction","target":{"@type":"EntryPoint","urlTemplate":"https:\/\/www.uhrenankauf365.de\/uhr-verkaufen\/?s={search_term_string}"},"query-input":{"@type":"PropertyValueSpecification","valueRequired":true,"valueName":"search_term_string"}}],"inLanguage":"de"},{"@type":"Organization","@id":"https:\/\/www.uhrenankauf365.de\/uhr-verkaufen\/#organization","name":"uhrenankauf365.de, Anke Michels","url":"https:\/\/www.uhrenankauf365.de\/uhr-verkaufen\/","logo":{"@type":"ImageObject","inLanguage":"de","@id":"https:\/\/www.uhrenankauf365.de\/uhr-verkaufen\/#\/schema\/logo\/image\/","url":"https:\/\/www.uhrenankauf365.de\/uhr-verkaufen\/wp-content\/uploads\/2020\/11\/logo_uhrenankauf.png","contentUrl":"https:\/\/www.uhrenankauf365.de\/uhr-verkaufen\/wp-content\/uploads\/2020\/11\/logo_uhrenankauf.png","width":98,"height":100,"caption":"uhrenankauf365.de, Anke Michels"},"image":{"@id":"https:\/\/www.uhrenankauf365.de\/uhr-verkaufen\/#\/schema\/logo\/image\/"}}]}},"_links":{"self":[{"href":"https:\/\/www.uhrenankauf365.de\/uhr-verkaufen\/wp-json\/wp\/v2\/pages\/1934","targetHints":{"allow":["GET"]}}],"collection":[{"href":"https:\/\/www.uhrenankauf365.de\/uhr-verkaufen\/wp-json\/wp\/v2\/pages"}],"about":[{"href":"https:\/\/www.uhrenankauf365.de\/uhr-verkaufen\/wp-json\/wp\/v2\/types\/page"}],"author":[{"embeddable":true,"href":"https:\/\/www.uhrenankauf365.de\/uhr-verkaufen\/wp-json\/wp\/v2\/users\/1"}],"replies":[{"embeddable":true,"href":"https:\/\/www.uhrenankauf365.de\/uhr-verkaufen\/wp-json\/wp\/v2\/comments?post=1934"}],"version-history":[{"count":4,"href":"https:\/\/www.uhrenankauf365.de\/uhr-verkaufen\/wp-json\/wp\/v2\/pages\/1934\/revisions"}],"predecessor-version":[{"id":1954,"href":"https:\/\/www.uhrenankauf365.de\/uhr-verkaufen\/wp-json\/wp\/v2\/pages\/1934\/revisions\/1954"}],"wp:attachment":[{"href":"https:\/\/www.uhrenankauf365.de\/uhr-verkaufen\/wp-json\/wp\/v2\/media?parent=1934"}],"curies":[{"name":"wp","href":"https:\/\/api.w.org\/{rel}","templated":true}]}}